000
CXUS53 KIWX 010810
CF6DFI
PRELIMINARY LOCAL CLIMATOLOGICAL DATA (WS FORM: F-6)
STATION: DEFIANCE MEMORIAL
MONTH: AUGUST
YEAR: 2023
LATITUDE: 41 20 N
LONGITUDE: 84 26 W
TEMPERATURE IN F: :PCPN: SNOW: WIND :SUNSHINE: SKY :PK WND
================================================================================
1 2 3 4 5 6A 6B 7 8 9 10 11 12 13 14 15 16 17 18
12Z AVG MX 2MIN
DY MAX MIN AVG DEP HDD CDD WTR SNW DPTH SPD SPD DIR MIN PSBL S-S WX SPD DR
================================================================================
1 80 56 68 -4 0 3 0.00 M M 1.2 9 280 M M 0 14 220
2 81 58 70 -2 0 5 0.00 M M 3.3 12 190 M M 0 8 16 190
3 85 58 72 0 0 7 0.00 M M 1.8 9 300 M M 0 18 13 320
4 88 62 75 3 0 10 0.00 M M 3.5 12 350 M M 1 18 16 350
5 82 62 72 0 0 7 0.05 M M 7.2 15 70 M M 3 1 22 80
6 77 67 72 0 0 7 0.90 M M 8.6 16 220 M M 10 18 26 220
7 74 64 69 -3 0 4 0.03 M M 5.1 17 340 M M 7 1 25 340
8 81 60 71 -1 0 6 0.00 M M 3.7 15 220 M M 0 22 220
9 83 60 72 0 0 7 0.22 M M 4.6 13 210 M M 2 1 19 220
10 80 64 72 0 0 7 0.00 M M 4.6 13 260 M M 5 1 22 230
11 83 61 72 0 0 7 0.09 M M 4.2 15 220 M M 4 13 23 200
12 86 64 75 4 0 10 0.00 M M 7.4 17 310 M M 2 1 24 310
13 85 61 73 2 0 8 0.00 M M 4.4 15 310 M M 2 23 300
14 77 67 72 1 0 7 0.03 M M 7.7 14 100 M M 7 13 19 110
15 72 61 67 -4 0 2 0.04 M M 7.8 16 340 M M 9 18 25 350
16 80 56 68 -3 0 3 0.00 M M 3.8 10 200 M M 2 14 200
17 77 59 68 -3 0 3 0.35 M M 9.1 22 210 M M 3 13 34 210
18 75 52 64 -7 1 0 0.00 M M 5.5 20 300 M M 1 28 300
19 78 48 63 -8 2 0 0.00 M M 2.8 10 210 M M 0 1 15 180
20 86 61 74 3 0 9 0.00 M M 3.5 9 230 M M 2 1 14 230
21 88 68 78 8 0 13 0.00 M M 4.9 12 30 M M 5 12 16 20
22 80 61 71 1 0 6 0.00 M M 6.9 13 10 M M 2 17 10
23 92 61 77 7 0 12 0.00 M M 7.9 16 230 M M 3 18 27 220
24 89 69 79 9 0 14 0.34 M M 12.0 25 100 M M 3 13 39 100
25 83 68 76 6 0 11 T M M 5.5 14 30 M M 7 13 17 30
26 82 63 73 3 0 8 0.00 M M 4.5 14 30 M M 6 12 21 20
27 76 55 66 -4 0 1 0.00 M M 5.9 15 30 M M 4 20 40
28 77 52 65 -4 0 0 0.00 M M 4.0 14 10 M M 0 19 360
29 81 50 66 -3 0 1 0.11 M M 4.4 20 330 M M 1 1 27 310
30 74 55 65 -4 0 0 0.00 M M 7.0 14 20 M M 4 21 330
31 75 46 61 -8 4 0 0.00 M M 3.6 13 60 M M 1 12 18 80
================================================================================
SM 2507 1849 7 178 2.16 M 166.4 M 96
================================================================================
AV 80.9 59.6 5.4 FASTST M M 3 MAX(MPH)
MISC ----> 25 100 39 100
================================================================================
NOTES:
# LAST OF SEVERAL OCCURRENCES
COLUMN 17 PEAK WIND IN M.P.H.
PRELIMINARY LOCAL CLIMATOLOGICAL DATA (WS FORM: F-6) , PAGE 2
STATION: DEFIANCE MEMORIAL
MONTH: AUGUST
YEAR: 2023
LATITUDE: 41 20 N
LONGITUDE: 84 26 W
[TEMPERATURE DATA] [PRECIPITATION DATA] SYMBOLS USED IN COLUMN 16
AVERAGE MONTHLY: 70.3 TOTAL FOR MONTH: 2.16 1 = FOG OR MIST
DPTR FM NORMAL: -0.5 DPTR FM NORMAL: -1.21 2 = FOG REDUCING VISIBILITY
HIGHEST: 92 ON 23 GRTST 24HR 0.94 ON 5- 6 TO 1/4 MILE OR LESS
LOWEST: 46 ON 31 3 = THUNDER
SNOW, ICE PELLETS, HAIL 4 = ICE PELLETS
TOTAL MONTH: M 5 = HAIL
GRTST 24HR M ON M 6 = FREEZING RAIN OR DRIZZLE
GRTST DEPTH: M ON M 7 = DUSTSTORM OR SANDSTORM:
VSBY 1/2 MILE OR LESS
8 = SMOKE OR HAZE
[NO. OF DAYS WITH] [WEATHER - DAYS WITH] 9 = BLOWING SNOW
X = TORNADO
MAX 32 OR BELOW: 0 0.01 INCH OR MORE: 10
MAX 90 OR ABOVE: 1 0.10 INCH OR MORE: 5
MIN 32 OR BELOW: 0 0.50 INCH OR MORE: 1
MIN 0 OR BELOW: 0 1.00 INCH OR MORE: 0
[HDD (BASE 65) ]
TOTAL THIS MO. 7 CLEAR (SCALE 0-3) 19
DPTR FM NORMAL -4 PTCLDY (SCALE 4-7) 10
TOTAL FM JUL 1 7 CLOUDY (SCALE 8-10) 2
DPTR FM NORMAL -3
[CDD (BASE 65) ]
TOTAL THIS MO. 178
DPTR FM NORMAL -14 [PRESSURE DATA]
TOTAL FM JAN 1 609 HIGHEST SLP 30.27 ON 22
DPTR FM NORMAL -52 LOWEST SLP 29.70 ON 15
[REMARKS]
#FINAL-08-23#