000
CXUS53 KDDC 061328
CLMDGC
CLIMATE REPORT
NATIONAL WEATHER SERVICE DODGE CITY, KANSAS
828 AM CDT THU JUL 06 2023
...................................
...THE DODGE CITY KS CLIMATE SUMMARY FOR THE MONTH OF JUNE 2023...
CLIMATE NORMAL PERIOD 1991 TO 2020
CLIMATE RECORD PERIOD 1875 TO 2023
WEATHER OBSERVED NORMAL DEPART LAST YEAR`S
VALUE DATE(S) VALUE FROM VALUE DATE(S)
NORMAL
................................................................
TEMPERATURE (F)
RECORD
HIGH 111 06/27/2012
LOW 36 06/02/1917
HIGHEST 97 06/27 MM MM 106 06/24
LOWEST 52 06/14 MM MM 46 06/02
AVG. MAXIMUM 83.9 88.6 -4.7 91.2
AVG. MINIMUM 60.9 61.6 -0.7 64.1
MEAN 72.4 75.1 -2.7 77.7
DAYS MAX >= 90 5 14.7 -9.7 18
DAYS MAX <= 32 0 0.0 0.0 0
DAYS MIN <= 32 0 0.0 0.0 0
DAYS MIN <= 0 0 0.0 0.0 0
PRECIPITATION (INCHES)
RECORD
MAXIMUM 11.17 1899
MINIMUM 0.12
TOTALS 6.29 3.29 3.00 1.18
DAYS >= .01 14 8.5 5.5 9
DAYS >= .10 10 5.6 4.4 4
DAYS >= .50 6 2.3 3.7 0
DAYS >= 1.00 3 1.0 2.0 0
GREATEST
24 HR. TOTAL 2.23 06/02 TO 06/03 0.38 06/06 TO 06/07
SNOWFALL (INCHES)
RECORDS
TOTAL 0.0 2018
24 HR TOTAL 0.0 06/30/2018 TO 06/30/2018
06/30/2017 TO 06/30/2017
06/30/2016 TO 06/30/2016
SNOW DEPTH 0 06/30/2018
06/30/2018
06/30/2018
TOTALS 0.0 0.0 0.0 0.0
SINCE 7/1 12.1 19.1 -7.0 MM
SNOWDEPTH AVG. 0 0
DAYS >= 1.0 0 0.0 0.0 0
GREATEST
SNOW DEPTH 0 06/30 0
24 HR TOTAL 0.0 06/30 TO 06/30 0.0
DEGREE DAYS
HEATING TOTAL 1 8 -7 15
SINCE 7/1 4738 4811 -73 4547
COOLING TOTAL 228 311 -83 403
SINCE 1/1 363 439 -76 576
................................................................
WIND (MPH)
AVERAGE WIND SPEED 9.8
RESULTANT WIND SPEED/DIRECTION 3/150
HIGHEST WIND SPEED/DIRECTION 49/280 DATE 06/15
49/220 06/27
HIGHEST GUST SPEED/DIRECTION 69/280 DATE 06/15
SKY COVER
POSSIBLE SUNSHINE (PERCENT) MM
AVERAGE SKY COVER 0.28
NUMBER OF DAYS FAIR 19
NUMBER OF DAYS PC 11
NUMBER OF DAYS CLOUDY 0
AVERAGE RH (PERCENT) 67
WEATHER CONDITIONS. NUMBER OF DAYS WITH
THUNDERSTORM 14 MIXED PRECIP 0
HEAVY RAIN 8 RAIN 8
LIGHT RAIN 20 FREEZING RAIN 0
LT FREEZING RAIN 0 HAIL 0
HEAVY SNOW 0 SNOW 0
LIGHT SNOW 0 SLEET 0
FOG 19 FOG W/VIS <= 1/4 MILE 2
HAZE 17
- INDICATES NEGATIVE NUMBERS.
R INDICATES RECORD WAS SET OR TIED.
MM INDICATES DATA IS MISSING.
T INDICATES TRACE AMOUNT.
$$