000
CXUS55 KCYS 221610
CF6DGW
PRELIMINARY LOCAL CLIMATOLOGICAL DATA (WS FORM: F-6)
STATION: CONVERSE CO (DOUGLAS) WY ARPT
MONTH: APRIL
YEAR: 2024
LATITUDE: 42 46 N
LONGITUDE: 105 22 W
TEMPERATURE IN F: :PCPN: SNOW: WIND :SUNSHINE: SKY :PK WND
================================================================================
1 2 3 4 5 6A 6B 7 8 9 10 11 12 13 14 15 16 17 18
12Z AVG MX 2MIN
DY MAX MIN AVG DEP HDD CDD WTR SNW DPTH SPD SPD DIR MIN PSBL S-S WX SPD DR
================================================================================
1 44 28 36 -5 29 0 0.01 M M 12.1 20 330 M M 8 1 27 320
2 60 28 44 3 21 0 0.00 M M 15.0 29 310 M M 1 8 38 310
3 70 34 52 10 13 0 0.00 M M 10.8 24 300 M M 2 42 280
4 74 30 52 10 13 0 0.00 M M 7.9 21 190 M M 0 30 170
5 65 42 54 12 11 0 0.00 M M 15.4 26 150 M M 0 35 150
6 46 30 38 -4 27 0 0.18 M M 21.9 33 310 M M 8 1 50 300
7 34 30 32 -10 33 0 0.27 M M 21.4 38 290 M M 10 1 55 300
8 41 25 33 -9 32 0 T M M 13.3 25 290 M M 7 32 290
9 54 21 38 -4 27 0 0.00 M M 7.4 26 290 M M 2 35 290
10 47 24 36 -6 29 0 0.01 M M 9.9 23 360 M M 7 32 330
11 59 20 40 -3 25 0 0.00 M M 5.8 22 80 M M 1 28 90
12 75 29 52 9 13 0 0.00 M M 7.3 23 260 M M 0 33 280
13 77 32 55 12 10 0 0.00 M M 7.6 24 290 M M 0 32 290
14 77 32 55 12 10 0 0.00 M M 6.9 22 210 M M 0 29 210
15 69 35 52 9 13 0 0.35 M M 16.8 41 340 M M 3 138 56 360
16 65 38 52 9 13 0 0.02 M M 18.7 38 330 M M 6 52 320
17 39 25 32 -12 33 0 T M M 11.6 21 10 M M 9 1 26 350
18 44 25 35 -9 30 0 0.00 M M 10.1 20 300 M M 6 27 320
19 41 23 32 -12 33 0 0.00 M M 7.2 17 60 M M 7 23 60
20 45 16 31 -13 34 0 0.00 M M 7.7 18 130 M M 3 24 120
21 68 19 44 0 21 0 0.00 M M 5.1 18 290 M M 0 26 290
================================================================================
SM 1194 586 470 0 0.84 M 239.9 M 80
================================================================================
AV 56.9 27.9 11.4 FASTST M M 4 MAX(MPH)
MISC ----> 41 340 56 360
================================================================================
NOTES:
# LAST OF SEVERAL OCCURRENCES
COLUMN 17 PEAK WIND IN M.P.H.
PRELIMINARY LOCAL CLIMATOLOGICAL DATA (WS FORM: F-6) , PAGE 2
STATION: CONVERSE CO (DOUGLAS) WY ARPT
MONTH: APRIL
YEAR: 2024
LATITUDE: 42 46 N
LONGITUDE: 105 22 W
[TEMPERATURE DATA] [PRECIPITATION DATA] SYMBOLS USED IN COLUMN 16
AVERAGE MONTHLY: 42.4 TOTAL FOR MONTH: 0.84 1 = FOG OR MIST
DPTR FM NORMAL: -0.3 DPTR FM NORMAL: -0.14 2 = FOG REDUCING VISIBILITY
HIGHEST: 77 ON 14,13 GRTST 24HR 0.37 ON 15-16 TO 1/4 MILE OR LESS
LOWEST: 16 ON 20 3 = THUNDER
SNOW, ICE PELLETS, HAIL 4 = ICE PELLETS
TOTAL MONTH: M 5 = HAIL
GRTST 24HR M ON M 6 = FREEZING RAIN OR DRIZZLE
GRTST DEPTH: M ON M 7 = DUSTSTORM OR SANDSTORM:
VSBY 1/2 MILE OR LESS
8 = SMOKE OR HAZE
[NO. OF DAYS WITH] [WEATHER - DAYS WITH] 9 = BLOWING SNOW
X = TORNADO
MAX 32 OR BELOW: 0 0.01 INCH OR MORE: 6
MAX 90 OR ABOVE: 0 0.10 INCH OR MORE: 3
MIN 32 OR BELOW: 17 0.50 INCH OR MORE: 0
MIN 0 OR BELOW: 0 1.00 INCH OR MORE: 0
[HDD (BASE 65) ]
TOTAL THIS MO. 470 CLEAR (SCALE 0-3) 12
DPTR FM NORMAL 0 PTCLDY (SCALE 4-7) 7
TOTAL FM JUL 1 6205 CLOUDY (SCALE 8-10) 2
DPTR FM NORMAL -434
[CDD (BASE 65) ]
TOTAL THIS MO. 0
DPTR FM NORMAL 0 [PRESSURE DATA]
TOTAL FM JAN 1 0 HIGHEST SLP M ON M
DPTR FM NORMAL 0 LOWEST SLP 29.30 ON 6
[REMARKS]