000
CXUS55 KCYS 022210 CCA
CF6DGW
PRELIMINARY LOCAL CLIMATOLOGICAL DATA (WS FORM: F-6)...CORRECTED
STATION: CONVERSE CO (DOUGLAS) WY ARPT
MONTH: FEBRUARY
YEAR: 2023
LATITUDE: 42 46 N
LONGITUDE: 105 22 W
TEMPERATURE IN F: :PCPN: SNOW: WIND :SUNSHINE: SKY :PK WND
================================================================================
1 2 3 4 5 6A 6B 7 8 9 10 11 12 13 14 15 16 17 18
12Z AVG MX 2MIN
DY MAX MIN AVG DEP HDD CDD WTR SNW DPTH SPD SPD DIR MIN PSBL S-S WX SPD DR
================================================================================
1 34 10 22 -4 43 0 0.00 M M 6.9 20 280 M M 0 26 290
2 31 7 19 -7 46 0 0.00 M M 2.0 9 340 M M 0 12 340
3 47 18 33 7 32 0 0.00 M M 9.3 24 260 M M 0 36 300
4 42 24 33 7 32 0 0.00 M M 10.2 26 240 M M 0 40 220
5 49 15 32 6 33 0 0.00 M M 8.6 26 270 M M 0 42 270
6 35 13 24 -2 41 0 0.05 M M 12.3 25 290 M M 5 12 33 320
7 38 4 21 -5 44 0 0.00 M M 3.9 15 280 M M 0 19 280
8 39 13 26 0 39 0 T M M 14.6 33 350 M M 3 1 42 350
9 27 5 16 -10 49 0 M M M 13.0 35 340 M M 5 18 46 320
10 38 -4 17 -9 48 0 0.00 M M 1.8 12 360 M M 0 13 10
11 41 6 24 -2 41 0 0.00 M M 4.0 15 320 M M 0 19 320
12 38 11 25 -1 40 0 0.00 M M 4.7 14 310 M M 0 17 310
13 48 6 27 1 38 0 0.00 M M 6.9 29 240 M M 0 40 240
14 39 11 25 -1 40 0 T M M 18.4 33 300 M M 5 1 43 300
15 16 -3 7 -20 58 0 M M M 12.7 22 340 M M 7 27 320
16 26 -6 10 -17 55 0 0.00 M M 8.2 17 300 M M 0 22 300
17 43 3 23 -4 42 0 0.00 M M 9.8 30 270 M M 0 39 280
18 42 11 27 0 38 0 0.00 M M 8.3 26 270 M M 1 35 260
19 34 21 28 1 37 0 0.00 M M 15.1 35 260 M M 3 46 250
20 42 23 33 5 32 0 0.00 M M 14.8 30 280 M M 5 38 280
21 41 7 24 -4 41 0 M M M 21.5 45 250 M M 6 1 61 240
22 7 -16 -4 -32 69 0 M M M 10.8 18 80 M M 9 8 26 110
23 0 -30 -15 -43 80 0 M M M 7.3 22 130 M M 2 18 26 130
24 22 -9 7 -22 58 0 T M M 5.3 24 140 M M 4 8 31 130
25 46 11 29 0 36 0 0.00 M M 14.0 35 260 M M 0 50 290
26 48 24 36 6 29 0 0.00 M M 12.4 32 270 M M 0 45 270
27 40 31 36 6 29 0 0.00 M M 18.7 39 270 M M 1 54 270
28 41 19 30 0 35 0 0.00 M M 17.6 43 260 M M 1 52 270
================================================================================
SM 994 225 1205 0 0.05 M 293.1 M 57
================================================================================
AV 35.5 8.0 10.5 FASTST M M 2 MAX(MPH)
MISC ----> 45 250 61 240
================================================================================
NOTES:
# LAST OF SEVERAL OCCURRENCES
COLUMN 17 PEAK WIND IN M.P.H.
PRELIMINARY LOCAL CLIMATOLOGICAL DATA (WS FORM: F-6) , PAGE 2
STATION: CONVERSE CO (DOUGLAS) WY ARPT
MONTH: FEBRUARY
YEAR: 2023
LATITUDE: 42 46 N
LONGITUDE: 105 22 W
[TEMPERATURE DATA] [PRECIPITATION DATA] SYMBOLS USED IN COLUMN 16
AVERAGE MONTHLY: 21.8 TOTAL FOR MONTH: 0.05 1 = FOG OR MIST
DPTR FM NORMAL: -5.3 DPTR FM NORMAL: -0.26 2 = FOG REDUCING VISIBILITY
HIGHEST: 49 ON 5 GRTST 24HR 0.05 ON 6- 6 TO 1/4 MILE OR LESS
LOWEST: -30 ON 23 3 = THUNDER
SNOW, ICE PELLETS, HAIL 4 = ICE PELLETS
TOTAL MONTH: M 5 = HAIL
GRTST 24HR M ON M 6 = FREEZING RAIN OR DRIZZLE
GRTST DEPTH: M ON M 7 = DUSTSTORM OR SANDSTORM:
VSBY 1/2 MILE OR LESS
8 = SMOKE OR HAZE
[NO. OF DAYS WITH] [WEATHER - DAYS WITH] 9 = BLOWING SNOW
X = TORNADO
MAX 32 OR BELOW: 7 0.01 INCH OR MORE: 1
MAX 90 OR ABOVE: 0 0.10 INCH OR MORE: 0
MIN 32 OR BELOW: 28 0.50 INCH OR MORE: 0
MIN 0 OR BELOW: 6 1.00 INCH OR MORE: 0
[HDD (BASE 65) ]
TOTAL THIS MO. 1205 CLEAR (SCALE 0-3) 19
DPTR FM NORMAL 144 PTCLDY (SCALE 4-7) 8
TOTAL FM JUL 1 5611 CLOUDY (SCALE 8-10) 1
DPTR FM NORMAL 327
[CDD (BASE 65) ]
TOTAL THIS MO. 0
DPTR FM NORMAL 0 [PRESSURE DATA]
TOTAL FM JAN 1 0 HIGHEST SLP 30.59 ON 9
DPTR FM NORMAL 0 LOWEST SLP 29.23 ON 14
[REMARKS]
#FINAL-02-23#
INVALIDATED ASOS PRECIPITATION FOR FEBRUARY 9, 15, 21-23. ASOS
MEASUREMENT OF TRACE DID NOT ALIGN WITH NEARBY COCORAHS REPORTS OF
SIGNIFICANT ACCUMULATING SNOW ON EACH OF THESE DAYS.