000
CXUS55 KCYS 050642
CLADGW
CLIMATE REPORT
NATIONAL WEATHER SERVICE CHEYENNE WY
1142 PM MST THU JAN 04 2024
...................................
...THE CONVERSE CO (DOUGLAS) WY ARPT CLIMATE SUMMARY FOR THE YEAR OF 2023...
CLIMATE NORMAL PERIOD 1991 TO 2020
CLIMATE RECORD PERIOD 1998 TO 2023
WEATHER OBSERVED NORMAL DEPART LAST YEAR`S
VALUE DATE(S) VALUE FROM VALUE DATE(S)
NORMAL
................................................................
TEMPERATURE (F)
RECORD
HIGH 105 07/29/2006
07/18/2006
07/16/2005
LOW -33 01/27/2009
02/18/2006
HIGHEST 100 07/23 MM MM 102 07/18
LOWEST -30 01/30 MM MM -29 12/22
02/23
AVG. MAXIMUM 59.9 61.1 -1.2 61.7
AVG. MINIMUM 31.3 31.5 -0.2 30.1
MEAN 45.6 46.3 -0.7 45.9
DAYS MAX >= 90 33 43.3 -10.3 59
DAYS MAX <= 32 40 36.7 3.3 38
DAYS MIN <= 32 187 188.9 -1.9 207
DAYS MIN <= 0 12 18.2 -6.2 26
PRECIPITATION (INCHES)
RECORD
MAXIMUM 13.90 2023
MINIMUM 2.77 2022
TOTALS MM 11.22 MM MM
DAILY AVG. 0.04 0.03 0.01 0.01
DAYS >= .01 71 83.9 -12.9 41
DAYS >= .10 35 30.1 4.9 10
DAYS >= .50 9 4.7 4.3 0
DAYS >= 1.00 2 0.4 1.6 0
GREATEST
24 HR. TOTAL 2.34 10/11 TO 10/12 0.30
STORM TOTAL 2.66 0.30
(MM/DD(HH)) 10/11 TO 10/13
DEGREE DAYS
HEATING TOTAL 7347 7303 44 7548
SINCE 7/1 2640 3009 -369 MM
COOLING TOTAL 414 512 -98 713
SINCE 1/1 414 512 -98 MM
................................................................
WIND (MPH)
AVERAGE WIND SPEED 9.4
HIGHEST WIND SPEED/DIRECTION 52/270 DATE 04/19
HIGHEST GUST SPEED/DIRECTION 67/270 DATE 04/19
SKY COVER
POSSIBLE SUNSHINE (PERCENT) MM
AVERAGE SKY COVER 0.28
NUMBER OF DAYS FAIR 249
NUMBER OF DAYS PC 68
NUMBER OF DAYS CLOUDY 48
AVERAGE RH (PERCENT) 62
WEATHER CONDITIONS. NUMBER OF DAYS WITH
THUNDERSTORM 60 MIXED PRECIP 0
HEAVY RAIN 18 RAIN 31
LIGHT RAIN 77 FREEZING RAIN 0
LT FREEZING RAIN 0 HAIL 0
HEAVY SNOW 5 SNOW 14
LIGHT SNOW 60 SLEET 0
FOG 107 FOG W/VIS <= 1/4 MILE 21
HAZE 42
- INDICATES NEGATIVE NUMBERS.
R INDICATES RECORD WAS SET OR TIED.
MM INDICATES DATA IS MISSING.
T INDICATES TRACE AMOUNT.
$$