000
CXUS52 KTAE 010900
CF6DHN
PRELIMINARY LOCAL CLIMATOLOGICAL DATA (WS FORM: F-6)
STATION: DOTHAN
MONTH: DECEMBER
YEAR: 2020
LATITUDE: 31 19 N
LONGITUDE: 85 27 W
TEMPERATURE IN F: :PCPN: SNOW: WIND :SUNSHINE: SKY :PK WND
================================================================================
1 2 3 4 5 6A 6B 7 8 9 10 11 12 13 14 15 16 17 18
12Z AVG MX 2MIN
DY MAX MIN AVG DEP HDD CDD WTR SNW DPTH SPD SPD DIR MIN PSBL S-S WX SPD DR
================================================================================
1 51 29 40 -14 25 0 0.00 0.0 0 8.1 17 300 M M 0 23 290
2 60 29 45 -9 20 0 0.00 0.0 0 4.8 16 30 M M 0 20 40
3 59 38 49 -5 16 0 0.00 0.0 M 5.7 10 140 M M 0 13 100
4 67 42 55 1 10 0 0.22 0.0 M 9.5 25 310 M M 4 1 31 320
5 63 37 50 -3 15 0 0.00 0.0 M 7.5 18 340 M M 0 23 10
6 65 44 55 2 10 0 0.03 0.0 M 4.3 10 280 M M 4 1 13 290
7 57 38 48 -5 17 0 0.01 0.0 M 11.6 24 310 M M 3 30 310
8 57 31 44 -9 21 0 0.00 0.0 M 8.4 20 320 M M 0 24 330
9 68 34 51 -1 14 0 0.00 0.0 M 4.7 16 250 M M 0 20 240
10 72 39 56 4 9 0 0.00 0.0 M 2.6 9 250 M M 0 1 13 240
11 71 40 56 4 9 0 0.00 0.0 M 3.2 12 210 M M 1 1 13 210
12 76 53 65 13 0 0 0.00 0.0 M 9.3 21 190 M M 4 24 170
13 72 64 68 16 0 3 0.02 M M 5.4 15 180 M M 9 12 20 180
14 71 43 57 6 8 0 0.12 M M 14.7 33 280 M M 6 1 45 300
15 63 39 51 0 14 0 T M M 6.5 14 80 M M 5 19 90
16 51 47 49 -2 16 0 0.05 0.0 M 8.3 16 300 M M 10 1 19 300
17 47 30 39 -12 26 0 0.00 0.0 M 10.7 18 310 M M 8 21 320
18 58 29 44 -7 21 0 0.00 0.0 M 5.1 10 360 M M 0 14 40
19 59 31 45 -5 20 0 0.00 0.0 M 5.2 14 90 M M 1 17 90
20 58 50 54 4 11 0 0.10 0.0 0 7.6 15 140 M M 10 1 19 120
21 64 45 55 5 10 0 0.00 0.0 0 6.5 16 310 M M 4 1 19 280
22 71 40 56 6 9 0 0.00 0.0 M 3.8 15 20 M M 0 19 20
23 70 39 55 5 10 0 0.00 0.0 M 7.7 15 150 M M 1 18 140
24 64 35 50 0 15 0 1.73 0.0 M 14.7 31 300 M M 6 13 36 300
25 45 29 37 -13 28 0 0.00 0.0 M 10.0 28 300 M M 0 33 300
26 52 26 39 -11 26 0 0.00 0.0 M 3.5 10 330 M M 0 13 320
27 61 28 45 -4 20 0 0.00 0.0 0 1.8 8 130 M M 0 12 140
28 68 32 50 1 15 0 0.00 0.0 0 1.9 7 330 M M 0 9 340
29 68 38 53 4 12 0 0.00 0.0 M 5.5 10 90 M M 0 15 80
30 73 50 62 13 3 0 0.00 0.0 M 6.7 18 150 M M 7 23 160
31 75 55 65 16 0 0 0.05 0.0 M 8.0 16 150 M M 9 1 22 150
================================================================================
SM 1956 1204 430 3 2.33 0.0 213.3 M 92
================================================================================
AV 63.1 38.8 6.9 FASTST M M 3 MAX(MPH)
MISC ----> 33 280 45 300
================================================================================
NOTES:
# LAST OF SEVERAL OCCURRENCES
COLUMN 17 PEAK WIND IN M.P.H.
PRELIMINARY LOCAL CLIMATOLOGICAL DATA (WS FORM: F-6) , PAGE 2
STATION: DOTHAN
MONTH: DECEMBER
YEAR: 2020
LATITUDE: 31 19 N
LONGITUDE: 85 27 W
[TEMPERATURE DATA] [PRECIPITATION DATA] SYMBOLS USED IN COLUMN 16
AVERAGE MONTHLY: 51.0 TOTAL FOR MONTH: 2.33 1 = FOG OR MIST
DPTR FM NORMAL: -0.3 DPTR FM NORMAL: -2.06 2 = FOG REDUCING VISIBILITY
HIGHEST: 76 ON 12 GRTST 24HR 1.73 ON 24-24 TO 1/4 MILE OR LESS
LOWEST: 26 ON 26 3 = THUNDER
SNOW, ICE PELLETS, HAIL 4 = ICE PELLETS
TOTAL MONTH: 0.0 INCH 5 = HAIL
GRTST 24HR 0.0 6 = FREEZING RAIN OR DRIZZLE
GRTST DEPTH: 0 7 = DUSTSTORM OR SANDSTORM:
VSBY 1/2 MILE OR LESS
8 = SMOKE OR HAZE
[NO. OF DAYS WITH] [WEATHER - DAYS WITH] 9 = BLOWING SNOW
X = TORNADO
MAX 32 OR BELOW: 0 0.01 INCH OR MORE: 9
MAX 90 OR ABOVE: 0 0.10 INCH OR MORE: 4
MIN 32 OR BELOW: 10 0.50 INCH OR MORE: 1
MIN 0 OR BELOW: 0 1.00 INCH OR MORE: 1
[HDD (BASE 65) ]
TOTAL THIS MO. 430 CLEAR (SCALE 0-3) 18
DPTR FM NORMAL -6 PTCLDY (SCALE 4-7) 9
TOTAL FM JUL 1 539 CLOUDY (SCALE 8-10) 4
DPTR FM NORMAL -174
[CDD (BASE 65) ]
TOTAL THIS MO. 3
DPTR FM NORMAL -7 [PRESSURE DATA]
TOTAL FM JAN 1 3031 HIGHEST SLP 30.46 ON 18
DPTR FM NORMAL 629 LOWEST SLP 29.75 ON 24
[REMARKS]
#FINAL-12-20#