170
CXUS52 KTAE 010900
CF6DHN
PRELIMINARY LOCAL CLIMATOLOGICAL DATA (WS FORM: F-6)
STATION: DOTHAN
MONTH: OCTOBER
YEAR: 2020
LATITUDE: 31 19 N
LONGITUDE: 85 27 W
TEMPERATURE IN F: :PCPN: SNOW: WIND :SUNSHINE: SKY :PK WND
================================================================================
1 2 3 4 5 6A 6B 7 8 9 10 11 12 13 14 15 16 17 18
12Z AVG MX 2MIN
DY MAX MIN AVG DEP HDD CDD WTR SNW DPTH SPD SPD DIR MIN PSBL S-S WX SPD DR
================================================================================
1 83 54 69 -3 0 4 0.00 0.0 M 4.2 10 360 M M 0 14 350
2 76 53 65 -7 0 0 0.00 0.0 M 7.9 16 340 M M 0 22 350
3 79 48 64 -8 1 0 0.00 0.0 M 6.2 14 40 M M 0 18 30
4 76 52 64 -7 1 0 0.00 0.0 M 6.3 14 70 M M 0 17 60
5 82 52 67 -4 0 2 0.00 0.0 0 6.6 15 70 M M 2 19 40
6 82 66 74 3 0 9 0.00 0.0 0 7.1 14 80 M M 7 17 80
7 92 68 80 10 0 15 0.00 0.0 M 4.7 10 40 M M 3 1 13 60
8 90 70 80 10 0 15 0.08 0.0 M 4.5 10 150 M M 4 3 13 130
9 85 74 80 10 0 15 0.10 0.0 M 6.6 13 100 M M 6 1 18 110
10 86 75 81 12 0 16 0.18 0.0 M 12.6 24 200 M M 9 1 32 180
11 81 69 75 6 0 10 T 0.0 M 8.3 21 220 M M 7 26 220
12 84 67 76 7 0 11 0.00 0.0 M 4.8 12 310 M M 5 1 15 310
13 87 64 76 8 0 11 0.00 0.0 M 6.9 15 310 M M 3 12 19 330
14 84 55 70 2 0 5 0.00 0.0 M 3.4 9 90 M M 0 13 150
15 86 61 74 6 0 9 0.00 0.0 M 2.7 13 250 M M 2 1 18 250
16 78 57 68 1 0 3 0.00 0.0 M 8.0 18 340 M M 2 1 23 340
17 77 47 62 -5 3 0 0.00 0.0 M 7.2 16 50 M M 0 20 60
18 84 56 70 3 0 5 0.00 0.0 M 6.6 12 80 M M 1 15 70
19 84 61 73 7 0 8 0.00 0.0 M 6.8 14 100 M M 1 18 80
20 87 64 76 10 0 11 0.00 0.0 M 8.0 15 90 M M 3 20 70
21 83 68 76 10 0 11 0.00 0.0 M 7.0 14 70 M M 4 1 18 70
22 87 68 78 12 0 13 0.00 0.0 M 7.5 13 90 M M 3 1 17 120
23 87 68 78 13 0 13 0.00 0.0 M 5.4 12 90 M M 3 16 40
24 77 67 72 7 0 7 0.29 0.0 M 3.9 15 290 M M 6 13 19 290
25 78 64 71 6 0 6 0.00 0.0 M 1.6 8 340 M M 8 12 10 310
26 85 62 74 10 0 9 0.00 0.0 M 4.3 9 120 M M 5 12 13 80
27 79 71 75 11 0 10 0.15 0.0 M 8.1 14 90 M M 10 1 19 80
28 86 75 81 17 0 16 0.00 0.0 M 11.0 25 160 M M 7 40 150
29 85 57 71 7 0 6 0.51 0.0 M 16.2 29 170 M M 5 1 38 170
30 69 48 59 -4 6 0 0.00 0.0 M 11.0 21 350 M M 3 28 330
31 75 47 61 -2 4 0 0.00 0.0 M 6.5 13 80 M M 4 17 90
================================================================================
SM 2554 1908 15 240 1.31 0.0 211.9 M 113
================================================================================
AV 82.4 61.5 6.8 FASTST M M 4 MAX(MPH)
MISC ----> 29 170 40 150
================================================================================
NOTES:
# LAST OF SEVERAL OCCURRENCES
COLUMN 17 PEAK WIND IN M.P.H.
PRELIMINARY LOCAL CLIMATOLOGICAL DATA (WS FORM: F-6) , PAGE 2
STATION: DOTHAN
MONTH: OCTOBER
YEAR: 2020
LATITUDE: 31 19 N
LONGITUDE: 85 27 W
[TEMPERATURE DATA] [PRECIPITATION DATA] SYMBOLS USED IN COLUMN 16
AVERAGE MONTHLY: 72.0 TOTAL FOR MONTH: 1.31 1 = FOG OR MIST
DPTR FM NORMAL: 4.5 DPTR FM NORMAL: -2.10 2 = FOG REDUCING VISIBILITY
HIGHEST: 92 ON 7 GRTST 24HR 0.51 ON 29-29 TO 1/4 MILE OR LESS
LOWEST: 47 ON 31,17 3 = THUNDER
SNOW, ICE PELLETS, HAIL 4 = ICE PELLETS
TOTAL MONTH: 0.0 INCH 5 = HAIL
GRTST 24HR 0.0 6 = FREEZING RAIN OR DRIZZLE
GRTST DEPTH: 0 7 = DUSTSTORM OR SANDSTORM:
VSBY 1/2 MILE OR LESS
8 = SMOKE OR HAZE
[NO. OF DAYS WITH] [WEATHER - DAYS WITH] 9 = BLOWING SNOW
X = TORNADO
MAX 32 OR BELOW: 0 0.01 INCH OR MORE: 6
MAX 90 OR ABOVE: 2 0.10 INCH OR MORE: 5
MIN 32 OR BELOW: 0 0.50 INCH OR MORE: 1
MIN 0 OR BELOW: 0 1.00 INCH OR MORE: 0
[HDD (BASE 65) ]
TOTAL THIS MO. 15 CLEAR (SCALE 0-3) 14
DPTR FM NORMAL -42 PTCLDY (SCALE 4-7) 15
TOTAL FM JUL 1 17 CLOUDY (SCALE 8-10) 2
DPTR FM NORMAL -41
[CDD (BASE 65) ]
TOTAL THIS MO. 240
DPTR FM NORMAL 105 [PRESSURE DATA]
TOTAL FM JAN 1 2930 HIGHEST SLP 30.29 ON 31
DPTR FM NORMAL 567 LOWEST SLP 29.71 ON 29
[REMARKS]
#FINAL-10-20#