000
CXUS54 KAMA 011145
CLMDHT
CLIMATE REPORT
NATIONAL WEATHER SERVICE AMARILLO
645 AM CDT THU JUN 01 2023
...................................
...THE DALHART CLIMATE SUMMARY FOR THE MONTH OF MAY 2023...
CLIMATE NORMAL PERIOD: 1991 TO 2020
CLIMATE RECORD PERIOD: 1948 TO 2023
WEATHER OBSERVED NORMAL DEPART LAST YEAR`S
VALUE DATE(S) VALUE FROM VALUE DATE(S)
NORMAL
................................................................
TEMPERATURE (F)
RECORD
HIGH 102 05/29/2011
05/26/2006
05/15/1996
LOW 25 05/03/2013
HIGHEST 93 05/09 99 05/28
LOWEST 41 05/01 37 05/03
05/05
AVG. MAXIMUM 78.7 80.2 -1.5 84.2
AVG. MINIMUM 51.8 49.7 2.1 49.5
MEAN 65.3 64.9 0.4 66.9
DAYS MAX >= 90 2 5.5 -3.5 12
DAYS MAX <= 32 0 0.0 0.0 0
DAYS MIN <= 32 0 0.5 -0.5 0
DAYS MIN <= 0 0 0.0 0.0 0
PRECIPITATION (INCHES)
TOTALS 6.62 1.69 4.93 2.22
DAILY AVG. 0.21 0.05 0.16 0.07
DAYS >= .01 16 6.4 9.6 5
DAYS >= .10 10 3.4 6.6 5
DAYS >= .50 5 1.0 4.0 2
DAYS >= 1.00 3 0.4 2.6 0
GREATEST
24 HR. TOTAL 1.53 05/25 TO 05/26
SNOWFALL (INCHES)
TOTALS MM 0.0 MM MM
SINCE 7/1 MM 20.3 MM MM
DAYS >= TRACE 0 0.1 -0.1
DAYS >= 1.0 0 0.0 0.0 MM
GREATEST
SNOW DEPTH MM
24 HR TOTAL MM
DEGREE DAYS
HEATING TOTAL 42 97 -55 85
SINCE 7/1 4312 4361 -49 MM
COOLING TOTAL 57 96 -39 151
SINCE 1/1 74 107 -33 MM
................................................................
WIND (MPH)
AVERAGE WIND SPEED 12.4
HIGHEST WIND SPEED/DIRECTION 51/150 DATE 05/10
HIGHEST GUST SPEED/DIRECTION 61/150 DATE 05/10
SKY COVER
POSSIBLE SUNSHINE (PERCENT) MM
NUMBER OF DAYS FAIR 20
NUMBER OF DAYS PC 8
NUMBER OF DAYS CLOUDY 3
AVERAGE RH (PERCENT) 63
WEATHER CONDITIONS. NUMBER OF DAYS WITH
THUNDERSTORM 13 MIXED PRECIP 0
HEAVY RAIN 8 RAIN 10
LIGHT RAIN 18 FREEZING RAIN 0
LT FREEZING RAIN 0 HEAVY SNOW 0
SNOW 0 LIGHT SNOW 0
SLEET 0 FOG 18
FOG W/VIS <= 1/4 MILE 3 HAZE 13
- INDICATES NEGATIVE NUMBERS.
R INDICATES RECORD WAS SET OR TIED.
MM INDICATES DATA IS MISSING.
T INDICATES TRACE AMOUNT.
$$