000
CXUS53 KEAX 040436 RRA
CLSDMO
STLCLSWS4 000
TTAA00 EAX 040432
CLIMATE REPORT
NATIONAL WEATHER SERVICE
1132 PM CDT THU SEP 03 2020
...................................
...THE SEDALIA MO CLIMATE SUMMARY FOR THE SEASON, FROM
6/1/2020 TO 8/31/2020...
CLIMATE NORMAL PERIOD: 1981 TO 2010
CLIMATE RECORD PERIOD: 9999 TO 9999
WEATHER OBSERVED NORMAL DEPART LAST YEAR`S
VALUE DATE(S) VALUE FROM VALUE DATE(S)
NORMAL
................................................................
TEMPERATURE (F)
HIGHEST 95 07/18 98 -3 92 08/20
08/25
08/12
07/20
LOWEST 54 08/04 49 5 49 06/13
08/20
AVG. MAXIMUM 86.7 87.7 -1.0 82.5
AVG. MINIMUM 66.9 67.1 -0.2 64.3
MEAN 76.8 77.4 -0.6 73.4
DAYS MAX >= 90 27 29.7 -2.7 7
DAYS MAX <= 32 0 0.0 0.0 0
DAYS MIN <= 32 0 0.0 0.0 0
DAYS MIN <= 0 0 0.0 0.0 0
PRECIPITATION (INCHES)
TOTALS MM 12.79 MM 16.47
DAILY AVG. 0.12 0.14 -0.02 0.19
DAYS >= .01 24 26.6 -2.6 31
DAYS >= .10 18 18.1 -0.1 22
DAYS >= .50 9 8.9 0.1 12
DAYS >= 1.00 2 4.0 -2.0 6
GREATEST
24 HR. TOTAL 2.38
DEGREE DAYS
HEATING TOTAL 0 7 -7 8
COOLING TOTAL 1115 1146 -31 804
................................................................
WIND (MPH)
AVERAGE WIND SPEED 6.8
HIGHEST WIND SPEED/DIRECTION 38/100 DATE 06/03
HIGHEST GUST SPEED/DIRECTION 65/330 DATE 06/04
SKY COVER
POSSIBLE SUNSHINE (PERCENT) MM
AVERAGE SKY COVER 0.19
NUMBER OF DAYS FAIR 73
NUMBER OF DAYS PC 18
NUMBER OF DAYS CLOUDY 1
AVERAGE RH (PERCENT) 72
WEATHER CONDITIONS. NUMBER OF DAYS WITH
THUNDERSTORM 27 MIXED PRECIP 0
HEAVY RAIN 17 RAIN 19
LIGHT RAIN 30 FREEZING RAIN 0
LT FREEZING RAIN 0 HAIL 0
HEAVY SNOW 0 SNOW 0
LIGHT SNOW 0 SLEET 0
FOG 38 FOG W/VIS <= 1/4 MILE 5
HAZE 4
- INDICATES NEGATIVE NUMBERS.
R INDICATES RECORD WAS SET OR TIED.
MM INDICATES DATA IS MISSING.
T INDICATES TRACE AMOUNT.
$$