000
CXUS52 KCAE 181400
CF6DNL
PRELIMINARY LOCAL CLIMATOLOGICAL DATA (WS FORM: F-6)
STATION: AUGUSTA DANIEL FIELD GA
MONTH: MARCH
YEAR: 2024
LATITUDE: 33 28 N
LONGITUDE: 82 2 W
TEMPERATURE IN F: :PCPN: SNOW: WIND :SUNSHINE: SKY :PK WND
================================================================================
1 2 3 4 5 6A 6B 7 8 9 10 11 12 13 14 15 16 17 18
12Z AVG MX 2MIN
DY MAX MIN AVG DEP HDD CDD WTR SNW DPTH SPD SPD DIR MIN PSBL S-S WX SPD DR
================================================================================
1 49 42 46 -10 19 0 0.35 M M 8.7 16 10 M M 10 1 25 350
2 66 44 55 -1 10 0 0.07 M M 2.8 10 360 M M 9 1 15 350
3 63 56 60 4 5 0 0.00 M M 3.8 8 60 M M 10 12 11 10
4 M M M M M M M M M M M M M M M M M
5 72 53 63 7 2 0 0.05 M M 5.5 13 110 M M 5 1 17 110
6 72 57 65 8 0 0 1.60 M M 6.2 13 290 M M 9 13 26 260
7 76 56 66 9 0 1 0.00 M M 5.2 12 30 M M 5 16 10
8 67 56 62 5 3 0 0.10 M M 8.6 17 130 M M 5 1 28 130
9 76 55 66 9 0 1 0.67 M M 11.3 23 210 M M 7 1 38 230
10 65 47 56 -2 9 0 0.00 M M 11.0 20 300 M M 0 31 300
11 65 38 52 -6 13 0 0.00 M M 3.6 10 310 M M 0 18 310
12 74 46 60 2 5 0 0.00 M M 3.7 13 220 M M 0 20 200
13 77 50 64 6 1 0 0.00 M M 2.6 13 210 M M 0 20 210
14 83 52 68 9 0 3 0.00 M M 2.6 12 200 M M 0 17 200
15 74 57 66 7 0 1 0.02 M M 6.1 15 210 M M 3 38 23 250
16 80 60 70 11 0 5 0.00 M M 5.9 13 230 M M 1 22 200
17 71 56 64 5 1 0 0.12 M M 5.0 12 250 M M 4 1 21 240
================================================================================
SM 1130 825 68 11 2.98 M 92.6 M 68
================================================================================
AV 70.6 51.6 5.8 FASTST M M 4 MAX(MPH)
MISC ----> 23 210 38 230
================================================================================
NOTES:
# LAST OF SEVERAL OCCURRENCES
COLUMN 17 PEAK WIND IN M.P.H.
PRELIMINARY LOCAL CLIMATOLOGICAL DATA (WS FORM: F-6) , PAGE 2
STATION: AUGUSTA DANIEL FIELD GA
MONTH: MARCH
YEAR: 2024
LATITUDE: 33 28 N
LONGITUDE: 82 2 W
[TEMPERATURE DATA] [PRECIPITATION DATA] SYMBOLS USED IN COLUMN 16
AVERAGE MONTHLY: 61.1 TOTAL FOR MONTH: 2.98 1 = FOG OR MIST
DPTR FM NORMAL: 3.7 DPTR FM NORMAL: 0.83 2 = FOG REDUCING VISIBILITY
HIGHEST: 83 ON 14 GRTST 24HR 1.65 ON 5- 6 TO 1/4 MILE OR LESS
LOWEST: 38 ON 11 3 = THUNDER
SNOW, ICE PELLETS, HAIL 4 = ICE PELLETS
TOTAL MONTH: M 5 = HAIL
GRTST 24HR M ON M 6 = FREEZING RAIN OR DRIZZLE
GRTST DEPTH: M ON M 7 = DUSTSTORM OR SANDSTORM:
VSBY 1/2 MILE OR LESS
8 = SMOKE OR HAZE
[NO. OF DAYS WITH] [WEATHER - DAYS WITH] 9 = BLOWING SNOW
X = TORNADO
MAX 32 OR BELOW: 0 0.01 INCH OR MORE: 8
MAX 90 OR ABOVE: 0 0.10 INCH OR MORE: 5
MIN 32 OR BELOW: 0 0.50 INCH OR MORE: 2
MIN 0 OR BELOW: 0 1.00 INCH OR MORE: 1
[HDD (BASE 65) ]
TOTAL THIS MO. 68 CLEAR (SCALE 0-3) 7
DPTR FM NORMAL -76 PTCLDY (SCALE 4-7) 5
TOTAL FM JUL 1 1573 CLOUDY (SCALE 8-10) 4
DPTR FM NORMAL -167
[CDD (BASE 65) ]
TOTAL THIS MO. 11
DPTR FM NORMAL -6 [PRESSURE DATA]
TOTAL FM JAN 1 26 HIGHEST SLP M ON M
DPTR FM NORMAL -4 LOWEST SLP 29.69 ON 6
[REMARKS]