000
CXUS52 KCAE 011400
CF6DNL
PRELIMINARY LOCAL CLIMATOLOGICAL DATA (WS FORM: F-6)
STATION: AUGUSTA DANIEL FIELD GA
MONTH: MARCH
YEAR: 2023
LATITUDE: 33 28 N
LONGITUDE: 82 2 W
TEMPERATURE IN F: :PCPN: SNOW: WIND :SUNSHINE: SKY :PK WND
================================================================================
1 2 3 4 5 6A 6B 7 8 9 10 11 12 13 14 15 16 17 18
12Z AVG MX 2MIN
DY MAX MIN AVG DEP HDD CDD WTR SNW DPTH SPD SPD DIR MIN PSBL S-S WX SPD DR
================================================================================
1 77 56 67 11 0 2 0.00 M M 4.4 16 200 M M 3 18 20 210
2 72 64 68 12 0 3 0.04 M M 6.2 16 210 M M 8 1 22 310
3 81 62 72 16 0 7 0.13 M M 11.4 31 200 M M 8 1 41 190
4 77 58 68 12 0 3 0.00 M M 7.0 14 300 M M 1 18 310
5 73 53 63 7 2 0 0.00 M M 7.1 14 70 M M 0 18 70
6 78 53 66 9 0 1 0.00 M M 4.6 10 210 M M 2 8 14 220
7 82 61 72 15 0 7 0.00 M M 8.0 18 310 M M 0 25 340
8 69 47 58 1 7 0 0.00 M M 7.2 18 40 M M 1 25 50
9 71 53 62 5 3 0 T M M 4.9 13 210 M M 8 16 220
10 64 51 58 0 7 0 0.35 M M 5.6 12 290 M M 7 1 18 270
11 62 41 52 -6 13 0 0.00 M M 4.7 10 300 M M 0 17 280
12 53 44 49 -9 16 0 0.94 M M 8.2 18 70 M M 10 1 24 40
13 64 43 54 -4 11 0 0.00 M M 6.5 13 300 M M 6 1 20 290
14 56 35 46 -13 19 0 0.00 M M 6.7 16 320 M M 0 22 330
15 60 30 45 -14 20 0 0.00 M M 3.8 10 330 M M 0 19 320
16 70 36 53 -6 12 0 0.00 M M 4.4 15 200 M M 0 22 210
17 72 49 61 2 4 0 0.56 M M 8.4 24 190 M M 5 1 32 180
18 60 43 52 -8 13 0 0.03 M M 7.8 16 320 M M 5 1 22 310
19 54 40 47 -13 18 0 0.00 M M 7.4 14 310 M M 0 21 340
20 57 32 45 -15 20 0 0.00 M M 6.0 13 10 M M 0 18 20
21 64 35 50 -10 15 0 0.00 M M 4.8 14 120 M M 0 17 60
22 63 49 56 -5 9 0 T M M 4.6 12 140 M M 8 18 16 140
23 83 58 71 10 0 6 0.00 M M 6.2 17 210 M M 4 12 24 210
24 85 57 71 10 0 6 0.00 M M 7.1 18 210 M M 0 26 220
25 78 59 69 8 0 4 0.36 M M 8.6 16 190 M M 2 13 22 330
26 71 61 66 4 0 1 1.91 M M 5.2 17 310 M M 7 13 23 340
27 68 63 66 4 0 1 0.94 M M 6.4 20 310 M M 8 13 30 310
28 76 59 68 6 0 3 0.00 M M 4.9 14 200 M M 3 12 18 310
29 63 49 56 -6 9 0 0.00 M M 5.1 17 30 M M 0 24 50
30 73 44 59 -4 6 0 0.00 M M 3.1 13 160 M M 0 1 19 140
31 82 51 67 4 0 2 0.00 M M 8.5 20 170 M M 1 26 180
================================================================================
SM 2158 1536 204 46 5.26 M 194.8 M 97
================================================================================
AV 69.6 49.5 6.3 FASTST M M 3 MAX(MPH)
MISC ----> 31 200 41 190
================================================================================
NOTES:
# LAST OF SEVERAL OCCURRENCES
COLUMN 17 PEAK WIND IN M.P.H.
PRELIMINARY LOCAL CLIMATOLOGICAL DATA (WS FORM: F-6) , PAGE 2
STATION: AUGUSTA DANIEL FIELD GA
MONTH: MARCH
YEAR: 2023
LATITUDE: 33 28 N
LONGITUDE: 82 2 W
[TEMPERATURE DATA] [PRECIPITATION DATA] SYMBOLS USED IN COLUMN 16
AVERAGE MONTHLY: 59.6 TOTAL FOR MONTH: 5.26 1 = FOG OR MIST
DPTR FM NORMAL: 0.4 DPTR FM NORMAL: 1.28 2 = FOG REDUCING VISIBILITY
HIGHEST: 85 ON 24 GRTST 24HR 2.17 ON 26-27 TO 1/4 MILE OR LESS
LOWEST: 30 ON 15 3 = THUNDER
SNOW, ICE PELLETS, HAIL 4 = ICE PELLETS
TOTAL MONTH: M 5 = HAIL
GRTST 24HR M ON M 6 = FREEZING RAIN OR DRIZZLE
GRTST DEPTH: M ON M 7 = DUSTSTORM OR SANDSTORM:
VSBY 1/2 MILE OR LESS
8 = SMOKE OR HAZE
[NO. OF DAYS WITH] [WEATHER - DAYS WITH] 9 = BLOWING SNOW
X = TORNADO
MAX 32 OR BELOW: 0 0.01 INCH OR MORE: 9
MAX 90 OR ABOVE: 0 0.10 INCH OR MORE: 7
MIN 32 OR BELOW: 2 0.50 INCH OR MORE: 4
MIN 0 OR BELOW: 0 1.00 INCH OR MORE: 1
[HDD (BASE 65) ]
TOTAL THIS MO. 204 CLEAR (SCALE 0-3) 19
DPTR FM NORMAL -14 PTCLDY (SCALE 4-7) 11
TOTAL FM JUL 1 1558 CLOUDY (SCALE 8-10) 1
DPTR FM NORMAL -256
[CDD (BASE 65) ]
TOTAL THIS MO. 46
DPTR FM NORMAL 8 [PRESSURE DATA]
TOTAL FM JAN 1 85 HIGHEST SLP 30.44 ON 21
DPTR FM NORMAL 34 LOWEST SLP 29.50 ON 3
[REMARKS]
#FINAL-03-23#