000
CXUS52 KCAE 011400
CF6DNL
PRELIMINARY LOCAL CLIMATOLOGICAL DATA (WS FORM: F-6)
STATION: AUGUSTA DANIEL FIELD GA
MONTH: OCTOBER
YEAR: 2022
LATITUDE: 33 28 N
LONGITUDE: 82 2 W
TEMPERATURE IN F: :PCPN: SNOW: WIND :SUNSHINE: SKY :PK WND
================================================================================
1 2 3 4 5 6A 6B 7 8 9 10 11 12 13 14 15 16 17 18
12Z AVG MX 2MIN
DY MAX MIN AVG DEP HDD CDD WTR SNW DPTH SPD SPD DIR MIN PSBL S-S WX SPD DR
================================================================================
1 75 60 68 -6 0 3 T M M 3.5 12 330 M M 9 16 330
2 77 59 68 -5 0 3 0.00 M M 6.8 16 50 M M 9 21 50
3 71 57 64 -9 1 0 0.00 M M 6.7 16 50 M M 7 23 40
4 77 50 64 -8 1 0 0.00 M M 4.7 15 340 M M 0 22 330
5 80 52 66 -6 0 1 0.00 M M 4.3 10 310 M M 0 16 310
6 84 53 69 -3 0 4 0.00 M M 1.1 9 320 M M 0 13 320
7 88 56 72 1 0 7 0.00 M M 2.6 12 310 M M 0 15 280
8 83 63 73 2 0 8 0.00 M M 7.8 14 350 M M 1 18 350
9 74 59 67 -4 0 2 T M M 6.0 13 70 M M 6 16 80
10 78 55 67 -3 0 2 0.00 M M 8.2 13 60 M M 4 27 30
11 82 63 73 3 0 8 0.00 M M 8.3 15 90 M M 6 25 100
12 82 65 74 4 0 9 0.88 M M 6.9 16 140 M M 6 13 23 130
13 79 64 72 3 0 7 0.00 M M 4.9 12 200 M M 5 12 21 20
14 75 53 64 -5 1 0 0.00 M M 4.3 13 310 M M 0 18 360
15 82 50 66 -2 0 1 0.00 M M 2.5 12 200 M M 0 1 13 250
16 84 57 71 3 0 6 0.00 M M 3.5 10 210 M M 0 15 200
17 81 63 72 4 0 7 0.00 M M 5.5 15 300 M M 1 23 230
18 63 43 53 -14 12 0 0.00 M M 8.1 15 340 M M 0 24 320
19 63 37 50 -17 15 0 0.00 M M 4.7 12 310 M M 0 18 320
20 66 40 53 -13 12 0 0.00 M M 2.7 12 230 M M 0 17 120
21 70 43 57 -9 8 0 0.00 M M 1.8 8 320 M M 0 12 10
22 75 45 60 -6 5 0 0.00 M M 4.4 12 50 M M 0 16 80
23 78 50 64 -1 1 0 0.00 M M 4.4 12 350 M M 0 14 50
24 78 50 64 -1 1 0 0.00 M M 2.2 9 50 M M 0 17 20
25 77 51 64 -1 1 0 0.00 M M 3.2 12 130 M M 1 15 130
26 77 59 68 4 0 3 T M M 5.7 13 290 M M 4 1 22 280
27 74 55 65 1 0 0 0.00 M M 9.9 18 40 M M 2 24 30
28 75 57 66 2 0 1 0.00 M M 9.7 15 60 M M 3 25 30
29 63 57 60 -3 5 0 0.01 M M 8.1 13 60 M M 10 1 16 70
30 62 57 60 -3 5 0 T M M 7.4 13 80 M M 10 1 17 70
31 78 59 69 7 0 4 T M M 5.8 13 320 M M 8 12 16 200
================================================================================
SM 2351 1682 68 76 0.89 M 165.7 M 92
================================================================================
AV 75.8 54.3 5.3 FASTST M M 3 MAX(MPH)
MISC ----> 18 40 27 30
================================================================================
NOTES:
# LAST OF SEVERAL OCCURRENCES
COLUMN 17 PEAK WIND IN M.P.H.
PRELIMINARY LOCAL CLIMATOLOGICAL DATA (WS FORM: F-6) , PAGE 2
STATION: AUGUSTA DANIEL FIELD GA
MONTH: OCTOBER
YEAR: 2022
LATITUDE: 33 28 N
LONGITUDE: 82 2 W
[TEMPERATURE DATA] [PRECIPITATION DATA] SYMBOLS USED IN COLUMN 16
AVERAGE MONTHLY: 65.0 TOTAL FOR MONTH: 0.89 1 = FOG OR MIST
DPTR FM NORMAL: -3.1 DPTR FM NORMAL: -1.80 2 = FOG REDUCING VISIBILITY
HIGHEST: 88 ON 7 GRTST 24HR 0.88 ON 12-12 TO 1/4 MILE OR LESS
LOWEST: 37 ON 19 3 = THUNDER
SNOW, ICE PELLETS, HAIL 4 = ICE PELLETS
TOTAL MONTH: M 5 = HAIL
GRTST 24HR M ON M 6 = FREEZING RAIN OR DRIZZLE
GRTST DEPTH: M ON M 7 = DUSTSTORM OR SANDSTORM:
VSBY 1/2 MILE OR LESS
8 = SMOKE OR HAZE
[NO. OF DAYS WITH] [WEATHER - DAYS WITH] 9 = BLOWING SNOW
X = TORNADO
MAX 32 OR BELOW: 0 0.01 INCH OR MORE: 2
MAX 90 OR ABOVE: 0 0.10 INCH OR MORE: 1
MIN 32 OR BELOW: 0 0.50 INCH OR MORE: 1
MIN 0 OR BELOW: 0 1.00 INCH OR MORE: 0
[HDD (BASE 65) ]
TOTAL THIS MO. 68 CLEAR (SCALE 0-3) 19
DPTR FM NORMAL 13 PTCLDY (SCALE 4-7) 8
TOTAL FM JUL 1 73 CLOUDY (SCALE 8-10) 4
DPTR FM NORMAL 17
[CDD (BASE 65) ]
TOTAL THIS MO. 76
DPTR FM NORMAL -74 [PRESSURE DATA]
TOTAL FM JAN 1 2650 HIGHEST SLP 30.33 ON 29
DPTR FM NORMAL 20 LOWEST SLP 29.70 ON 17
[REMARKS]
#FINAL-10-22#