000
CXUS52 KCAE 011500
CF6DNL
PRELIMINARY LOCAL CLIMATOLOGICAL DATA (WS FORM: F-6)
STATION: AUGUSTA DANIEL FIELD GA
MONTH: NOVEMBER
YEAR: 2021
LATITUDE: 33 28 N
LONGITUDE: 82 2 W
TEMPERATURE IN F: :PCPN: SNOW: WIND :SUNSHINE: SKY :PK WND
================================================================================
1 2 3 4 5 6A 6B 7 8 9 10 11 12 13 14 15 16 17 18
12Z AVG MX 2MIN
DY MAX MIN AVG DEP HDD CDD WTR SNW DPTH SPD SPD DIR MIN PSBL S-S WX SPD DR
================================================================================
1 74 52 63 1 2 0 0.00 0.0 0 5.0 13 90 M M 0 18 100
2 76 52 64 2 1 0 0.00 0.0 M 3.1 12 320 M M 0 14 310
3 64 51 58 -4 7 0 0.00 M M 9.6 17 80 M M 1 24 90
4 56 46 51 -10 14 0 0.00 M M 8.7 14 50 M M 9 17 30
5 53 43 48 -13 17 0 0.00 M M 9.0 18 40 M M 1 26 30
6 52 45 49 -11 16 0 T M M 11.8 18 60 M M 7 24 20
7 68 50 59 -1 6 0 0.00 M M 9.3 16 320 M M 2 8 25 360
8 73 44 59 -1 6 0 0.00 M M 5.6 12 340 M M 0 18 20
9 80 48 64 4 1 0 0.00 M M 2.3 10 340 M M 0 1 14 360
10 79 49 64 5 1 0 0.00 M M 2.5 9 180 M M 0 8 15 140
11 77 54 66 7 0 1 0.06 M M 5.4 14 150 M M 5 18 20 140
12 72 55 64 5 1 0 0.13 M M 4.3 13 320 M M 2 1 18 210
13 69 47 58 0 7 0 0.00 M M 5.1 13 300 M M 0 20 260
14 64 38 51 -7 14 0 0.00 M M 5.4 12 310 M M 0 16 310
15 67 47 57 -1 8 0 0.00 M M 6.6 16 310 M M 0 23 300
16 74 43 59 1 6 0 0.00 M M 2.5 12 210 M M 0 8 15 230
17 77 49 63 6 2 0 0.00 M M 4.3 15 200 M M 0 19 200
18 80 56 68 11 0 3 0.00 0.0 M 4.2 16 330 M M 4 12 23 340
19 65 46 56 -1 9 0 0.00 0.0 M 8.8 15 70 M M 0 21 10
20 63 41 52 -4 13 0 0.00 M M 8.6 16 60 M M 0 21 60
21 71 42 57 1 8 0 0.00 M M 4.1 13 350 M M 2 15 350
22 65 50 58 2 7 0 0.10 M M 5.6 15 350 M M 6 1 22 350
23 56 37 47 -9 18 0 0.00 M M 5.9 12 340 M M 0 17 10
24 59 33 46 -10 19 0 0.00 M M 2.2 9 140 M M 0 13 140
25 68 37 53 -2 12 0 0.00 M M 3.2 15 210 M M 0 20 240
26 61 44 53 -2 12 0 0.02 M M 7.5 16 330 M M 4 1 24 290
27 62 35 49 -6 16 0 0.00 M M 3.8 10 340 M M 0 14 160
28 61 46 54 0 11 0 0.00 M M 4.2 9 310 M M 0 14 280
29 58 40 49 -5 16 0 0.00 M M 5.1 14 50 M M 0 17 60
30 66 35 51 -3 14 0 0.00 M M 2.8 14 210 M M 0 8 19 350
================================================================================
SM 2010 1355 264 4 0.31 0.0 166.5 M 43
================================================================================
AV 67.0 45.2 5.6 FASTST M M 1 MAX(MPH)
MISC ----> # 18 40 26 30
================================================================================
NOTES:
# LAST OF SEVERAL OCCURRENCES
COLUMN 17 PEAK WIND IN M.P.H.
PRELIMINARY LOCAL CLIMATOLOGICAL DATA (WS FORM: F-6) , PAGE 2
STATION: AUGUSTA DANIEL FIELD GA
MONTH: NOVEMBER
YEAR: 2021
LATITUDE: 33 28 N
LONGITUDE: 82 2 W
[TEMPERATURE DATA] [PRECIPITATION DATA] SYMBOLS USED IN COLUMN 16
AVERAGE MONTHLY: 56.1 TOTAL FOR MONTH: 0.31 1 = FOG OR MIST
DPTR FM NORMAL: -1.8 DPTR FM NORMAL: -2.44 2 = FOG REDUCING VISIBILITY
HIGHEST: 80 ON 18, 9 GRTST 24HR 0.19 ON 11-12 TO 1/4 MILE OR LESS
LOWEST: 33 ON 24 3 = THUNDER
SNOW, ICE PELLETS, HAIL 4 = ICE PELLETS
TOTAL MONTH: 0.0 INCH 5 = HAIL
GRTST 24HR 0.0 6 = FREEZING RAIN OR DRIZZLE
GRTST DEPTH: 0 7 = DUSTSTORM OR SANDSTORM:
VSBY 1/2 MILE OR LESS
8 = SMOKE OR HAZE
[NO. OF DAYS WITH] [WEATHER - DAYS WITH] 9 = BLOWING SNOW
X = TORNADO
MAX 32 OR BELOW: 0 0.01 INCH OR MORE: 4
MAX 90 OR ABOVE: 0 0.10 INCH OR MORE: 2
MIN 32 OR BELOW: 0 0.50 INCH OR MORE: 0
MIN 0 OR BELOW: 0 1.00 INCH OR MORE: 0
[HDD (BASE 65) ]
TOTAL THIS MO. 264 CLEAR (SCALE 0-3) 24
DPTR FM NORMAL 24 PTCLDY (SCALE 4-7) 5
TOTAL FM JUL 1 291 CLOUDY (SCALE 8-10) 1
DPTR FM NORMAL -7
[CDD (BASE 65) ]
TOTAL THIS MO. 4
DPTR FM NORMAL -21 [PRESSURE DATA]
TOTAL FM JAN 1 2668 HIGHEST SLP 30.50 ON 20
DPTR FM NORMAL 13 LOWEST SLP 29.87 ON 22
[REMARKS]
#FINAL-11-21#