000
CXUS52 KCAE 011500
CF6DNL
PRELIMINARY LOCAL CLIMATOLOGICAL DATA (WS FORM: F-6)
STATION: AUGUSTA DANIEL FIELD GA
MONTH: DECEMBER
YEAR: 2023
LATITUDE: 33 28 N
LONGITUDE: 82 2 W
TEMPERATURE IN F: :PCPN: SNOW: WIND :SUNSHINE: SKY :PK WND
================================================================================
1 2 3 4 5 6A 6B 7 8 9 10 11 12 13 14 15 16 17 18
12Z AVG MX 2MIN
DY MAX MIN AVG DEP HDD CDD WTR SNW DPTH SPD SPD DIR MIN PSBL S-S WX SPD DR
================================================================================
1 69 45 57 3 8 0 0.00 M M 3.7 9 130 M M 6 12 130
2 69 61 65 11 0 0 T M M 2.6 15 140 M M 7 1 21 150
3 71 60 66 13 0 1 T M M 5.1 10 280 M M 4 18 220
4 70 51 61 8 4 0 0.00 M M 4.6 13 220 M M 0 25 260
5 62 44 53 0 12 0 0.00 M M 4.4 13 220 M M 0 17 230
6 59 41 50 -3 15 0 0.00 M M 7.4 16 320 M M 0 24 340
7 58 35 47 -6 18 0 0.00 M M 2.4 12 200 M M 0 8 16 220
8 62 38 50 -2 15 0 0.00 M M 2.9 12 200 M M 1 8 16 210
9 77 53 65 13 0 0 0.00 M M 6.2 15 190 M M 8 21 190
10 65 48 57 5 8 0 0.86 M M 9.6 24 310 M M 9 13 39 310
11 54 37 46 -6 19 0 0.00 M M 6.5 12 320 M M 1 23 300
12 56 34 45 -7 20 0 0.00 M M 3.9 10 30 M M 0 17 360
13 61 35 48 -4 17 0 0.00 M M 5.3 12 60 M M 0 16 20
14 60 42 51 0 14 0 0.00 M M 9.2 16 30 M M 0 23 70
15 60 36 48 -3 17 0 0.00 M M 6.6 15 60 M M 0 20 60
16 64 42 53 2 12 0 0.05 M M 8.6 15 80 M M 7 20 40
17 55 50 53 2 12 0 2.05 M M 11.4 18 360 M M 9 1 29 360
18 60 43 52 1 13 0 0.00 M M 9.2 21 310 M M 0 40 300
19 48 31 40 -10 25 0 0.00 M M 5.3 14 10 M M 0 23 300
20 50 28 39 -11 26 0 0.00 M M 3.0 10 340 M M 0 13 90
21 59 32 46 -4 19 0 0.00 M M 3.2 9 350 M M 0 12 350
22 61 38 50 0 15 0 0.00 M M 2.0 8 20 M M 0 10 340
23 68 44 56 6 9 0 0.00 M M 4.6 9 340 M M 2 11 150
24 67 46 57 7 8 0 0.00 M M 5.2 10 70 M M 4 14 100
25 62 57 60 10 5 0 0.07 M M 9.1 14 120 M M 9 1 22 100
26 66 62 64 14 1 0 0.63 M M 5.8 13 110 M M 10 12 20 100
27 63 54 59 9 6 0 T M M 3.3 10 300 M M 6 12 19 320
28 60 48 54 5 11 0 0.00 M M 3.9 13 220 M M 0 22 260
29 48 37 43 -6 22 0 0.00 M M 5.5 14 270 M M 6 28 270
30 51 39 45 -4 20 0 0.00 M M 5.2 15 320 M M 5 22 300
31 57 34 46 -3 19 0 0.00 M M 6.0 13 210 M M 0 20 260
================================================================================
SM 1892 1345 390 1 3.66 M 171.7 M 94
================================================================================
AV 61.0 43.4 5.5 FASTST M M 3 MAX(MPH)
MISC ----> 24 310 40 300
================================================================================
NOTES:
# LAST OF SEVERAL OCCURRENCES
COLUMN 17 PEAK WIND IN M.P.H.
PRELIMINARY LOCAL CLIMATOLOGICAL DATA (WS FORM: F-6) , PAGE 2
STATION: AUGUSTA DANIEL FIELD GA
MONTH: DECEMBER
YEAR: 2023
LATITUDE: 33 28 N
LONGITUDE: 82 2 W
[TEMPERATURE DATA] [PRECIPITATION DATA] SYMBOLS USED IN COLUMN 16
AVERAGE MONTHLY: 52.2 TOTAL FOR MONTH: 3.66 1 = FOG OR MIST
DPTR FM NORMAL: 1.1 DPTR FM NORMAL: -0.16 2 = FOG REDUCING VISIBILITY
HIGHEST: 77 ON 9 GRTST 24HR 2.10 ON 16-17 TO 1/4 MILE OR LESS
LOWEST: 28 ON 20 3 = THUNDER
SNOW, ICE PELLETS, HAIL 4 = ICE PELLETS
TOTAL MONTH: M 5 = HAIL
GRTST 24HR M ON M 6 = FREEZING RAIN OR DRIZZLE
GRTST DEPTH: M ON M 7 = DUSTSTORM OR SANDSTORM:
VSBY 1/2 MILE OR LESS
8 = SMOKE OR HAZE
[NO. OF DAYS WITH] [WEATHER - DAYS WITH] 9 = BLOWING SNOW
X = TORNADO
MAX 32 OR BELOW: 0 0.01 INCH OR MORE: 5
MAX 90 OR ABOVE: 0 0.10 INCH OR MORE: 3
MIN 32 OR BELOW: 3 0.50 INCH OR MORE: 3
MIN 0 OR BELOW: 0 1.00 INCH OR MORE: 1
[HDD (BASE 65) ]
TOTAL THIS MO. 390 CLEAR (SCALE 0-3) 18
DPTR FM NORMAL -47 PTCLDY (SCALE 4-7) 8
TOTAL FM JUL 1 690 CLOUDY (SCALE 8-10) 5
DPTR FM NORMAL -44
[CDD (BASE 65) ]
TOTAL THIS MO. 1
DPTR FM NORMAL -7 [PRESSURE DATA]
TOTAL FM JAN 1 2362 HIGHEST SLP 30.69 ON 14
DPTR FM NORMAL -301 LOWEST SLP 29.58 ON 17
[REMARKS]
#FINAL-12-23#