000
CXUS55 KCAE 011400
CF6DNL
PRELIMINARY LOCAL CLIMATOLOGICAL DATA (WS FORM: F-6)
STATION: AUGUSTA DANIEL FIELD GA
MONTH: MAY
YEAR: 2020
LATITUDE: 33 28 N
LONGITUDE: 82 2 W
TEMPERATURE IN F: :PCPN: SNOW: WIND :SUNSHINE: SKY :PK WND
================================================================================
1 2 3 4 5 6A 6B 7 8 9 10 11 12 13 14 15 16 17 18
12Z AVG MX 2MIN
DY MAX MIN AVG DEP HDD CDD WTR SNW DPTH SPD SPD DIR MIN PSBL S-S WX SPD DR
================================================================================
1 76 55 66 -2 0 1 0.00 M M 7.7 18 310 M M 0 35 40
2 83 56 70 1 0 5 0.00 M M 4.4 10 170 M M 0 13 200
3 88 60 74 5 0 9 0.00 M M 6.0 17 210 M M 0 22 210
4 89 69 79 10 0 14 0.00 M M 5.4 14 320 M M 2 20 320
5 89 70 80 10 0 15 0.00 M M 6.0 15 210 M M 1 21 220
6 80 56 68 -2 0 3 0.00 M M 11.6 25 320 M M 2 35 310
7 71 48 60 -10 5 0 0.00 M M 6.3 15 320 M M 0 21 360
8 73 51 62 -9 3 0 0.01 M M 5.4 18 210 M M 4 1 24 210
9 70 49 60 -11 5 0 0.00 M M 4.8 15 20 M M 0 23 40
10 77 50 64 -7 1 0 0.00 M M 4.1 13 210 M M 1 18 220
11 74 56 65 -7 0 0 0.00 M M 8.4 23 320 M M 0 31 320
12 74 50 62 -10 3 0 0.00 M M 5.2 15 80 M M 0 20 70
13 82 56 69 -3 0 4 0.00 M M 4.5 13 70 M M 1 22 270
14 85 60 73 1 0 8 0.00 M M 5.8 14 130 M M 0 8 19 130
15 86 62 74 1 0 9 0.00 M M 5.2 15 170 M M 2 19 170
16 88 64 76 3 0 11 0.00 M M 4.4 14 130 M M 2 18 100
17 88 67 78 5 0 13 0.00 M M 6.4 14 110 M M 1 19 50
18 M M M M M M M M M M M M M M M 13 M M
19 83 65 74 0 0 9 0.03 M M 7.2 17 180 M M 5 1 23 170
20 M M M M M M M M M M M M M M M 1 M M
21 82 58 70 -4 0 5 0.00 M M 4.8 10 340 M M 6 1 18 250
22 89 66 78 3 0 13 0.00 M M 3.9 16 10 M M 4 3 21 340
23 92 68 80 5 0 15 T M M 5.4 13 330 M M 1 17 320
24 93 73 83 8 0 18 T M M 3.9 14 140 M M 0 18 140
25 86 72 79 3 0 14 0.05 M M 6.1 15 110 M M 4 138 21 100
26 78 68 73 -3 0 8 0.29 0.0 0 8.7 14 50 M M 7 1 18 90
27 78 70 74 -2 0 9 T M M 7.5 15 40 M M 9 18 20 40
28 89 71 80 4 0 15 T M M 5.2 12 200 M M 5 12 16 170
29 89 73 81 5 0 16 0.08 M M 6.1 15 200 M M 4 13 29 240
30 91 71 81 4 0 16 0.00 M M 3.5 14 320 M M 3 1 16 320
31 88 70 79 2 0 14 0.00 M M 8.5 16 20 M M 0 22 10
================================================================================
SM 2411 1804 17 244 0.46 0.0 172.4 M 64
================================================================================
AV 83.1 62.2 5.9 FASTST M M 2 MAX(MPH)
MISC ----> # 25 320 # 35 40
================================================================================
NOTES:
# LAST OF SEVERAL OCCURRENCES
COLUMN 17 PEAK WIND IN M.P.H.
PRELIMINARY LOCAL CLIMATOLOGICAL DATA (WS FORM: F-6) , PAGE 2
STATION: AUGUSTA DANIEL FIELD GA
MONTH: MAY
YEAR: 2020
LATITUDE: 33 28 N
LONGITUDE: 82 2 W
[TEMPERATURE DATA] [PRECIPITATION DATA] SYMBOLS USED IN COLUMN 16
AVERAGE MONTHLY: 72.7 TOTAL FOR MONTH: 0.46 1 = FOG OR MIST
DPTR FM NORMAL: -0.2 DPTR FM NORMAL: -2.72 2 = FOG REDUCING VISIBILITY
HIGHEST: 93 ON 24 GRTST 24HR 0.72 ON 30- 1 TO 1/4 MILE OR LESS
LOWEST: 48 ON 7 3 = THUNDER
SNOW, ICE PELLETS, HAIL 4 = ICE PELLETS
TOTAL MONTH: 0.0 INCH 5 = HAIL
GRTST 24HR 0.0 6 = FREEZING RAIN OR DRIZZLE
GRTST DEPTH: 0 7 = DUSTSTORM OR SANDSTORM:
VSBY 1/2 MILE OR LESS
8 = SMOKE OR HAZE
[NO. OF DAYS WITH] [WEATHER - DAYS WITH] 9 = BLOWING SNOW
X = TORNADO
MAX 32 OR BELOW: 0 0.01 INCH OR MORE: 5
MAX 90 OR ABOVE: 3 0.10 INCH OR MORE: 1
MIN 32 OR BELOW: 0 0.50 INCH OR MORE: 0
MIN 0 OR BELOW: 0 1.00 INCH OR MORE: 0
[HDD (BASE 65) ]
TOTAL THIS MO. 17 CLEAR (SCALE 0-3) 20
DPTR FM NORMAL 6 PTCLDY (SCALE 4-7) 8
TOTAL FM JUL 1 1537 CLOUDY (SCALE 8-10) 1
DPTR FM NORMAL -633
[CDD (BASE 65) ]
TOTAL THIS MO. 244
DPTR FM NORMAL -12 [PRESSURE DATA]
TOTAL FM JAN 1 483 HIGHEST SLP 30.33 ON 14
DPTR FM NORMAL 126 LOWEST SLP 29.73 ON 19
[REMARKS]
#FINAL-05-20#