000
CXUS55 KVEF 012007
CF6DRA
PRELIMINARY LOCAL CLIMATOLOGICAL DATA (WS FORM: F-6)
STATION: DESERT ROCK-MERCURY NV
MONTH: MARCH
YEAR: 2022
LATITUDE: 36 37 N
LONGITUDE: 116 1 W
TEMPERATURE IN F: :PCPN: SNOW: WIND :SUNSHINE: SKY :PK WND
================================================================================
1 2 3 4 5 6A 6B 7 8 9 10 11 12 13 14 15 16 17 18
12Z AVG MX 2MIN
DY MAX MIN AVG DEP HDD CDD WTR SNW DPTH SPD SPD DIR MIN PSBL S-S WX SPD DR
================================================================================
1 77 38 58 7 7 0 0.00 0.0 0 4.1 13 30 M M 0 M M
2 77 36 57 6 8 0 0.00 0.0 0 4.5 10 80 M M 0 M M
3 77 41 59 8 6 0 0.00 0.0 0 6.3 21 190 M M 0 32 180
4 62 46 54 3 11 0 0.00 0.0 0 14.9 26 230 M M 0 34 240
5 50 38 44 -8 21 0 0.00 0.0 0 13.9 32 190 M M M 46 190
6 57 29 43 -9 22 0 0.00 0.0 0 6.3 17 280 M M M 23 300
7 54 28 41 -11 24 0 0.00 0.0 0 15.5 24 20 M M 0 36 10
8 61 33 47 -5 18 0 0.00 0.0 0 9.3 20 30 M M 0 25 60
9 65 32 49 -4 16 0 0.00 0.0 0 9.1 20 40 M M 2 31 40
10 51 36 44 -9 21 0 0.00 0.0 0 16.3 28 10 M M 4 46 30
11 62 31 47 -6 18 0 0.00 0.0 0 8.1 15 40 M M 0 M M
12 67 30 49 -4 16 0 0.00 0.0 0 4.9 12 230 M M 0 17 200
13 69 35 52 -2 13 0 0.00 0.0 0 6.0 16 230 M M 0 30 220
14 71 44 58 4 7 0 0.00 0.0 0 7.9 16 40 M M 0 20 90
15 72 39 56 2 9 0 0.00 0.0 0 5.6 17 40 M M 0 23 50
16 72 49 61 7 4 0 0.00 0.0 0 9.7 23 10 M M 2 38 20
17 66 42 54 0 11 0 0.00 0.0 0 9.1 20 50 M M 0 28 50
18 72 32 52 -3 13 0 0.00 0.0 0 4.4 13 30 M M 0 M M
19 73 45 59 4 6 0 0.00 0.0 0 13.3 28 200 M M 2 48 200
20 67 42 55 0 10 0 0.01 0.0 0 13.3 28 10 M M 2 44 50
21 72 43 58 3 7 0 0.00 0.0 0 13.5 20 20 M M 0 35 20
22 76 48 62 6 3 0 0.00 0.0 0 14.5 25 30 M M 0 36 20
23 75 49 62 6 3 0 0.00 0.0 0 7.6 14 120 M M 0 20 130
24 83 42 63 7 2 0 0.00 0.0 0 4.2 12 230 M M 0 18 260
25 87 46 67 11 0 2 0.00 0.0 0 5.9 20 220 M M 0 30 230
26 87 58 73 17 0 8 0.00 0.0 0 10.6 23 180 M M 0 38 170
27 82 58 70 14 0 5 0.00 0.0 0 13.1 26 170 M M M 41 220
28 71 46 59 2 6 0 0.01 0.0 0 14.4 30 240 M M M 44 260
29 71 41 56 -1 9 0 T 0.0 0 8.5 18 320 M M 6 21 210
30 74 42 58 1 7 0 0.00 0.0 0 5.9 12 230 M M 0 20 210
31 75 44 60 3 5 0 0.00 0.0 0 6.0 15 230 M M 0 24 260
================================================================================
SM 2175 1263 303 15 0.02 0.0 286.7 M 18
================================================================================
AV 70.2 40.7 9.2 FASTST M M 1 MAX(MPH)
MISC ----> 32 190 48 200
================================================================================
NOTES:
# LAST OF SEVERAL OCCURRENCES
COLUMN 17 PEAK WIND IN M.P.H.
PRELIMINARY LOCAL CLIMATOLOGICAL DATA (WS FORM: F-6) , PAGE 2
STATION: DESERT ROCK-MERCURY NV
MONTH: MARCH
YEAR: 2022
LATITUDE: 36 37 N
LONGITUDE: 116 1 W
[TEMPERATURE DATA] [PRECIPITATION DATA] SYMBOLS USED IN COLUMN 16
AVERAGE MONTHLY: 55.5 TOTAL FOR MONTH: 0.02 1 = FOG OR MIST
DPTR FM NORMAL: 1.4 DPTR FM NORMAL: -0.56 2 = FOG REDUCING VISIBILITY
HIGHEST: 87 ON 26,25 GRTST 24HR 0.01 ON 20-20 TO 1/4 MILE OR LESS
LOWEST: 28 ON 7 3 = THUNDER
SNOW, ICE PELLETS, HAIL 4 = ICE PELLETS
TOTAL MONTH: 0.0 INCH 5 = HAIL
GRTST 24HR 0.0 6 = FREEZING RAIN OR DRIZZLE
GRTST DEPTH: 0 7 = DUSTSTORM OR SANDSTORM:
VSBY 1/2 MILE OR LESS
8 = SMOKE OR HAZE
[NO. OF DAYS WITH] [WEATHER - DAYS WITH] 9 = BLOWING SNOW
X = TORNADO
MAX 32 OR BELOW: 0 0.01 INCH OR MORE: 2
MAX 90 OR ABOVE: 0 0.10 INCH OR MORE: 0
MIN 32 OR BELOW: 6 0.50 INCH OR MORE: 0
MIN 0 OR BELOW: 0 1.00 INCH OR MORE: 0
[HDD (BASE 65) ]
TOTAL THIS MO. 303 CLEAR (SCALE 0-3) 25
DPTR FM NORMAL -36 PTCLDY (SCALE 4-7) 2
TOTAL FM JUL 1 2374 CLOUDY (SCALE 8-10) 4
DPTR FM NORMAL -242
[CDD (BASE 65) ]
TOTAL THIS MO. 15
DPTR FM NORMAL 12 [PRESSURE DATA]
TOTAL FM JAN 1 15 HIGHEST SLP M ON M
DPTR FM NORMAL 12 LOWEST SLP M ON M
[REMARKS]
#FINAL-03-22#