000
CXUS55 KTWC 011516
CLMDUG
CLIMATE REPORT
NATIONAL WEATHER SERVICE TUCSON AZ
816 AM MST SAT JUL 01 2023
...................................
...THE DOUGLAS AZ CLIMATE SUMMARY FOR THE MONTH OF JUNE 2023...
CLIMATE NORMAL PERIOD 1991 TO 2020
CLIMATE RECORD PERIOD 1948 TO 2023
WEATHER OBSERVED NORMAL DEPART LAST YEAR`S
VALUE DATE(S) VALUE FROM VALUE
NORMAL
..............................................................
TEMPERATURE (F)
RECORD
HIGH 110 06/26/1994
LOW 40 06/04/1971
HIGHEST 107 06/26 103 4
LOWEST 45 06/14 48 -3
AVG. MAXIMUM 95.4 96.0 -0.6
AVG. MINIMUM 57.2 59.7 -2.5
MEAN 76.3 77.9 -1.6
DAYS MAX >= 90 24 27.2 -3.2
DAYS MAX >= 100 8
DAYS MIN <= 32 0 0.0 0.0
DAYS MIN >= 80 0
PRECIPITATION (INCHES)
RECORD
MAXIMUM 2.96 1984
MINIMUM 0.00 2021
TOTALS 0.09 0.49 -0.40 MM
DAILY AVG. 0.00 0.02 -0.02 T
DAYS >= .01 1 3.1 -2.1 MM
DAYS >= .10 0 1.2 -1.2 MM
DAYS >= .50 0 0.3 -0.3 MM
DAYS >= 1.00 0 0.0 0.0 MM
GREATEST
24 HR. TOTAL 0.09 06/28 TO 06/28 MM
DEGREE DAYS
HEATING TOTAL 0 0 0 MM
SINCE 7/1 2589 2678 -89 MM
COOLING TOTAL 344 386 -42 MM
SINCE 1/1 490 554 -64 MM
..............................................................
WIND (MPH)
AVERAGE WIND SPEED 9.0
HIGHEST WIND SPEED/DIRECTION 35/250 DATE 06/15
HIGHEST GUST SPEED/DIRECTION 46/180 DATE 06/11
46/250 06/19
AVERAGE RH (PERCENT) 21
- INDICATES NEGATIVE NUMBERS.
R INDICATES RECORD WAS SET OR TIED.
MM INDICATES DATA IS MISSING.
T INDICATES TRACE AMOUNT.
$$