000
CXUS55 KDVN 011328
CF6DVN
PRELIMINARY LOCAL CLIMATOLOGICAL DATA (WS FORM: F-6)
STATION: DAVENPORT IA
MONTH: DECEMBER
YEAR: 2023
LATITUDE: 41 37 N
LONGITUDE: 90 35 W
TEMPERATURE IN F: :PCPN: SNOW: WIND :SUNSHINE: SKY :PK WND
================================================================================
1 2 3 4 5 6A 6B 7 8 9 10 11 12 13 14 15 16 17 18
12Z AVG MX 2MIN
DY MAX MIN AVG DEP HDD CDD WTR SNW DPTH SPD SPD DIR MIN PSBL S-S WX SPD DR
================================================================================
1 40 34 37 4 28 0 0.11 T 0 13.3 21 40 M M 10 18 27 50
2 38 33 36 4 29 0 0.32 1.3 1 4.4 10 40 M M 10 1 12 40
3 41 31 36 4 29 0 0.06 0.8 1 5.4 18 260 M M 9 1 22 260
4 36 31 34 3 31 0 0.04 0.1 0 6.2 13 250 M M 9 18 16 270
5 39 34 37 6 28 0 0.01 T 0 9.2 18 340 M M 10 128 23 340
6 41 27 34 3 31 0 0.00 0.0 0 10.5 18 190 M M 2 18 25 170
7 56 35 46 16 19 0 0.00 0.0 0 11.6 24 180 M M 0 31 180
8 58 45 52 22 13 0 0.25 0.0 0 10.7 22 180 M M 2 1 33 170
9 47 32 40 10 25 0 0.20 T 0 17.3 26 280 M M 9 1 37 280
10 32 20 26 -3 39 0 0.00 0.0 0 10.3 24 290 M M 7 33 290
11 42 15 29 0 36 0 0.00 0.0 0 5.2 12 140 M M 0 15 140
12 36 26 31 2 34 0 0.00 0.0 0 9.7 17 300 M M 1 24 280
13 44 22 33 5 32 0 0.00 0.0 0 3.8 8 180 M M 3 11 250
14 54 25 40 12 25 0 0.00 0.0 0 6.1 13 220 M M 0 16 220
15 58 35 47 19 18 0 0.00 0.0 0 9.1 15 130 M M 1 21 180
16 49 42 46 19 19 0 0.21 0.0 0 9.4 17 150 M M 10 1 22 170
17 43 33 38 11 27 0 T 0.0 0 13.5 21 290 M M 9 1 32 300
18 35 17 26 -1 39 0 T T 0 18.2 35 310 M M 3 50 310
19 36 12 24 -2 41 0 0.00 0.0 0 9.5 21 160 M M 0 27 160
20 47 26 37 11 28 0 0.00 0.0 0 8.2 13 170 M M 0 18 170
21 45 36 41 15 24 0 T 0.0 0 7.2 12 100 M M 10 18 15 90
22 47 42 45 19 20 0 0.41 0.0 0 5.1 8 120 M M 10 1 10 150
23 54 45 50 25 15 0 T 0.0 0 4.4 10 130 M M 9 12 13 130
24 57 49 53 28 12 0 0.10 0.0 0 14.6 21 150 M M 9 12 29 130
25 56 39 48 23 17 0 0.50 0.0 0 15.4 23 120 M M 8 1 33 120
26 39 33 36 11 29 0 T T 0 9.7 16 160 M M 10 23 200
27 43 34 39 15 26 0 0.01 T 0 10.7 18 70 M M 9 1 25 100
28 36 31 34 10 31 0 0.21 2.9 0 13.9 20 330 M M 8 1 25 330
29 35 25 30 6 35 0 0.01 0.1 2 10.3 16 340 M M 7 18 20 340
30 37 20 29 5 36 0 T 0.0 T 9.5 17 300 M M 5 1268 23 300
31 34 28 31 7 34 0 T T T 12.5 20 320 M M 10 168 25 320
================================================================================
SM 1355 957 850 0 2.44 5.2 304.9 M 190
================================================================================
AV 43.7 30.9 9.8 FASTST M M 6 MAX(MPH)
MISC ----> 35 310 50 310
================================================================================
NOTES:
# LAST OF SEVERAL OCCURRENCES
COLUMN 17 PEAK WIND IN M.P.H.
PRELIMINARY LOCAL CLIMATOLOGICAL DATA (WS FORM: F-6) , PAGE 2
STATION: DAVENPORT IA
MONTH: DECEMBER
YEAR: 2023
LATITUDE: 41 37 N
LONGITUDE: 90 35 W
[TEMPERATURE DATA] [PRECIPITATION DATA] SYMBOLS USED IN COLUMN 16
AVERAGE MONTHLY: 37.3 TOTAL FOR MONTH: 2.44 1 = FOG OR MIST
DPTR FM NORMAL: 9.7 DPTR FM NORMAL: 0.80 2 = FOG REDUCING VISIBILITY
HIGHEST: 58 ON 15, 8 GRTST 24HR 0.56 ON 24-25 TO 1/4 MILE OR LESS
LOWEST: 12 ON 19 3 = THUNDER
SNOW, ICE PELLETS, HAIL 4 = ICE PELLETS
TOTAL MONTH: 5.2 INCHES 5 = HAIL
GRTST 24HR 2.9 ON 28-28 6 = FREEZING RAIN OR DRIZZLE
GRTST DEPTH: 2 ON 29 7 = DUSTSTORM OR SANDSTORM:
VSBY 1/2 MILE OR LESS
8 = SMOKE OR HAZE
[NO. OF DAYS WITH] [WEATHER - DAYS WITH] 9 = BLOWING SNOW
X = TORNADO
MAX 32 OR BELOW: 1 0.01 INCH OR MORE: 14
MAX 90 OR ABOVE: 0 0.10 INCH OR MORE: 9
MIN 32 OR BELOW: 16 0.50 INCH OR MORE: 1
MIN 0 OR BELOW: 0 1.00 INCH OR MORE: 0
[HDD (BASE 65) ]
TOTAL THIS MO. 850 CLEAR (SCALE 0-3) 11
DPTR FM NORMAL -309 PTCLDY (SCALE 4-7) 4
TOTAL FM JUL 1 1934 CLOUDY (SCALE 8-10) 16
DPTR FM NORMAL -518
[CDD (BASE 65) ]
TOTAL THIS MO. 0
DPTR FM NORMAL 0 [PRESSURE DATA]
TOTAL FM JAN 1 1029 HIGHEST SLP 30.73 ON 13
DPTR FM NORMAL 150 LOWEST SLP 29.59 ON 8
[REMARKS]
#FINAL-12-23#
===================================================================
NOTE: SUPPLEMENTAL CLIMATE DATA WAS USED FROM A NEARBY
CLIMATOLOGICALLY REPRESENTATIVE STATION.
===================================================================
PARAMETER DATE
--------- ----
SNW ALL