000
CXUS55 KPSR 011005
CF6DVT
PRELIMINARY LOCAL CLIMATOLOGICAL DATA (WS FORM: F-6)
STATION: DEER VLY/PHOENIX AZ
MONTH: JANUARY
YEAR: 2024
LATITUDE: 33 41 N
LONGITUDE: 112 4 W
TEMPERATURE IN F: :PCPN: SNOW: WIND :SUNSHINE: SKY :PK WND
================================================================================
1 2 3 4 5 6A 6B 7 8 9 10 11 12 13 14 15 16 17 18
12Z AVG MX 2MIN
DY MAX MIN AVG DEP HDD CDD WTR SNW DPTH SPD SPD DIR MIN PSBL S-S WX SPD DR
================================================================================
1 60 42 51 -2 14 0 0.00 0.0 0 3.3 12 50 M M 0 16 60
2 62 38 50 -3 15 0 0.00 0.0 0 2.4 10 50 M M 0 14 40
3 59 41 50 -4 15 0 T M M 5.5 22 290 M M 2 29 320
4 55 36 46 -8 19 0 0.00 M M 4.8 14 230 M M 4 21 210
5 54 37 46 -8 19 0 0.00 M M 3.1 10 40 M M 0 14 40
6 57 34 46 -8 19 0 0.00 M M 3.8 10 200 M M 0 14 200
7 49 35 42 -12 23 0 M M M 6.1 22 300 M M 5 13 30 290
8 50 30 40 -14 25 0 0.00 0.0 M 3.6 13 330 M M 0 17 330
9 53 31 42 -12 23 0 0.00 M M 1.3 10 40 M M 0 14 40
10 55 33 44 -10 21 0 0.00 M M 2.5 9 170 M M 0 12 180
11 57 35 46 -8 19 0 0.02 0.0 M 8.1 26 300 M M 4 51 310
12 54 30 42 -13 23 0 0.00 0.0 M 3.1 13 50 M M 0 14 50
13 58 36 47 -8 18 0 0.00 0.0 M 3.1 13 50 M M 0 16 50
14 62 38 50 -5 15 0 0.00 0.0 M 3.5 12 40 M M 0 16 40
15 63 38 51 -4 14 0 0.00 M M 2.6 12 50 M M 0 15 50
16 65 40 53 -2 12 0 0.00 M M 2.8 13 40 M M 0 16 40
17 65 42 54 -1 11 0 0.00 M M 1.9 8 30 M M 0 10 50
18 72 45 59 4 6 0 0.00 M M 4.0 5 99 M M 0 M M
19 73 49 61 6 4 0 0.00 M M M M M M M 0 M M
20 67 49 58 3 7 0 0.00 M M 2.3 6 200 M M 2 M M
21 57 50 54 -1 11 0 0.08 M M 2.3 5 180 M M 9 1 M M
22 60 47 54 -1 11 0 0.13 M M 4.8 13 180 M M 6 1 16 170
23 56 50 53 -2 12 0 0.50 M M 4.6 12 150 M M 10 1 16 80
24 60 47 54 -1 11 0 0.00 M M 2.3 8 220 M M 5 12 260
25 62 49 56 1 9 0 T M M 4.4 14 250 M M 7 18 19 250
26 67 42 55 -1 10 0 0.00 M M 4.0 13 250 M M 0 18 260
27 73 45 59 3 6 0 0.00 M M 4.9 15 120 M M 0 22 90
28 75 49 62 6 3 0 0.00 M M 8.0 15 90 M M 0 22 50
29 77 51 64 8 1 0 0.00 M M 4.4 14 40 M M 0 18 40
30 77 53 65 9 0 0 0.00 M M 4.0 12 40 M M 0 14 50
31 76 51 64 8 1 0 0.00 M M 4.3 12 180 M M 1 16 160
================================================================================
SM 1930 1293 397 0 0.73 0.0 115.8 M 55
================================================================================
AV 62.3 41.7 3.9 FASTST M M 2 MAX(MPH)
MISC ----> 26 300 51 310
================================================================================
NOTES:
# LAST OF SEVERAL OCCURRENCES
COLUMN 17 PEAK WIND IN M.P.H.
PRELIMINARY LOCAL CLIMATOLOGICAL DATA (WS FORM: F-6) , PAGE 2
STATION: DEER VLY/PHOENIX AZ
MONTH: JANUARY
YEAR: 2024
LATITUDE: 33 41 N
LONGITUDE: 112 4 W
[TEMPERATURE DATA] [PRECIPITATION DATA] SYMBOLS USED IN COLUMN 16
AVERAGE MONTHLY: 52.0 TOTAL FOR MONTH: 0.73 1 = FOG OR MIST
DPTR FM NORMAL: -2.8 DPTR FM NORMAL: -0.44 2 = FOG REDUCING VISIBILITY
HIGHEST: 77 ON 30,29 GRTST 24HR 0.50 ON 23-23 TO 1/4 MILE OR LESS
LOWEST: 30 ON 12, 8 3 = THUNDER
SNOW, ICE PELLETS, HAIL 4 = ICE PELLETS
TOTAL MONTH: 0.0 INCH 5 = HAIL
GRTST 24HR 0.0 6 = FREEZING RAIN OR DRIZZLE
GRTST DEPTH: 0 7 = DUSTSTORM OR SANDSTORM:
VSBY 1/2 MILE OR LESS
8 = SMOKE OR HAZE
[NO. OF DAYS WITH] [WEATHER - DAYS WITH] 9 = BLOWING SNOW
X = TORNADO
MAX 32 OR BELOW: 0 0.01 INCH OR MORE: 4
MAX 90 OR ABOVE: 0 0.10 INCH OR MORE: 2
MIN 32 OR BELOW: 3 0.50 INCH OR MORE: 1
MIN 0 OR BELOW: 0 1.00 INCH OR MORE: 0
[HDD (BASE 65) ]
TOTAL THIS MO. 397 CLEAR (SCALE 0-3) 23
DPTR FM NORMAL 78 PTCLDY (SCALE 4-7) 6
TOTAL FM JUL 1 711 CLOUDY (SCALE 8-10) 2
DPTR FM NORMAL -118
[CDD (BASE 65) ]
TOTAL THIS MO. 0
DPTR FM NORMAL -1 [PRESSURE DATA]
TOTAL FM JAN 1 0 HIGHEST SLP 30.29 ON 27
DPTR FM NORMAL -1 LOWEST SLP 29.66 ON 7
[REMARKS]
#FINAL-01-24#