000
CXUS54 KMAF 011110
CF6E38
PRELIMINARY LOCAL CLIMATOLOGICAL DATA (WS FORM: F-6)
STATION: ALPINE-CASPARIS MUNICIPAL
MONTH: MARCH
YEAR: 2021
LATITUDE: 30 23 N
LONGITUDE: 103 41 W
TEMPERATURE IN F: :PCPN: SNOW: WIND :SUNSHINE: SKY :PK WND
================================================================================
1 2 3 4 5 6A 6B 7 8 9 10 11 12 13 14 15 16 17 18
12Z AVG MX 2MIN
DY MAX MIN AVG DEP HDD CDD WTR SNW DPTH SPD SPD DIR MIN PSBL S-S WX SPD DR
================================================================================
1 47 30 39 M 26 0 M M M 9.6 16 30 M M 4 28 30
2 62 22 42 M 23 0 M M M 4.8 9 200 M M 0 M M
3 77 42 60 M 5 0 M M M 8.1 15 230 M M 0 20 240
4 81 46 64 M 1 0 M M M 12.6 26 260 M M 0 37 260
5 64 44 54 M 11 0 M M M 13.8 23 10 M M 1 31 20
6 62 31 47 M 18 0 M M M 6.0 12 50 M M 0 21 50
7 71 35 53 M 12 0 M M M 5.8 15 170 M M 0 20 170
8 75 41 58 M 7 0 M M M 9.6 18 220 M M 0 24 200
9 78 55 67 M 0 2 M M M 10.3 18 230 M M 0 28 200
10 79 54 67 M 0 2 0.03 M M 16.5 25 210 M M 1 33 250
11 73 58 66 M 0 1 M M M 9.2 17 220 M M 0 25 230
12 83 51 67 M 0 2 M M M 12.2 24 220 M M 0 36 210
13 83 46 65 M 0 0 M M M 17.7 33 210 M M 3 46 210
14 62 31 47 M 18 0 M M M 16.2 35 250 M M 0 44 250
15 71 37 54 M 11 0 M M M 10.8 29 250 M M 0 41 250
16 79 50 65 M 0 0 M M M 16.4 29 260 M M 2 40 260
17 67 41 54 M 11 0 M M M 13.6 36 280 M M 0 49 280
18 64 31 48 M 17 0 M M M 4.5 10 60 M M 0 20 40
19 68 32 50 M 15 0 M M M 4.6 15 130 M M 0 20 60
20 76 39 58 M 7 0 M M M 8.6 18 160 M M 0 26 150
21 80 52 66 M 0 1 M M M 10.5 20 250 M M 1 25 250
22 71 45 58 M 7 0 M M M 23.8 39 270 M M 5 51 270
23 73 38 56 M 9 0 M M M 9.7 17 230 M M 0 26 230
24 71 42 57 M 8 0 M M M 10.9 25 10 M M 1 32 10
25 68 40 54 M 11 0 M M M 11.3 18 210 M M 1 26 260
26 79 45 62 M 3 0 M M M 11.6 22 230 M M 0 29 230
27 76 37 57 M 8 0 M M M 7.2 15 350 M M 0 24 280
28 69 41 55 M 10 0 M M M 9.4 16 20 M M 0 24 20
29 76 45 61 M 4 0 M M M 11.0 21 240 M M 0 25 190
30 82 57 70 M 0 5 M M M 9.4 21 260 M M 0 28 260
31 62 42 52 M 13 0 M M M 11.4 18 40 M M 0 24 50
================================================================================
SM 2229 1300 255 13 0.03 M 337.1 M 19
================================================================================
AV 71.9 41.9 10.9 FASTST M M 1 MAX(MPH)
MISC ----> 39 270 51 270
================================================================================
NOTES:
# LAST OF SEVERAL OCCURRENCES
COLUMN 17 PEAK WIND IN M.P.H.
PRELIMINARY LOCAL CLIMATOLOGICAL DATA (WS FORM: F-6) , PAGE 2
STATION: ALPINE-CASPARIS MUNICIPAL
MONTH: MARCH
YEAR: 2021
LATITUDE: 30 23 N
LONGITUDE: 103 41 W
[TEMPERATURE DATA] [PRECIPITATION DATA] SYMBOLS USED IN COLUMN 16
AVERAGE MONTHLY: 56.9 TOTAL FOR MONTH: 0.03 1 = FOG OR MIST
DPTR FM NORMAL: 0.0 DPTR FM NORMAL: M 2 = FOG REDUCING VISIBILITY
HIGHEST: 83 ON 13,12 GRTST 24HR 0.03 ON 10-10 TO 1/4 MILE OR LESS
LOWEST: 22 ON 2 3 = THUNDER
SNOW, ICE PELLETS, HAIL 4 = ICE PELLETS
TOTAL MONTH: M 5 = HAIL
GRTST 24HR M ON M 6 = FREEZING RAIN OR DRIZZLE
GRTST DEPTH: M ON M 7 = DUSTSTORM OR SANDSTORM:
VSBY 1/2 MILE OR LESS
8 = SMOKE OR HAZE
[NO. OF DAYS WITH] [WEATHER - DAYS WITH] 9 = BLOWING SNOW
X = TORNADO
MAX 32 OR BELOW: 0 0.01 INCH OR MORE: 1
MAX 90 OR ABOVE: 0 0.10 INCH OR MORE: 0
MIN 32 OR BELOW: 6 0.50 INCH OR MORE: 0
MIN 0 OR BELOW: 0 1.00 INCH OR MORE: 0
[HDD (BASE 65) ]
TOTAL THIS MO. 255 CLEAR (SCALE 0-3) 29
DPTR FM NORMAL M PTCLDY (SCALE 4-7) 2
TOTAL FM JUL 1 2306 CLOUDY (SCALE 8-10) 0
DPTR FM NORMAL M
[CDD (BASE 65) ]
TOTAL THIS MO. 13
DPTR FM NORMAL M [PRESSURE DATA]
TOTAL FM JAN 1 14 HIGHEST SLP M ON M
DPTR FM NORMAL M LOWEST SLP M ON M
[REMARKS]
#FINAL-03-21#