000
CXUS53 KMPX 051759
CF6EAU
PRELIMINARY LOCAL CLIMATOLOGICAL DATA (WS FORM: F-6)
STATION: EAU CLAIRE WI
MONTH: JULY
YEAR: 2021
LATITUDE: 44 52 N
LONGITUDE: 91 29 W
TEMPERATURE IN F: :PCPN: SNOW: WIND :SUNSHINE: SKY :PK WND
================================================================================
1 2 3 4 5 6A 6B 7 8 9 10 11 12 13 14 15 16 17 18
12Z AVG MX 2MIN
DY MAX MIN AVG DEP HDD CDD WTR SNW DPTH SPD SPD DIR MIN PSBL S-S WX SPD DR
================================================================================
1 85 59 72 1 0 7 0.00 0.0 0 4.6 10 40 M M 1 1 16 40
2 82 49 66 -5 0 1 0.00 0.0 0 3.2 8 50 M M 0 13 80
3 86 63 75 4 0 10 0.00 0.0 0 5.7 12 290 M M 0 18 290
4 92 64 78 7 0 13 0.00 0.0 0 10.1 23 210 M M 0 30 210
5 94 69 82 11 0 17 0.00 0.0 0 8.0 16 270 M M 1 23 260
6 84 62 73 2 0 8 1.09 0.0 0 4.5 18 350 M M 5 13 25 350
7 65 60 63 -8 2 0 0.30 0.0 0 7.3 13 50 M M 10 1 18 30
8 69 56 63 -8 2 0 0.01 0.0 0 2.6 9 50 M M 9 1 12 80
9 79 51 65 -6 0 0 T 0.0 0 4.0 9 200 M M 5 12 14 70
10 82 57 70 -2 0 5 0.00 0.0 0 4.2 14 100 M M 2 1 20 130
11 83 54 69 -3 0 4 0.00 0.0 0 4.0 12 90 M M 0 1 18 120
12 83 52 68 -4 0 3 0.00 0.0 0 4.9 12 120 M M 1 1 17 120
13 85 62 74 2 0 9 0.00 0.0 0 5.3 14 220 M M 3 18 210
14 77 64 71 -1 0 6 0.64 0.0 0 5.2 18 210 M M 6 13 25 210
15 81 59 70 -2 0 5 0.00 0.0 0 4.5 12 60 M M 3 18 17 50
16 84 54 69 -3 0 4 0.00 0.0 0 2.2 12 80 M M 1 128 17 130
17 85 58 72 0 0 7 0.00 0.0 0 3.3 10 70 M M 1 1 13 70
18 84 56 70 -2 0 5 0.00 0.0 0 2.1 9 170 M M 0 12 15 130
19 86 56 71 -1 0 6 0.00 0.0 0 3.6 12 270 M M 1 12 16 260
20 87 64 76 4 0 11 0.00 0.0 0 5.0 14 40 M M 1 18 19 360
21 77 61 69 -3 0 4 0.00 0.0 0 6.8 13 180 M M 6 20 160
22 86 69 78 6 0 13 0.00 0.0 0 7.3 16 220 M M 6 22 230
23 93 72 83 12 0 18 0.00 0.0 0 9.2 21 170 M M 2 29 170
24 90 65 78 7 0 13 0.08 0.0 0 7.3 20 290 M M 3 1 30 270
25 91 60 76 5 0 11 0.00 0.0 0 7.1 20 290 M M 0 25 300
26 91 62 77 6 0 12 0.00 0.0 0 7.0 18 220 M M 0 27 210
27 87 66 77 6 0 12 0.39 0.0 0 8.4 30 90 M M 4 13 39 80
28 90 66 78 7 0 13 0.97 0.0 0 6.0 28 50 M M 2 13 42 360
29 82 63 73 2 0 8 0.00 0.0 0 5.2 12 330 M M 2 18 16 320
30 77 59 68 -3 0 3 0.00 0.0 0 4.4 10 240 M M 2 128 13 190
31 82 60 71 0 0 6 0.27 0.0 0 6.1 20 350 M M 2 138 30 350
================================================================================
SM 2599 1872 4 234 3.75 0.0 169.1 M 79
================================================================================
AV 83.8 60.4 5.5 FASTST M M 3 MAX(MPH)
MISC ----> 30 90 42 360
================================================================================
NOTES:
# LAST OF SEVERAL OCCURRENCES
COLUMN 17 PEAK WIND IN M.P.H.
PRELIMINARY LOCAL CLIMATOLOGICAL DATA (WS FORM: F-6) , PAGE 2
STATION: EAU CLAIRE WI
MONTH: JULY
YEAR: 2021
LATITUDE: 44 52 N
LONGITUDE: 91 29 W
[TEMPERATURE DATA] [PRECIPITATION DATA] SYMBOLS USED IN COLUMN 16
AVERAGE MONTHLY: 72.1 TOTAL FOR MONTH: 3.75 1 = FOG OR MIST
DPTR FM NORMAL: 0.8 DPTR FM NORMAL: 0.14 2 = FOG REDUCING VISIBILITY
HIGHEST: 94 ON 5 GRTST 24HR 1.39 ON 6- 7 TO 1/4 MILE OR LESS
LOWEST: 49 ON 2 3 = THUNDER
SNOW, ICE PELLETS, HAIL 4 = ICE PELLETS
TOTAL MONTH: 0.0 INCH 5 = HAIL
GRTST 24HR 0.0 6 = FREEZING RAIN OR DRIZZLE
GRTST DEPTH: 0 7 = DUSTSTORM OR SANDSTORM:
VSBY 1/2 MILE OR LESS
8 = SMOKE OR HAZE
[NO. OF DAYS WITH] [WEATHER - DAYS WITH] 9 = BLOWING SNOW
X = TORNADO
MAX 32 OR BELOW: 0 0.01 INCH OR MORE: 8
MAX 90 OR ABOVE: 7 0.10 INCH OR MORE: 6
MIN 32 OR BELOW: 0 0.50 INCH OR MORE: 3
MIN 0 OR BELOW: 0 1.00 INCH OR MORE: 1
[HDD (BASE 65) ]
TOTAL THIS MO. 4 CLEAR (SCALE 0-3) 23
DPTR FM NORMAL -8 PTCLDY (SCALE 4-7) 6
TOTAL FM JUL 1 4 CLOUDY (SCALE 8-10) 2
DPTR FM NORMAL 1
[CDD (BASE 65) ]
TOTAL THIS MO. 234
DPTR FM NORMAL 27 [PRESSURE DATA]
TOTAL FM JAN 1 550 HIGHEST SLP 30.26 ON 18
DPTR FM NORMAL 193 LOWEST SLP 29.71 ON 28
[REMARKS]
#FINAL-07-21#
THE PRECIPITATION VALUE ON JULY 27, JULY 28, AND JULY 31 IS FROM THE 8 INCH DIAMETER RAIN GAUGE AT THE SNOW OBSERVING SITE.