000
CXUS53 KMPX 022344
CLMEAU
CLIMATE REPORT
NATIONAL WEATHER SERVICE TWIN CITIES/CHANHASSEN MN
644 PM CDT SAT SEP 02 2023
...................................
...THE EAU CLAIRE WI CLIMATE SUMMARY FOR THE MONTH OF AUGUST 2023...
CLIMATE NORMAL PERIOD 1991 TO 2020
CLIMATE RECORD PERIOD 1893 TO 2023
WEATHER OBSERVED NORMAL DEPART LAST YEAR`S
VALUE DATE(S) VALUE FROM VALUE DATE(S)
NORMAL
................................................................
TEMPERATURE (F)
RECORD
HIGH 104 08/01/1988
08/04/1947
LOW 36 08/30/1915
HIGHEST 97 08/23 90 7 92 08/03
LOWEST 46 08/31 52 -6 49 08/26
AVG. MAXIMUM 81.9 80.4 1.5 80.5
AVG. MINIMUM 59.2 57.7 1.5 58.7
MEAN 70.5 69.1 1.4 69.6
DAYS MAX >= 90 4 2.0 2.0 2
DAYS MAX <= 32 0 0.0 0.0 0
DAYS MIN <= 32 0 0.0 0.0 0
DAYS MIN <= 0 0 0.0 0.0 0
PRECIPITATION (INCHES)
RECORD
MAXIMUM 11.64 1980
MINIMUM 0.00 2002
TOTALS 2.10 4.18 -2.08 5.37
DAILY AVG. 0.07 0.13 -0.06 0.17
DAYS >= .01 4 10.4 -6.4 12
DAYS >= .10 2 7.0 -5.0 7
DAYS >= .50 2 2.8 -0.8 4
DAYS >= 1.00 1 1.2 -0.2 1
GREATEST
24 HR. TOTAL 1.34 08/14 TO 08/14
SNOWFALL (INCHES)
RECORDS
TOTAL 0.0 MM
TOTALS 0.0 0.0 0.0 0.0
SINCE 7/1 0.0 0.0 0.0 MM
SNOWDEPTH AVG. 0 0
DAYS >= 1.0 0 0.0 0.0 0
GREATEST
SNOW DEPTH 0 0 MM
24 HR TOTAL MM
DEGREE DAYS
HEATING TOTAL 13 27 -14 3
SINCE 7/1 25 37 -12 MM
COOLING TOTAL 192 153 39 156
SINCE 1/1 607 510 97 MM
................................................................
WIND (MPH)
AVERAGE WIND SPEED 6.3
HIGHEST WIND SPEED/DIRECTION 29/240 DATE 08/09
HIGHEST GUST SPEED/DIRECTION 44/260 DATE 08/11
44/290 08/16
SKY COVER
POSSIBLE SUNSHINE (PERCENT) MM
AVERAGE SKY COVER 0.29
NUMBER OF DAYS FAIR 18
NUMBER OF DAYS PC 9
NUMBER OF DAYS CLOUDY 4
AVERAGE RH (PERCENT) 71
WEATHER CONDITIONS. NUMBER OF DAYS WITH
THUNDERSTORM 4 MIXED PRECIP 0
HEAVY RAIN 3 RAIN 2
LIGHT RAIN 4 FREEZING RAIN 0
LT FREEZING RAIN 0 HAIL 0
HEAVY SNOW 0 SNOW 0
LIGHT SNOW 0 SLEET 0
FOG 17 FOG W/VIS <= 1/4 MILE 3
HAZE 5
- INDICATES NEGATIVE NUMBERS.
R INDICATES RECORD WAS SET OR TIED.
MM INDICATES DATA IS MISSING.
T INDICATES TRACE AMOUNT.
$$