000
CXUS52 KTAE 010800
CF6ECP
PRELIMINARY LOCAL CLIMATOLOGICAL DATA (WS FORM: F-6)
STATION: PANAMA CITY NW
MONTH: JUNE
YEAR: 2020
LATITUDE: 30 21 N
LONGITUDE: 85 48 W
TEMPERATURE IN F: :PCPN: SNOW: WIND :SUNSHINE: SKY :PK WND
================================================================================
1 2 3 4 5 6A 6B 7 8 9 10 11 12 13 14 15 16 17 18
12Z AVG MX 2MIN
DY MAX MIN AVG DEP HDD CDD WTR SNW DPTH SPD SPD DIR MIN PSBL S-S WX SPD DR
================================================================================
1 95 65 80 M 0 15 0.00 0.0 0 6.4 16 200 M M 3 3 36 200
2 87 71 79 M 0 14 1.74 0.0 0 4.7 23 170 M M 5 13 26 180
3 85 69 77 M 0 12 0.97 0.0 0 2.7 23 130 M M 3 138 30 160
4 87 69 78 M 0 13 0.00 0.0 0 3.6 15 180 M M 2 1 28 160
5 88 69 79 M 0 14 0.08 0.0 0 4.5 16 160 M M 3 3 30 210
6 84 73 79 M 0 14 1.10 0.0 0 8.4 23 80 M M 7 13 29 80
7 88 74 81 M 0 16 1.32 0.0 0 13.9 26 120 M M 9 18 37 150
8 87 78 83 M 0 18 0.04 0.0 0 15.3 23 170 M M 8 18 29 130
9 88 80 84 M 0 19 0.00 0.0 0 11.0 20 180 M M 9 18 25 150
10 88 78 83 M 0 18 T 0.0 0 9.3 18 180 M M 6 25 170
11 93 75 84 M 0 19 0.00 0.0 0 6.3 16 230 M M 2 29 250
12 93 74 84 M 0 19 0.00 0.0 0 6.8 13 10 M M 4 22 360
13 91 70 81 M 0 16 0.06 0.0 0 6.2 16 20 M M 5 30 340
14 91 70 81 M 0 16 0.00 0.0 0 7.2 17 20 M M 1 27 80
15 93 65 79 M 0 14 T 0.0 0 5.2 15 340 M M 2 25 220
16 89 69 79 M 0 14 0.00 0.0 0 7.0 15 40 M M 4 31 210
17 88 68 78 M 0 13 T 0.0 0 5.0 13 310 M M 6 17 230
18 88 64 76 M 0 11 0.02 0.0 0 4.0 15 190 M M 2 26 240
19 90 66 78 M 0 13 0.00 0.0 0 4.3 16 150 M M 1 38 210
20 92 70 81 M 0 16 0.00 0.0 0 6.0 17 160 M M 1 23 160
21 89 67 78 M 0 13 0.00 0.0 0 5.6 17 160 M M 2 27 170
22 91 70 81 M 0 16 0.62 0.0 0 6.0 26 230 M M 3 138 32 220
23 89 75 82 M 0 17 0.07 0.0 0 9.8 32 270 M M 4 13 41 270
24 88 75 82 M 0 17 0.02 0.0 0 6.5 17 170 M M 4 13 22 190
25 90 74 82 M 0 17 0.00 0.0 0 3.8 14 180 M M 5 8 27 200
26 92 75 84 M 0 19 0.00 0.0 0 3.0 13 190 M M 2 138 15 190
27 94 73 84 M 0 19 0.00 0.0 0 3.8 12 180 M M 0 8 16 150
28 93 75 84 M 0 19 0.00 0.0 0 6.2 15 190 M M 3 8 27 170
29 93 75 84 M 0 19 T 0.0 0 4.6 15 300 M M 2 38 21 220
30 94 73 84 M 0 19 0.07 0.0 0 6.2 20 220 M M 3 138 28 170
================================================================================
SM 2698 2149 0 479 6.11 0.0 193.3 M 111
================================================================================
AV 89.9 71.6 6.4 FASTST M M 4 MAX(MPH)
MISC ----> # 32 270 # 41 270
================================================================================
NOTES:
# LAST OF SEVERAL OCCURRENCES
COLUMN 17 PEAK WIND IN M.P.H.
PRELIMINARY LOCAL CLIMATOLOGICAL DATA (WS FORM: F-6) , PAGE 2
STATION: PANAMA CITY NW
MONTH: JUNE
YEAR: 2020
LATITUDE: 30 21 N
LONGITUDE: 85 48 W
[TEMPERATURE DATA] [PRECIPITATION DATA] SYMBOLS USED IN COLUMN 16
AVERAGE MONTHLY: 80.8 TOTAL FOR MONTH: 6.11 1 = FOG OR MIST
DPTR FM NORMAL: M DPTR FM NORMAL: M 2 = FOG REDUCING VISIBILITY
HIGHEST: 95 ON 1 GRTST 24HR 1.74 ON 2- 2 TO 1/4 MILE OR LESS
LOWEST: 64 ON 18 3 = THUNDER
SNOW, ICE PELLETS, HAIL 4 = ICE PELLETS
TOTAL MONTH: 0.0 INCH 5 = HAIL
GRTST 24HR 0.0 6 = FREEZING RAIN OR DRIZZLE
GRTST DEPTH: 0 7 = DUSTSTORM OR SANDSTORM:
VSBY 1/2 MILE OR LESS
8 = SMOKE OR HAZE
[NO. OF DAYS WITH] [WEATHER - DAYS WITH] 9 = BLOWING SNOW
X = TORNADO
MAX 32 OR BELOW: 0 0.01 INCH OR MORE: 12
MAX 90 OR ABOVE: 15 0.10 INCH OR MORE: 5
MIN 32 OR BELOW: 0 0.50 INCH OR MORE: 5
MIN 0 OR BELOW: 0 1.00 INCH OR MORE: 3
[HDD (BASE 65) ]
TOTAL THIS MO. 0 CLEAR (SCALE 0-3) 15
DPTR FM NORMAL M PTCLDY (SCALE 4-7) 12
TOTAL FM JUL 1 1082 CLOUDY (SCALE 8-10) 3
DPTR FM NORMAL M
[CDD (BASE 65) ]
TOTAL THIS MO. 479
DPTR FM NORMAL M [PRESSURE DATA]
TOTAL FM JAN 1 1121 HIGHEST SLP 30.25 ON 26
DPTR FM NORMAL M LOWEST SLP 29.92 ON 30
[REMARKS]
#FINAL-06-20#