000
CXUS54 KEWX 011010
CF6ECU
PRELIMINARY LOCAL CLIMATOLOGICAL DATA (WS FORM: F-6)
STATION: Edwards County Airport
MONTH: MARCH
YEAR: 2020
LATITUDE: 29 57 N
LONGITUDE: 100 10 W
TEMPERATURE IN F: :PCPN: SNOW: WIND :SUNSHINE: SKY :PK WND
================================================================================
1 2 3 4 5 6A 6B 7 8 9 10 11 12 13 14 15 16 17 18
12Z AVG MX 2MIN
DY MAX MIN AVG DEP HDD CDD WTR SNW DPTH SPD SPD DIR MIN PSBL S-S WX SPD DR
================================================================================
1 77 54 66 M 0 1 0.00 M M 9.2 18 160 M M 3 24 150
2 70 55 63 M 2 0 0.00 M M 5.0 9 150 M M 4 12 16 150
3 68 55 62 M 3 0 0.00 M M 6.9 10 100 M M 5 18 16 80
4 64 46 55 M 10 0 0.51 M M 13.8 24 320 M M 9 13 31 330
5 70 41 56 M 9 0 0.00 M M 7.4 13 350 M M 1 18 99
6 68 46 57 M 8 0 0.00 M M 7.0 13 70 M M 0 17 130
7 66 50 58 M 7 0 0.00 M M 14.0 22 150 M M 5 29 150
8 63 52 58 M 7 0 0.01 M M 16.6 22 160 M M 8 30 150
9 64 59 62 M 3 0 0.00 M M 10.5 24 160 M M 6 1 31 150
10 72 59 66 M 0 1 0.00 M M 7.9 13 150 M M 8 12 17 150
11 81 63 72 M 0 7 0.00 M M 9.2 13 180 M M 7 1 22 180
12 75 61 68 M 0 3 0.00 M M 9.3 14 160 M M 2 18 18 170
13 68 63 66 M 0 1 0.00 M M 6.6 14 140 M M 7 1 22 140
14 72 64 68 M 0 3 0.00 M M 9.0 17 140 M M 10 18 28 140
15 72 59 66 M 0 1 0.59 M M 8.8 10 130 M M 10 13 17 120
16 72 57 65 M 0 0 0.67 M M 9.4 16 160 M M 8 13 23 340
17 77 64 71 M 0 6 0.00 M M 11.0 16 150 M M 10 13 21 140
18 73 64 69 M 0 4 0.00 M M 13.6 18 160 M M 3 1 30 160
19 77 63 70 M 0 5 1.05 M M 8.4 15 150 M M 6 13 22 150
20 66 48 57 M 8 0 1.09 M M 11.0 14 30 M M 9 3 29 40
21 48 45 47 M 18 0 0.24 M M 7.8 12 50 M M 10 123 18 50
22 64 48 56 M 9 0 0.01 M M 3.7 9 150 M M 10 12 13 120
23 68 59 64 M 1 0 0.00 M M 7.9 14 150 M M 8 12 18 160
24 82 63 73 M 0 8 0.00 M M 7.0 14 350 M M 4 12 23 330
25 88 59 74 M 0 9 0.00 M M 8.2 13 170 M M 0 20 160
26 82 63 73 M 0 8 0.00 M M 9.6 15 160 M M 4 1 21 140
27 81 63 72 M 0 7 0.00 M M 9.0 17 150 M M 3 18 23 140
28 75 54 65 M 0 0 0.00 M M 11.7 21 320 M M 2 1 32 320
29 75 52 64 M 1 0 0.00 M M 7.4 15 150 M M 6 22 150
30 72 57 65 M 0 0 0.00 M M 9.2 16 150 M M 8 12 20 140
31 75 55 65 M 0 0 0.00 M M 8.0 16 330 M M 0 21 10
================================================================================
SM 2225 1741 86 64 4.17 M 284.1 M 176
================================================================================
AV 71.8 56.2 9.2 FASTST M M 6 MAX(MPH)
MISC ----> # 24 320 # 32 320
================================================================================
NOTES:
# LAST OF SEVERAL OCCURRENCES
COLUMN 17 PEAK WIND IN M.P.H.
PRELIMINARY LOCAL CLIMATOLOGICAL DATA (WS FORM: F-6) , PAGE 2
STATION: Edwards County Airport
MONTH: MARCH
YEAR: 2020
LATITUDE: 29 57 N
LONGITUDE: 100 10 W
[TEMPERATURE DATA] [PRECIPITATION DATA] SYMBOLS USED IN COLUMN 16
AVERAGE MONTHLY: 64.0 TOTAL FOR MONTH: 4.17 1 = FOG OR MIST
DPTR FM NORMAL: M DPTR FM NORMAL: M 2 = FOG REDUCING VISIBILITY
HIGHEST: 88 ON 25 GRTST 24HR 1.09 ON 20-20 TO 1/4 MILE OR LESS
LOWEST: 41 ON 5 3 = THUNDER
SNOW, ICE PELLETS, HAIL 4 = ICE PELLETS
TOTAL MONTH: M 5 = HAIL
GRTST 24HR M ON M 6 = FREEZING RAIN OR DRIZZLE
GRTST DEPTH: M ON M 7 = DUSTSTORM OR SANDSTORM:
VSBY 1/2 MILE OR LESS
8 = SMOKE OR HAZE
[NO. OF DAYS WITH] [WEATHER - DAYS WITH] 9 = BLOWING SNOW
X = TORNADO
MAX 32 OR BELOW: 0 0.01 INCH OR MORE: 8
MAX 90 OR ABOVE: 0 0.10 INCH OR MORE: 6
MIN 32 OR BELOW: 0 0.50 INCH OR MORE: 5
MIN 0 OR BELOW: 0 1.00 INCH OR MORE: 2
[HDD (BASE 65) ]
TOTAL THIS MO. 86 CLEAR (SCALE 0-3) 8
DPTR FM NORMAL M PTCLDY (SCALE 4-7) 14
TOTAL FM JUL 1 1623 CLOUDY (SCALE 8-10) 9
DPTR FM NORMAL M
[CDD (BASE 65) ]
TOTAL THIS MO. 64
DPTR FM NORMAL M [PRESSURE DATA]
TOTAL FM JAN 1 68 HIGHEST SLP M ON M
DPTR FM NORMAL M LOWEST SLP M ON M
[REMARKS]
#FINAL-03-20#