000
CXUS56 KEKA 091918
CF6EKA
PRELIMINARY LOCAL CLIMATOLOGICAL DATA (WS FORM: F-6)
STATION: EUREKA CA
MONTH: AUGUST
YEAR: 2021
LATITUDE: 40 47 N
LONGITUDE: 124 10 W
TEMPERATURE IN F: :PCPN: SNOW: WIND :SUNSHINE: SKY :PK WND
================================================================================
1 2 3 4 5 6A 6B 7 8 9 10 11 12 13 14 15 16 17 18
12Z AVG MX 2MIN
DY MAX MIN AVG DEP HDD CDD WTR SNW DPTH SPD SPD DIR MIN PSBL S-S WX SPD DR
================================================================================
1 62 52 57 -1 8 0 0.00 0.0 0 5.7 12 280 M M 8 18 13 M
2 62 51 57 -1 8 0 0.01 0.0 0 3.4 9 270 M M 9 2 10 M
3 59 51 55 -3 10 0 0.00 0.0 0 3.4 10 270 M M 10 2 12 M
4 62 50 56 -3 9 0 T 0.0 0 5.9 12 290 M M 8 28 12 M
5 63 53 58 -1 7 0 T 0.0 0 5.0 12 270 M M 9 1 12 M
6 67 57 62 3 3 0 0.00 0.0 0 4.2 12 340 M M 5 1 15 M
7 65 56 61 2 4 0 0.00 0.0 0 5.3 10 360 M M 6 1 14 M
8 65 53 59 0 6 0 T 0.0 0 4.9 10 350 M M 5 1 13 M
9 65 51 58 -1 7 0 0.00 0.0 0 3.9 8 310 M M 6 18 9 M
10 64 52 58 -1 7 0 0.00 0.0 0 5.3 12 290 M M 10 18 12 M
11 64 50 57 -2 8 0 0.00 0.0 0 3.1 1 280 M M 10 18 12 M
12 61 50 56 -3 9 0 0.00 0.0 0 3.4 9 290 M M 10 28 12 M
13 63 52 58 -1 7 0 0.00 0.0 0 3.3 9 280 M M 9 1 10 M
14 63 54 59 0 6 0 0.00 0.0 0 2.0 6 350 M M 10 28 8 M
15 65 56 61 2 4 0 0.00 0.0 0 4.5 10 20 M M 9 18 15 M
16 69 56 63 4 2 0 0.01 0.0 0 5.4 12 360 M M 7 1 15 M
17 67 54 61 2 4 0 T 0.0 0 8.5 16 20 M M 4 1 25 M
18 64 50 57 -2 8 0 0.00 0.0 0 7.6 21 340 M M 5 30 M
19 65 49 57 -1 8 0 0.00 0.0 0 5.5 15 340 M M 4 18 22 M
20 65 51 58 0 7 0 0.00 0.0 0 4.9 13 340 M M 1 17 M
21 63 51 57 -1 8 0 0.00 0.0 0 3.9 9 310 M M 4 15 M
22 62 51 57 -1 8 0 0.00 0.0 0 3.5 9 310 M M 5 12 M
23 62 49 56 -2 9 0 0.00 0.0 0 4.0 8 290 M M 4 1 10 M
24 59 49 54 -4 11 0 0.00 0.0 0 4.1 12 260 M M 6 18 12 M
25 62 53 58 0 7 0 0.00 0.0 0 3.8 12 360 M M 5 1 14 M
26 66 55 61 3 4 0 0.01 0.0 0 5.6 15 330 M M 4 1 20 M
27 64 53 59 1 6 0 0.00 0.0 0 3.5 9 360 M M 4 1 14 0
28 63 49 56 -2 9 0 0.00 0.0 0 2.6 8 320 M M 10 8 9 0
29 60 50 55 -3 10 0 T 0.0 0 3.6 10 320 M M 9 28 10 0
30 62 50 56 -2 9 0 0.00 0.0 0 3.7 6 210 M M 5 1 10 0
31 62 45 54 -4 11 0 0.00 0.0 0 3.7 12 300 M M 0 12 0
================================================================================
SM 1965 1603 224 0 0.03 0.0 137.2 M 201
================================================================================
AV 63.4 51.7 4.4 FASTST M M 6 MAX(MPH)
MISC ----> 21 340 30 9999
================================================================================
NOTES:
# LAST OF SEVERAL OCCURRENCES
COLUMN 17 PEAK WIND IN M.P.H.
PRELIMINARY LOCAL CLIMATOLOGICAL DATA (WS FORM: F-6) , PAGE 2
STATION: EUREKA CA
MONTH: AUGUST
YEAR: 2021
LATITUDE: 40 47 N
LONGITUDE: 124 10 W
[TEMPERATURE DATA] [PRECIPITATION DATA] SYMBOLS USED IN COLUMN 16
AVERAGE MONTHLY: 57.5 TOTAL FOR MONTH: 0.03 1 = FOG OR MIST
DPTR FM NORMAL: -1.0 DPTR FM NORMAL: -0.15 2 = FOG REDUCING VISIBILITY
HIGHEST: 69 ON 16 GRTST 24HR 0.02 ON 2- 2 TO 1/4 MILE OR LESS
LOWEST: 45 ON 31 3 = THUNDER
SNOW, ICE PELLETS, HAIL 4 = ICE PELLETS
TOTAL MONTH: 0.0 INCH 5 = HAIL
GRTST 24HR 0.0 6 = FREEZING RAIN OR DRIZZLE
GRTST DEPTH: 0 7 = DUSTSTORM OR SANDSTORM:
VSBY 1/2 MILE OR LESS
8 = SMOKE OR HAZE
[NO. OF DAYS WITH] [WEATHER - DAYS WITH] 9 = BLOWING SNOW
X = TORNADO
MAX 32 OR BELOW: 0 0.01 INCH OR MORE: 3
MAX 90 OR ABOVE: 0 0.10 INCH OR MORE: 0
MIN 32 OR BELOW: 0 0.50 INCH OR MORE: 0
MIN 0 OR BELOW: 0 1.00 INCH OR MORE: 0
[HDD (BASE 65) ]
TOTAL THIS MO. 224 CLEAR (SCALE 0-3) 2
DPTR FM NORMAL 22 PTCLDY (SCALE 4-7) 17
TOTAL FM JUL 1 478 CLOUDY (SCALE 8-10) 12
DPTR FM NORMAL 58
[CDD (BASE 65) ]
TOTAL THIS MO. 0
DPTR FM NORMAL -1 [PRESSURE DATA]
TOTAL FM JAN 1 0 HIGHEST SLP 30.13 ON 02
DPTR FM NORMAL -1 LOWEST SLP 29.75 ON 31
[REMARKS]
#FINAL-08-21#