000
CXUS56 KEKA 011230
CF6EKA
PRELIMINARY LOCAL CLIMATOLOGICAL DATA (WS FORM: F-6)
STATION: EUREKA CA
MONTH: AUGUST
YEAR: 2020
LATITUDE: 40 47 N
LONGITUDE: 124 10 W
TEMPERATURE IN F: :PCPN: SNOW: WIND :SUNSHINE: SKY :PK WND
================================================================================
1 2 3 4 5 6A 6B 7 8 9 10 11 12 13 14 15 16 17 18
12Z AVG MX 2MIN
DY MAX MIN AVG DEP HDD CDD WTR SNW DPTH SPD SPD DIR MIN PSBL S-S WX SPD DR
================================================================================
1 67 53 60 2 5 0 0.01 0.0 0 3.7 9 310 M M 8 1 9 M
2 67 54 61 3 4 0 0.00 0.0 0 3.3 7 330 M M 6 2 7 M
3 70 57 64 6 1 0 0.00 0.0 0 6.3 12 350 M M 7 8 14 M
4 65 56 61 3 4 0 0.01 0.0 0 4.9 9 315 M M 10 2 12 M
5 60 55 58 -1 7 0 0.06 0.0 M 4.8 8 350 M M 10 2 8 M
6 68 54 61 2 4 0 0.00 0.0 0 4.5 13 340 M M 6 2 14 M
7 67 51 59 0 6 0 0.00 0.0 0 3.4 12 20 M M 2 12 M
8 68 49 59 0 6 0 0.00 0.0 0 2.8 9 320 M M 0 12 M
9 68 50 59 0 6 0 0.00 0.0 0 3.5 8 330 M M 0 1 8 M
10 64 51 58 -1 7 0 0.00 0.0 0 5.0 10 260 M M 3 1 12 M
11 63 51 57 -2 8 0 0.00 0.0 0 4.3 10 250 M M 4 1 15 M
12 62 52 57 -2 8 0 0.00 0.0 0 2.4 7 290 M M 6 1 7 M
13 64 50 57 -2 8 0 0.00 0.0 0 2.9 7 330 M M 1 7 M
14 73 51 62 3 3 0 0.00 0.0 0 3.7 8 310 M M 3 8 M
15 78 57 68 9 0 3 0.00 0.0 0 3.1 8 290 M M 0 8 10 M
16 69 56 63 4 2 0 0.00 0.0 0 4.0 9 310 M M 7 2 9 M
17 65 55 60 1 5 0 0.00 0.0 0 3.4 7 340 M M 10 2 8 M
18 65 53 59 0 6 0 0.00 0.0 0 2.3 7 350 M M 7 1 7 M
19 65 52 59 0 6 0 0.00 0.0 0 2.8 7 310 M M 8 2 7 M
20 74 54 64 5 1 0 T 0.0 0 1.6 6 300 M M 1 2 9 M
21 74 59 67 8 0 2 0.00 0.0 0 3.3 7 280 M M 6 18 9 M
22 65 56 61 2 4 0 0.00 0.0 0 5.5 9 10 M M 7 28 10 M
23 62 53 58 -1 7 0 0.00 0.0 0 4.4 8 33 M M 10 1 8 M
24 62 53 58 -1 7 0 T 0.0 0 2.5 7 340 M M 9 2 7 M
25 63 52 58 -1 7 0 0.00 0.0 0 3.8 8 10 M M 6 1 9 0
26 62 54 58 -1 7 0 0.00 0.0 0 5.2 10 240 M M 9 1 12 0
27 61 53 57 -2 8 0 0.00 M M 3.0 7 M M M 10 18 7 M
28 64 50 57 -2 8 0 0.00 0.0 0 4.0 8 340 M M 3 1 8 0
29 61 51 56 -2 9 0 0.00 0.0 0 4.5 9 320 M M 6 1 9 0
30 66 47 57 -1 8 0 0.00 0.0 0 3.7 12 360 M M 0 13 0
31 69 48 59 1 6 0 0.00 0.0 0 3.5 12 10 M M 3 1 17 0
================================================================================
SM 2051 1637 168 5 0.08 0.0 116.1 M 168
================================================================================
AV 66.2 52.8 3.7 FASTST M M 5 MAX(MPH)
MISC ----> 13 340 17 0
================================================================================
NOTES:
# LAST OF SEVERAL OCCURRENCES
COLUMN 17 PEAK WIND IN M.P.H.
PRELIMINARY LOCAL CLIMATOLOGICAL DATA (WS FORM: F-6) , PAGE 2
STATION: EUREKA CA
MONTH: AUGUST
YEAR: 2020
LATITUDE: 40 47 N
LONGITUDE: 124 10 W
[TEMPERATURE DATA] [PRECIPITATION DATA] SYMBOLS USED IN COLUMN 16
AVERAGE MONTHLY: 59.5 TOTAL FOR MONTH: 0.08 1 = FOG OR MIST
DPTR FM NORMAL: 1.0 DPTR FM NORMAL: -0.23 2 = FOG REDUCING VISIBILITY
HIGHEST: 78 ON 15 GRTST 24HR 0.06 ON 5- 5 TO 1/4 MILE OR LESS
LOWEST: 47 ON 30 3 = THUNDER
SNOW, ICE PELLETS, HAIL 4 = ICE PELLETS
TOTAL MONTH: 0.0 INCH 5 = HAIL
GRTST 24HR 0.0 6 = FREEZING RAIN OR DRIZZLE
GRTST DEPTH: 0 7 = DUSTSTORM OR SANDSTORM:
VSBY 1/2 MILE OR LESS
8 = SMOKE OR HAZE
[NO. OF DAYS WITH] [WEATHER - DAYS WITH] 9 = BLOWING SNOW
X = TORNADO
MAX 32 OR BELOW: 0 0.01 INCH OR MORE: 3
MAX 90 OR ABOVE: 0 0.10 INCH OR MORE: 0
MIN 32 OR BELOW: 0 0.50 INCH OR MORE: 0
MIN 0 OR BELOW: 0 1.00 INCH OR MORE: 0
[HDD (BASE 65) ]
TOTAL THIS MO. 168 CLEAR (SCALE 0-3) 11
DPTR FM NORMAL -32 PTCLDY (SCALE 4-7) 13
TOTAL FM JUL 1 402 CLOUDY (SCALE 8-10) 7
DPTR FM NORMAL -21
[CDD (BASE 65) ]
TOTAL THIS MO. 5
DPTR FM NORMAL 5 [PRESSURE DATA]
TOTAL FM JAN 1 5 HIGHEST SLP M ON M
DPTR FM NORMAL 5 LOWEST SLP 29.80 ON 15
[REMARKS]
#FINAL-08-20#