000
CXUS51 KRLX 011130
CF6EKN
PRELIMINARY LOCAL CLIMATOLOGICAL DATA (WS FORM: F-6)
STATION: ELKINS WV
MONTH: OCTOBER
YEAR: 2021
LATITUDE: 38 52 N
LONGITUDE: 79 51 W
TEMPERATURE IN F: :PCPN: SNOW: WIND :SUNSHINE: SKY :PK WND
================================================================================
1 2 3 4 5 6A 6B 7 8 9 10 11 12 13 14 15 16 17 18
12Z AVG MX 2MIN
DY MAX MIN AVG DEP HDD CDD WTR SNW DPTH SPD SPD DIR MIN PSBL S-S WX SPD DR
================================================================================
1 73 41 57 -1 8 0 0.00 0.0 0 1.3 10 350 M M 4 12 13 360
2 79 41 60 2 5 0 0.00 0.0 0 1.3 10 250 M M 5 12 14 290
3 77 49 63 5 2 0 0.05 0.0 0 2.3 10 200 M M 7 12 14 160
4 76 54 65 8 0 0 0.04 0.0 0 1.9 10 310 M M 7 12 14 240
5 83 55 69 12 0 4 T 0.0 0 1.0 7 350 M M 7 12 11 340
6 81 58 70 14 0 5 0.30 0.0 0 2.0 17 240 M M 3 1 24 240
7 77 55 66 10 0 1 0.00 0.0 0 2.1 12 130 M M 5 12 16 140
8 74 53 64 8 1 0 0.02 0.0 0 0.9 7 150 M M 7 12 10 200
9 73 53 63 8 2 0 0.52 0.0 0 1.4 8 130 M M 9 18 13 130
10 79 50 65 10 0 0 0.00 0.0 0 1.5 9 120 M M 4 12 14 130
11 81 49 65 11 0 0 0.00 0.0 0 3.5 20 140 M M 4 12 24 140
12 79 48 64 10 1 0 0.00 0.0 0 1.2 9 290 M M 4 12 12 290
13 77 51 64 10 1 0 T 0.0 0 2.2 13 290 M M 5 12 16 280
14 74 50 62 9 3 0 0.00 0.0 0 0.9 7 350 M M 8 12 9 350
15 78 57 68 15 0 3 T 0.0 0 0.6 6 10 M M 7 12 8 20
16 70 48 59 6 6 0 0.37 0.0 0 7.6 21 310 M M 9 1 28 270
17 56 44 50 -2 15 0 0.00 0.0 0 8.2 21 290 M M 8 31 270
18 63 36 50 -2 15 0 0.00 0.0 0 5.4 20 260 M M 0 28 270
19 67 33 50 -2 15 0 0.00 0.0 0 2.3 14 300 M M 0 20 290
20 70 36 53 2 12 0 0.00 0.0 0 2.3 14 250 M M 0 1 19 250
21 74 38 56 5 9 0 0.23 0.0 0 5.1 20 330 M M 4 1 31 320
22 54 49 52 2 13 0 T 0.0 0 3.4 13 300 M M 10 1 16 310
23 57 44 51 1 14 0 0.02 0.0 0 4.8 16 250 M M 9 1 20 270
24 74 48 61 11 4 0 0.01 0.0 0 2.7 13 230 M M 6 1 17 260
25 76 41 59 10 6 0 0.21 0.0 0 3.8 22 250 M M 4 1 30 290
26 54 42 48 -1 17 0 0.16 0.0 0 9.5 21 300 M M 10 18 29 290
27 48 40 44 -5 21 0 0.01 0.0 0 2.4 12 310 M M 10 18 16 310
28 64 41 53 5 12 0 0.10 0.0 0 8.3 24 140 M M 7 12 33 160
29 59 51 55 7 10 0 0.54 0.0 0 4.3 26 140 M M 9 1 37 120
30 56 50 53 5 12 0 0.08 0.0 0 1.1 8 320 M M 10 1 10 320
31 52 49 51 4 14 0 0.17 0.0 0 5.7 17 310 M M 10 18 23 320
================================================================================
SM 2155 1454 218 13 2.83 0.0 101.0 M 192
================================================================================
AV 69.5 46.9 3.3 FASTST M M 6 MAX(MPH)
MISC ----> 26 140 37 120
================================================================================
NOTES:
# LAST OF SEVERAL OCCURRENCES
COLUMN 17 PEAK WIND IN M.P.H.
PRELIMINARY LOCAL CLIMATOLOGICAL DATA (WS FORM: F-6) , PAGE 2
STATION: ELKINS WV
MONTH: OCTOBER
YEAR: 2021
LATITUDE: 38 52 N
LONGITUDE: 79 51 W
[TEMPERATURE DATA] [PRECIPITATION DATA] SYMBOLS USED IN COLUMN 16
AVERAGE MONTHLY: 58.2 TOTAL FOR MONTH: 2.83 1 = FOG OR MIST
DPTR FM NORMAL: 5.5 DPTR FM NORMAL: -0.25 2 = FOG REDUCING VISIBILITY
HIGHEST: 83 ON 5 GRTST 24HR 0.54 ON 8- 9 TO 1/4 MILE OR LESS
LOWEST: 33 ON 19 3 = THUNDER
SNOW, ICE PELLETS, HAIL 4 = ICE PELLETS
TOTAL MONTH: 0.0 INCH 5 = HAIL
GRTST 24HR 0.0 6 = FREEZING RAIN OR DRIZZLE
GRTST DEPTH: 0 7 = DUSTSTORM OR SANDSTORM:
VSBY 1/2 MILE OR LESS
8 = SMOKE OR HAZE
[NO. OF DAYS WITH] [WEATHER - DAYS WITH] 9 = BLOWING SNOW
X = TORNADO
MAX 32 OR BELOW: 0 0.01 INCH OR MORE: 16
MAX 90 OR ABOVE: 0 0.10 INCH OR MORE: 9
MIN 32 OR BELOW: 0 0.50 INCH OR MORE: 2
MIN 0 OR BELOW: 0 1.00 INCH OR MORE: 0
[HDD (BASE 65) ]
TOTAL THIS MO. 218 CLEAR (SCALE 0-3) 4
DPTR FM NORMAL -170 PTCLDY (SCALE 4-7) 18
TOTAL FM JUL 1 297 CLOUDY (SCALE 8-10) 9
DPTR FM NORMAL -203
[CDD (BASE 65) ]
TOTAL THIS MO. 13
DPTR FM NORMAL 6 [PRESSURE DATA]
TOTAL FM JAN 1 718 HIGHEST SLP 30.37 ON 1
DPTR FM NORMAL 101 LOWEST SLP 29.45 ON 29
[REMARKS]
#FINAL-10-21#