000
CXUS56 KLKN 011210
CF6EKO
PRELIMINARY LOCAL CLIMATOLOGICAL DATA (WS FORM: F-6)
STATION: ELKO AIRPORT NV
MONTH: MARCH
YEAR: 2022
LATITUDE: 40 49 N
LONGITUDE: 115 47 W
TEMPERATURE IN F: :PCPN: SNOW: WIND :SUNSHINE: SKY :PK WND
================================================================================
1 2 3 4 5 6A 6B 7 8 9 10 11 12 13 14 15 16 17 18
12Z AVG MX 2MIN
DY MAX MIN AVG DEP HDD CDD WTR SNW DPTH SPD SPD DIR MIN PSBL S-S WX SPD DR
================================================================================
1 64 23 44 8 21 0 0.00 0.0 0 2.2 8 80 M M 0 10 100
2 68 26 47 11 18 0 0.00 0.0 0 2.8 8 100 M M 0 13 230
3 66 23 45 8 20 0 0.00 0.0 0 3.6 12 220 M M 0 18 240
4 50 27 39 2 26 0 0.20 T 0 6.1 18 250 M M 4 1 26 270
5 39 30 35 -2 30 0 0.13 T T 10.0 23 350 M M 10 12 30 360
6 37 15 26 -12 39 0 0.05 0.7 0 8.1 21 270 M M 8 128 25 280
7 35 9 22 -16 43 0 T T 1 8.1 17 220 M M 5 25 200
8 43 19 31 -7 34 0 0.02 T 0 9.3 23 260 M M 6 1 29 260
9 42 26 34 -4 31 0 0.04 0.4 T 8.9 22 330 M M 9 18 30 300
10 33 16 25 -14 40 0 0.00 0.0 T 9.1 20 240 M M 1 28 240
11 44 12 28 -11 37 0 0.00 0.0 0 5.6 18 260 M M 3 23 260
12 59 21 40 1 25 0 0.00 0.0 0 3.9 14 220 M M 0 20 220
13 49 26 38 -2 27 0 T T 0 11.7 37 260 M M 7 52 190
14 56 22 39 -1 26 0 0.00 0.0 0 4.4 13 270 M M 0 19 280
15 50 28 39 -1 26 0 0.03 0.0 0 5.6 17 270 M M 7 22 270
16 51 27 39 -1 26 0 0.00 0.0 0 6.1 21 300 M M 5 31 300
17 52 21 37 -3 28 0 0.00 0.0 0 2.8 8 300 M M 2 11 60
18 57 25 41 0 24 0 0.00 0.0 0 2.8 14 210 M M 1 18 220
19 58 32 45 4 20 0 0.04 0.0 0 7.6 24 240 M M 5 37 230
20 42 25 34 -7 31 0 0.06 T 0 8.2 22 300 M M 3 1 30 290
21 52 23 38 -3 27 0 0.00 0.0 0 5.3 18 260 M M 7 24 310
22 60 27 44 2 21 0 0.00 0.0 0 3.3 15 350 M M 3 21 300
23 67 28 48 6 17 0 0.00 0.0 0 3.9 13 250 M M 0 18 240
24 71 32 52 10 13 0 0.00 0.0 0 4.4 17 260 M M 0 22 290
25 77 30 54 12 11 0 0.00 0.0 0 5.7 22 250 M M 0 28 240
26 72 34 53 11 12 0 0.00 0.0 0 3.6 14 270 M M 0 19 260
27 76 36 56 14 9 0 0.00 0.0 0 9.3 23 180 M M 0 35 170
28 67 39 53 11 12 0 0.00 0.0 0 10.6 32 180 M M 3 47 210
29 56 33 45 3 20 0 0.00 0.0 0 8.2 23 320 M M 6 36 320
30 63 24 44 1 21 0 0.03 0.0 0 7.6 26 320 M M 3 35 330
31 53 27 40 -3 25 0 0.00 0.0 0 5.0 22 270 M M 2 29 280
================================================================================
SM 1709 786 760 0 0.60 1.1 193.8 M 100
================================================================================
AV 55.1 25.4 6.3 FASTST M M 3 MAX(MPH)
MISC ----> 37 260 52 190
================================================================================
NOTES:
# LAST OF SEVERAL OCCURRENCES
COLUMN 17 PEAK WIND IN M.P.H.
PRELIMINARY LOCAL CLIMATOLOGICAL DATA (WS FORM: F-6) , PAGE 2
STATION: ELKO AIRPORT NV
MONTH: MARCH
YEAR: 2022
LATITUDE: 40 49 N
LONGITUDE: 115 47 W
[TEMPERATURE DATA] [PRECIPITATION DATA] SYMBOLS USED IN COLUMN 16
AVERAGE MONTHLY: 40.2 TOTAL FOR MONTH: 0.60 1 = FOG OR MIST
DPTR FM NORMAL: 0.3 DPTR FM NORMAL: -0.37 2 = FOG REDUCING VISIBILITY
HIGHEST: 77 ON 25 GRTST 24HR 0.32 ON 4- 5 TO 1/4 MILE OR LESS
LOWEST: 9 ON 7 3 = THUNDER
SNOW, ICE PELLETS, HAIL 4 = ICE PELLETS
TOTAL MONTH: 1.1 INCHES 5 = HAIL
GRTST 24HR 0.7 ON 6- 6 6 = FREEZING RAIN OR DRIZZLE
GRTST DEPTH: 1 ON 7 7 = DUSTSTORM OR SANDSTORM:
VSBY 1/2 MILE OR LESS
8 = SMOKE OR HAZE
[NO. OF DAYS WITH] [WEATHER - DAYS WITH] 9 = BLOWING SNOW
X = TORNADO
MAX 32 OR BELOW: 0 0.01 INCH OR MORE: 9
MAX 90 OR ABOVE: 0 0.10 INCH OR MORE: 2
MIN 32 OR BELOW: 27 0.50 INCH OR MORE: 0
MIN 0 OR BELOW: 0 1.00 INCH OR MORE: 0
[HDD (BASE 65) ]
TOTAL THIS MO. 760 CLEAR (SCALE 0-3) 18
DPTR FM NORMAL -17 PTCLDY (SCALE 4-7) 11
TOTAL FM JUL 1 5353 CLOUDY (SCALE 8-10) 2
DPTR FM NORMAL -350
[CDD (BASE 65) ]
TOTAL THIS MO. 0
DPTR FM NORMAL 0 [PRESSURE DATA]
TOTAL FM JAN 1 0 HIGHEST SLP 30.53 ON 11
DPTR FM NORMAL 0 LOWEST SLP 29.48 ON 28
[REMARKS]
#FINAL-03-22#