000
CXUS54 KEPZ 011030
CF6ELP
PRELIMINARY LOCAL CLIMATOLOGICAL DATA (WS FORM: F-6)
STATION: EL PASO
MONTH: MAY
YEAR: 2022
LATITUDE: 31 47 N
LONGITUDE: 106 24 W
TEMPERATURE IN F: :PCPN: SNOW: WIND :SUNSHINE: SKY :PK WND
================================================================================
1 2 3 4 5 6A 6B 7 8 9 10 11 12 13 14 15 16 17 18
12Z AVG MX 2MIN
DY MAX MIN AVG DEP HDD CDD WTR SNW DPTH SPD SPD DIR MIN PSBL S-S WX SPD DR
================================================================================
1 91 60 76 6 0 11 0.00 0.0 0 11.2 36 260 M M 3 45 260
2 89 66 78 7 0 13 0.00 0.0 0 16.6 32 270 M M 0 45 260
3 88 66 77 6 0 12 0.00 0.0 0 12.8 26 260 M M 6 36 280
4 88 70 79 8 0 14 0.00 0.0 0 15.1 30 250 M M 5 41 250
5 85 56 71 -1 0 6 0.00 0.0 0 8.3 22 280 M M 0 33 280
6 94 59 77 5 0 12 0.00 0.0 0 9.4 25 260 M M 1 36 250
7 96 66 81 9 0 16 0.00 0.0 0 14.3 29 250 M M 1 41 250
8 94 69 82 9 0 17 0.00 0.0 0 19.4 33 240 M M 1 44 240
9 92 69 81 8 0 16 0.00 0.0 0 17.2 28 240 M M 1 36 240
10 95 60 78 5 0 13 0.00 0.0 0 6.1 22 240 M M 1 29 210
11 97 63 80 6 0 15 0.00 0.0 0 10.9 28 260 M M 1 38 260
12 91 68 80 6 0 15 0.00 0.0 0 10.8 24 270 M M 4 39 290
13 92 53 73 -1 0 8 0.00 0.0 0 5.6 15 280 M M 1 8 23 10
14 96 54 75 0 0 10 0.00 0.0 0 5.3 15 360 M M 1 20 360
15 99 50 75 0 0 10 0.00 0.0 0 3.1 9 190 M M 3 16 230
16 101 61 81 6 0 16 0.00 0.0 0 7.1 21 260 M M 4 31 260
17 96 76 86 10 0 21 0.00 0.0 0 14.5 28 260 M M 2 38 250
18 96 72 84 8 0 19 0.00 0.0 0 11.9 25 270 M M 0 34 290
19 95 70 83 7 0 18 0.00 0.0 0 16.1 30 260 M M 1 40 270
20 92 73 83 6 0 18 0.00 0.0 0 19.8 31 260 M M 3 42 270
21 92 65 79 2 0 14 0.00 0.0 0 8.2 22 250 M M 0 34 270
22 76 60 68 -10 0 3 0.00 0.0 0 10.5 20 110 M M 5 29 90
23 92 57 75 -3 0 10 0.00 0.0 0 9.8 32 270 M M 3 46 260
24 89 60 75 -3 0 10 0.00 0.0 0 13.6 31 290 M M 3 47 240
25 90 52 71 -7 0 6 0.00 0.0 0 5.4 18 270 M M 2 26 280
26 97 60 79 0 0 14 0.00 0.0 0 5.1 15 280 M M 1 21 250
27 103 64 84 5 0 19 0.00 0.0 0 7.3 29 260 M M 3 39 260
28 102 76 89 9 0 24 0.00 0.0 0 16.2 36 240 M M 4 48 230
29 96 73 85 5 0 20 0.00 0.0 0 19.0 35 260 M M 3 48 260
30 93 71 82 2 0 17 0.00 0.0 0 14.1 28 260 M M 0 37 280
31 95 64 80 -1 0 15 0.00 0.0 0 5.9 18 260 M M 1 25 270
================================================================================
SM 2892 1983 0 432 0.00 0.0 350.6 M 64
================================================================================
AV 93.3 64.0 11.3 FASTST M M 2 MAX(MPH)
MISC ----> # 36 260 # 48 230
================================================================================
NOTES:
# LAST OF SEVERAL OCCURRENCES
COLUMN 17 PEAK WIND IN M.P.H.
PRELIMINARY LOCAL CLIMATOLOGICAL DATA (WS FORM: F-6) , PAGE 2
STATION: EL PASO
MONTH: MAY
YEAR: 2022
LATITUDE: 31 47 N
LONGITUDE: 106 24 W
[TEMPERATURE DATA] [PRECIPITATION DATA] SYMBOLS USED IN COLUMN 16
AVERAGE MONTHLY: 78.6 TOTAL FOR MONTH: 0.00 1 = FOG OR MIST
DPTR FM NORMAL: 3.2 DPTR FM NORMAL: -0.43 2 = FOG REDUCING VISIBILITY
HIGHEST: 103 ON 27 GRTST 24HR 0.00 ON 1- 1 TO 1/4 MILE OR LESS
LOWEST: 50 ON 15 3 = THUNDER
SNOW, ICE PELLETS, HAIL 4 = ICE PELLETS
TOTAL MONTH: 0.0 INCH 5 = HAIL
GRTST 24HR 0.0 6 = FREEZING RAIN OR DRIZZLE
GRTST DEPTH: 0 7 = DUSTSTORM OR SANDSTORM:
VSBY 1/2 MILE OR LESS
8 = SMOKE OR HAZE
[NO. OF DAYS WITH] [WEATHER - DAYS WITH] 9 = BLOWING SNOW
X = TORNADO
MAX 32 OR BELOW: 0 0.01 INCH OR MORE: 0
MAX 90 OR ABOVE: 25 0.10 INCH OR MORE: 0
MIN 32 OR BELOW: 0 0.50 INCH OR MORE: 0
MIN 0 OR BELOW: 0 1.00 INCH OR MORE: 0
[HDD (BASE 65) ]
TOTAL THIS MO. 0 CLEAR (SCALE 0-3) 24
DPTR FM NORMAL -6 PTCLDY (SCALE 4-7) 7
TOTAL FM JUL 1 1997 CLOUDY (SCALE 8-10) 0
DPTR FM NORMAL -208
[CDD (BASE 65) ]
TOTAL THIS MO. 432
DPTR FM NORMAL 103 [PRESSURE DATA]
TOTAL FM JAN 1 603 HIGHEST SLP 30.06 ON 22
DPTR FM NORMAL 141 LOWEST SLP 29.34 ON 29
[REMARKS]
#FINAL-05-22#