000
CXUS56 KLKN 011310
CF6ELY
PRELIMINARY LOCAL CLIMATOLOGICAL DATA (WS FORM: F-6)
STATION: ELY AIRPORT NV
MONTH: NOVEMBER
YEAR: 2022
LATITUDE: 39 16 N
LONGITUDE: 114 51 W
TEMPERATURE IN F: :PCPN: SNOW: WIND :SUNSHINE: SKY :PK WND
================================================================================
1 2 3 4 5 6A 6B 7 8 9 10 11 12 13 14 15 16 17 18
12Z AVG MX 2MIN
DY MAX MIN AVG DEP HDD CDD WTR SNW DPTH SPD SPD DIR MIN PSBL S-S WX SPD DR
================================================================================
1 58 42 50 9 15 0 T 0.0 0 22.2 44 180 M M 3 8 64 160
2 48 27 38 -2 27 0 0.23 2.8 3 5.3 33 200 M M 10 1 46 200
3 35 16 26 -14 39 0 0.00 0.0 2 11.8 25 360 M M 5 33 10
4 47 12 30 -10 35 0 0.00 0.0 2 4.1 21 310 M M 5 30 300
5 56 26 41 2 24 0 T 0.0 0 6.5 18 270 M M 8 26 280
6 46 32 39 0 26 0 0.21 0.0 0 11.9 31 150 M M 7 1 42 150
7 51 44 48 10 17 0 T 0.0 0 22.6 38 150 M M 5 54 130
8 46 32 39 1 26 0 0.87 T 0 20.1 47 210 M M 9 1 65 220
9 35 24 30 -8 35 0 0.18 1.5 2 8.4 26 220 M M 7 18 39 210
10 36 11 24 -13 41 0 0.00 0.0 2 6.2 14 290 M M 0 20 320
11 37 5 21 -16 44 0 0.00 0.0 2 5.7 13 190 M M 0 16 190
12 43 13 28 -8 37 0 0.00 0.0 1 8.7 21 200 M M 1 26 190
13 38 19 29 -7 36 0 0.00 0.0 T 11.0 23 10 M M 4 33 20
14 36 10 23 -13 42 0 0.00 0.0 T 7.4 17 10 M M 0 23 20
15 36 9 23 -12 42 0 0.00 0.0 T 10.7 25 350 M M 0 33 350
16 42 7 25 -10 40 0 0.00 0.0 T 7.4 15 190 M M 0 19 190
17 49 7 28 -6 37 0 0.00 0.0 0 9.3 17 180 M M 0 23 180
18 33 9 21 -13 44 0 0.00 0.0 0 12.7 25 10 M M 0 33 10
19 36 1 19 -15 46 0 0.00 0.0 0 7.2 14 180 M M 0 19 10
20 53 4 29 -4 36 0 0.00 0.0 0 8.3 16 180 M M 0 21 170
21 54 9 32 -1 33 0 0.00 0.0 0 8.2 16 180 M M 0 21 170
22 54 11 33 1 32 0 0.00 0.0 0 8.0 15 170 M M 0 18 180
23 46 17 32 0 33 0 0.00 0.0 0 11.1 24 310 M M 0 34 320
24 45 9 27 -5 38 0 0.00 0.0 0 8.5 21 30 M M 0 27 30
25 57 11 34 3 31 0 0.00 0.0 0 6.9 15 170 M M 0 18 170
26 45 15 30 -1 35 0 T T 0 9.7 14 330 M M 5 20 360
27 48 12 30 0 35 0 0.00 0.0 0 7.9 17 190 M M 0 21 190
28 43 16 30 0 35 0 T 0.2 0 9.2 25 280 M M 5 1 36 280
29 33 10 22 -8 43 0 T 0.1 T 6.0 16 350 M M 3 24 320
30 45 9 27 -2 38 0 0.00 0.0 0 11.8 25 150 M M 0 34 140
================================================================================
SM 1331 469 1042 0 1.49 4.6 294.8 M 77
================================================================================
AV 44.4 15.6 9.8 FASTST M M 3 MAX(MPH)
MISC ----> 47 210 65 220
================================================================================
NOTES:
# LAST OF SEVERAL OCCURRENCES
COLUMN 17 PEAK WIND IN M.P.H.
PRELIMINARY LOCAL CLIMATOLOGICAL DATA (WS FORM: F-6) , PAGE 2
STATION: ELY AIRPORT NV
MONTH: NOVEMBER
YEAR: 2022
LATITUDE: 39 16 N
LONGITUDE: 114 51 W
[TEMPERATURE DATA] [PRECIPITATION DATA] SYMBOLS USED IN COLUMN 16
AVERAGE MONTHLY: 30.0 TOTAL FOR MONTH: 1.49 1 = FOG OR MIST
DPTR FM NORMAL: -5.1 DPTR FM NORMAL: 0.86 2 = FOG REDUCING VISIBILITY
HIGHEST: 58 ON 1 GRTST 24HR 0.87 ON 8- 8 TO 1/4 MILE OR LESS
LOWEST: 1 ON 19 3 = THUNDER
SNOW, ICE PELLETS, HAIL 4 = ICE PELLETS
TOTAL MONTH: 4.6 INCHES 5 = HAIL
GRTST 24HR 2.8 ON 2- 2 6 = FREEZING RAIN OR DRIZZLE
GRTST DEPTH: 3 ON 2 7 = DUSTSTORM OR SANDSTORM:
VSBY 1/2 MILE OR LESS
8 = SMOKE OR HAZE
[NO. OF DAYS WITH] [WEATHER - DAYS WITH] 9 = BLOWING SNOW
X = TORNADO
MAX 32 OR BELOW: 0 0.01 INCH OR MORE: 4
MAX 90 OR ABOVE: 0 0.10 INCH OR MORE: 4
MIN 32 OR BELOW: 28 0.50 INCH OR MORE: 1
MIN 0 OR BELOW: 0 1.00 INCH OR MORE: 0
[HDD (BASE 65) ]
TOTAL THIS MO. 1042 CLEAR (SCALE 0-3) 19
DPTR FM NORMAL 144 PTCLDY (SCALE 4-7) 9
TOTAL FM JUL 1 1724 CLOUDY (SCALE 8-10) 2
DPTR FM NORMAL -2
[CDD (BASE 65) ]
TOTAL THIS MO. 0
DPTR FM NORMAL 0 [PRESSURE DATA]
TOTAL FM JAN 1 497 HIGHEST SLP 30.74 ON 16
DPTR FM NORMAL 197 LOWEST SLP 29.41 ON 8
[REMARKS]
#FINAL-11-22#