000
CXUS53 KTOP 011615
CLMEMP
CLIMATE REPORT
NATIONAL WEATHER SERVICE TOPEKA KS
1015 AM CST FRI DEC 01 2023
...................................
...THE EMPORIA KS CLIMATE SUMMARY FOR THE MONTH OF NOVEMBER 2023...
CLIMATE NORMAL PERIOD 1991 TO 2020
CLIMATE RECORD PERIOD 9999 TO 9999
WEATHER OBSERVED NORMAL DEPART LAST YEAR`S
VALUE DATE(S) VALUE FROM VALUE
NORMAL
..............................................................
TEMPERATURE (F)
HIGHEST 77 11/07 81
LOWEST 15 11/28 15
AVG. MAXIMUM 58.9 55.9 3.0 54.8
AVG. MINIMUM 35.0 33.3 1.7 31.0
MEAN 47.0 44.6 2.4 42.9
DAYS MAX >= 90 0 0.0 0.0 0
DAYS MAX <= 32 1 0.7 0.3 1
DAYS MIN <= 32 12 14.0 -2.0 18
DAYS MIN <= 0 0 0.0 0.0 0
PRECIPITATION (INCHES)
TOTALS 2.15 1.85 0.30 4.09
DAILY AVG. 0.07 0.14
DAYS >= .01 5 6
DAYS >= .10 4 6
DAYS >= .50 2 2
DAYS >= 1.00 0 2
GREATEST
24 HR. TOTAL 0.85 11/19 TO 11/20 2.68
DEGREE DAYS
HEATING TOTAL 534 614 -80 662
SINCE 7/1 773 937 -164 MM
COOLING TOTAL 0 2 -2 7
SINCE 1/1 1850 1433 417 MM
..............................................................
WIND (MPH)
AVERAGE WIND SPEED 9.2
HIGHEST WIND SPEED/DIRECTION 28/200 DATE 11/02
HIGHEST GUST SPEED/DIRECTION 38/180 DATE 11/16
SKY COVER
POSSIBLE SUNSHINE (PERCENT) MM
AVERAGE SKY COVER 0.20
NUMBER OF DAYS FAIR 22
NUMBER OF DAYS PC 6
NUMBER OF DAYS CLOUDY 2
AVERAGE RH (PERCENT) 65
WEATHER CONDITIONS. NUMBER OF DAYS WITH
THUNDERSTORM 0 MIXED PRECIP 0
HEAVY RAIN 2 RAIN 3
LIGHT RAIN 4 FREEZING RAIN 0
LT FREEZING RAIN 0 HAIL 0
HEAVY SNOW 1 SNOW 2
LIGHT SNOW 2 SLEET 0
FOG 13 FOG W/VIS <= 1/4 MILE 5
HAZE 10
- INDICATES NEGATIVE NUMBERS.
R INDICATES RECORD WAS SET OR TIED.
MM INDICATES DATA IS MISSING.
T INDICATES TRACE AMOUNT.
$$