000
CXUS53 KMKX 010810
CF6ENW
PRELIMINARY LOCAL CLIMATOLOGICAL DATA (WS FORM: F-6)
STATION: KENOSHA WI
MONTH: OCTOBER
YEAR: 2021
LATITUDE: 42 35 N
LONGITUDE: 87 56 W
TEMPERATURE IN F: :PCPN: SNOW: WIND :SUNSHINE: SKY :PK WND
================================================================================
1 2 3 4 5 6A 6B 7 8 9 10 11 12 13 14 15 16 17 18
12Z AVG MX 2MIN
DY MAX MIN AVG DEP HDD CDD WTR SNW DPTH SPD SPD DIR MIN PSBL S-S WX SPD DR
================================================================================
1 85 52 69 11 0 4 0.00 M M 5.4 13 140 M M 1 12 16 140
2 83 68 76 18 0 11 T M M 6.9 18 180 M M 4 13 25 180
3 76 65 71 13 0 6 0.19 M M 4.5 12 90 M M 8 13 14 90
4 73 65 69 12 0 4 0.00 M M 8.9 18 20 M M 9 18 29 20
5 67 64 66 9 0 1 T M M 8.6 15 60 M M 10 20 60
6 68 62 65 8 0 0 0.00 M M 10.0 16 60 M M 9 18 21 60
7 71 62 67 11 0 2 1.08 M M 6.4 14 90 M M 9 12 18 90
8 75 59 67 11 0 2 0.04 M M 4.1 12 110 M M 6 12 14 100
9 76 63 70 15 0 5 0.02 M M 6.4 13 150 M M 4 18 18 140
10 74 68 71 16 0 6 0.06 M M 10.0 25 200 M M 3 34 200
11 79 64 72 17 0 7 0.58 M M 11.2 20 190 M M 6 1 30 210
12 66 54 60 6 5 0 0.09 M M 9.2 16 250 M M 9 12 21 260
13 70 50 60 6 5 0 0.08 M M 7.5 24 150 M M 5 12 33 160
14 72 47 60 6 5 0 0.01 M M 7.5 17 250 M M 4 1 25 240
15 62 45 54 1 11 0 T M M 5.7 13 340 M M 3 18 290
16 60 40 50 -3 15 0 0.00 M M 10.3 22 310 M M 1 33 280
17 68 39 54 2 11 0 0.00 M M 7.5 16 270 M M 0 25 270
18 73 39 56 4 9 0 0.00 M M 4.6 13 250 M M 0 16 210
19 74 47 61 9 4 0 0.00 M M 7.0 16 190 M M 0 23 200
20 75 51 63 12 2 0 0.03 M M 6.2 16 200 M M 3 3 21 200
21 64 36 50 -1 15 0 0.04 M M 9.5 23 250 M M 7 18 30 260
22 54 33 44 -6 21 0 0.00 M M 4.9 9 360 M M 6 1 14 360
23 56 33 45 -5 20 0 0.00 M M 3.9 12 310 M M 1 18 280
24 54 31 43 -7 22 0 0.82 M M 15.0 38 80 M M 6 13 50 70
25 55 47 51 2 14 0 0.51 M M 16.4 33 70 M M 9 1 46 70
26 58 39 49 0 16 0 0.00 0.0 0 6.3 12 20 M M 3 18 10
27 56 36 46 -2 19 0 0.00 M M 7.6 18 110 M M 4 24 110
28 57 52 55 7 10 0 0.37 M M 11.4 20 60 M M 10 1 28 80
29 56 53 55 7 10 0 0.40 M M 15.4 25 20 M M 10 18 37 20
30 61 39 50 3 15 0 0.00 M M 8.4 21 30 M M 5 30 30
31 55 32 44 -3 21 0 0.00 M M 9.3 21 290 M M 2 31 300
================================================================================
SM 2073 1535 250 48 4.32 0.0 256.0 M 157
================================================================================
AV 66.9 49.5 8.3 FASTST M M 5 MAX(MPH)
MISC ----> 38 80 50 70
================================================================================
NOTES:
# LAST OF SEVERAL OCCURRENCES
COLUMN 17 PEAK WIND IN M.P.H.
PRELIMINARY LOCAL CLIMATOLOGICAL DATA (WS FORM: F-6) , PAGE 2
STATION: KENOSHA WI
MONTH: OCTOBER
YEAR: 2021
LATITUDE: 42 35 N
LONGITUDE: 87 56 W
[TEMPERATURE DATA] [PRECIPITATION DATA] SYMBOLS USED IN COLUMN 16
AVERAGE MONTHLY: 58.2 TOTAL FOR MONTH: 4.32 1 = FOG OR MIST
DPTR FM NORMAL: 5.5 DPTR FM NORMAL: 1.42 2 = FOG REDUCING VISIBILITY
HIGHEST: 85 ON 1 GRTST 24HR 1.33 ON 24-25 TO 1/4 MILE OR LESS
LOWEST: 31 ON 24 3 = THUNDER
SNOW, ICE PELLETS, HAIL 4 = ICE PELLETS
TOTAL MONTH: 0.0 INCH 5 = HAIL
GRTST 24HR 0.0 6 = FREEZING RAIN OR DRIZZLE
GRTST DEPTH: 0 7 = DUSTSTORM OR SANDSTORM:
VSBY 1/2 MILE OR LESS
8 = SMOKE OR HAZE
[NO. OF DAYS WITH] [WEATHER - DAYS WITH] 9 = BLOWING SNOW
X = TORNADO
MAX 32 OR BELOW: 0 0.01 INCH OR MORE: 15
MAX 90 OR ABOVE: 0 0.10 INCH OR MORE: 7
MIN 32 OR BELOW: 2 0.50 INCH OR MORE: 4
MIN 0 OR BELOW: 0 1.00 INCH OR MORE: 1
[HDD (BASE 65) ]
TOTAL THIS MO. 250 CLEAR (SCALE 0-3) 10
DPTR FM NORMAL -144 PTCLDY (SCALE 4-7) 12
TOTAL FM JUL 1 274 CLOUDY (SCALE 8-10) 9
DPTR FM NORMAL -249
[CDD (BASE 65) ]
TOTAL THIS MO. 48
DPTR FM NORMAL 37 [PRESSURE DATA]
TOTAL FM JAN 1 1050 HIGHEST SLP M ON M
DPTR FM NORMAL 329 LOWEST SLP 29.56 ON 29
[REMARKS]
#FINAL-10-21#