429
CXUS56 KOTX 010910
CF6EPH
PRELIMINARY LOCAL CLIMATOLOGICAL DATA (WS FORM: F-6)
STATION: EPHRATA WA AIRPORT
MONTH: MARCH
YEAR: 2021
LATITUDE: 47 18 N
LONGITUDE: 119 31 W
TEMPERATURE IN F: :PCPN: SNOW: WIND :SUNSHINE: SKY :PK WND
================================================================================
1 2 3 4 5 6A 6B 7 8 9 10 11 12 13 14 15 16 17 18
12Z AVG MX 2MIN
DY MAX MIN AVG DEP HDD CDD WTR SNW DPTH SPD SPD DIR MIN PSBL S-S WX SPD DR
================================================================================
1 53 32 43 5 22 0 0.00 M M 5.7 12 10 M M 1 14 10
2 59 29 44 6 21 0 0.00 M M 5.8 18 230 M M 1 24 230
3 59 25 42 3 23 0 0.00 M M 6.9 16 310 M M 0 20 310
4 55 34 45 6 20 0 0.00 M M 6.3 14 360 M M 0 18 350
5 58 36 47 8 18 0 T M M 6.2 23 310 M M 5 30 300
6 56 31 44 4 21 0 0.00 M M 5.7 16 210 M M 6 20 210
7 54 30 42 2 23 0 0.00 M M 9.0 24 230 M M 3 34 280
8 51 25 38 -2 27 0 0.00 M M 8.3 17 10 M M 1 21 20
9 51 24 38 -3 27 0 0.00 M M 4.6 12 120 M M 2 15 160
10 52 26 39 -2 26 0 0.00 M M 6.9 15 340 M M 4 17 340
11 55 32 44 2 21 0 0.00 M M 7.2 17 340 M M 0 24 330
12 56 24 40 -2 25 0 0.00 M M 4.7 10 20 M M 0 11 20
13 60 28 44 2 21 0 0.00 M M 4.4 8 40 M M 0 11 40
14 55 31 43 1 22 0 T M M 5.5 10 220 M M 3 13 30
15 53 40 47 4 18 0 T M M 11.3 22 360 M M 9 27 300
16 57 33 45 2 20 0 0.00 M M 5.7 20 340 M M 3 24 330
17 58 29 44 0 21 0 0.00 M M 5.7 13 310 M M 1 15 310
18 61 36 49 5 16 0 0.03 M M 8.5 30 300 M M 3 8 37 310
19 59 34 47 3 18 0 T M M 9.1 21 210 M M 5 28 220
20 59 34 47 3 18 0 0.00 M M 10.5 23 220 M M 3 30 240
21 50 35 43 -2 22 0 0.00 M M 7.5 21 210 M M 4 26 210
22 56 32 44 -1 21 0 0.00 M M 11.7 25 280 M M 2 32 300
23 58 32 45 0 20 0 0.00 M M 8.4 23 300 M M 0 29 300
24 60 35 48 2 17 0 0.00 M M 9.3 23 260 M M 5 27 260
25 59 36 48 2 17 0 T M M 7.2 18 340 M M 7 23 340
26 62 39 51 5 14 0 0.00 M M 8.6 24 310 M M 1 30 310
27 65 35 50 4 15 0 0.00 M M 5.7 21 310 M M 0 26 310
28 66 33 50 4 15 0 T M M 15.8 43 270 M M 2 8 50 270
29 52 34 43 -4 22 0 0.00 M M 16.4 23 310 M M 1 35 310
30 55 24 40 -7 25 0 0.00 M M 6.0 18 230 M M 0 23 220
31 61 25 43 -4 22 0 0.00 M M 5.3 12 180 M M 0 15 140
================================================================================
SM 1765 973 638 0 0.03 M 239.9 M 72
================================================================================
AV 56.9 31.4 7.7 FASTST M M 2 MAX(MPH)
MISC ----> 43 270 50 270
================================================================================
NOTES:
# LAST OF SEVERAL OCCURRENCES
COLUMN 17 PEAK WIND IN M.P.H.
PRELIMINARY LOCAL CLIMATOLOGICAL DATA (WS FORM: F-6) , PAGE 2
STATION: EPHRATA WA AIRPORT
MONTH: MARCH
YEAR: 2021
LATITUDE: 47 18 N
LONGITUDE: 119 31 W
[TEMPERATURE DATA] [PRECIPITATION DATA] SYMBOLS USED IN COLUMN 16
AVERAGE MONTHLY: 44.2 TOTAL FOR MONTH: 0.03 1 = FOG OR MIST
DPTR FM NORMAL: 1.2 DPTR FM NORMAL: -0.65 2 = FOG REDUCING VISIBILITY
HIGHEST: 66 ON 28 GRTST 24HR 0.03 ON 18-18 TO 1/4 MILE OR LESS
LOWEST: 24 ON 30,12 3 = THUNDER
SNOW, ICE PELLETS, HAIL 4 = ICE PELLETS
TOTAL MONTH: M 5 = HAIL
GRTST 24HR M ON M 6 = FREEZING RAIN OR DRIZZLE
GRTST DEPTH: M ON M 7 = DUSTSTORM OR SANDSTORM:
VSBY 1/2 MILE OR LESS
8 = SMOKE OR HAZE
[NO. OF DAYS WITH] [WEATHER - DAYS WITH] 9 = BLOWING SNOW
X = TORNADO
MAX 32 OR BELOW: 0 0.01 INCH OR MORE: 1
MAX 90 OR ABOVE: 0 0.10 INCH OR MORE: 0
MIN 32 OR BELOW: 17 0.50 INCH OR MORE: 0
MIN 0 OR BELOW: 0 1.00 INCH OR MORE: 0
[HDD (BASE 65) ]
TOTAL THIS MO. 638 CLEAR (SCALE 0-3) 20
DPTR FM NORMAL -46 PTCLDY (SCALE 4-7) 10
TOTAL FM JUL 1 4731 CLOUDY (SCALE 8-10) 1
DPTR FM NORMAL -526
[CDD (BASE 65) ]
TOTAL THIS MO. 0
DPTR FM NORMAL 0 [PRESSURE DATA]
TOTAL FM JAN 1 0 HIGHEST SLP M ON M
DPTR FM NORMAL 0 LOWEST SLP 29.61 ON 24
[REMARKS]
#FINAL-03-21#