000
CXUS51 KCLE 011648
CLMERI
CLIMATE REPORT
NATIONAL WEATHER SERVICE CLEVELAND, OH
1248 PM EDT SAT JUL 01 2023
...................................
...THE ERIE PA CLIMATE SUMMARY FOR THE MONTH OF JUNE 2023...
CLIMATE NORMAL PERIOD 1991 TO 2020
CLIMATE RECORD PERIOD 1873 TO 2023
WEATHER OBSERVED NORMAL DEPART LAST YEAR`S
VALUE DATE(S) VALUE FROM VALUE
NORMAL
..............................................................
TEMPERATURE (F)
RECORD
HIGH 100 06/25/1988
LOW 32 06/11/1972
HIGHEST 88 06/02
LOWEST 44 06/05
AVG. MAXIMUM 73.6 77.1 -3.5 76.9
AVG. MINIMUM 56.8 59.4 -2.6 59.2
MEAN 65.2 68.2 -3.0 68.1
DAYS MAX >= 90 0 1.1 -1.1 1
DAYS MAX <= 32 0 0.0 0.0 0
DAYS MIN <= 32 0 0.0 0.0 0
DAYS MIN <= 0 0 0.0 0.0 0
PRECIPITATION (INCHES)
RECORD
MAXIMUM 8.46 2017
MINIMUM 0.75 1991
TOTALS 5.47 3.70 1.77 1.60
DAYS >= .01 9 11.5 -2.5 9
DAYS >= .10 6 7.1 -1.1 7
DAYS >= .50 4 2.3 1.7 0
DAYS >= 1.00 1 0.8 0.2 0
GREATEST
24 HR. TOTAL 2.76 06/26 TO 06/27 0.55
SNOWFALL (INCHES)
RECORDS
TOTAL T 1990
TOTALS 0.0 0.0 0.0 0.0
SINCE 7/1 52.0 104.3 -52.3 61.4
DAYS >= 1.0 0 0.0 0.0 0
GREATEST
24 HR TOTAL 0.0
DEGREE DAYS
HEATING TOTAL 64 46 18 33
SINCE 7/1 5528 5905 -377 5307
COOLING TOTAL 77 144 -67 132
SINCE 1/1 98 197 -99 197
..............................................................
WIND (MPH)
AVERAGE WIND SPEED 7.3
HIGHEST WIND SPEED/DIRECTION 29/050 DATE 06/03
HIGHEST GUST SPEED/DIRECTION 39/050 DATE 06/03
SKY COVER
AVERAGE SKY COVER 0.39
AVERAGE RH (PERCENT) 69
WEATHER CONDITIONS. NUMBER OF DAYS WITH
THUNDERSTORM 1 MIXED PRECIP 0
HEAVY RAIN 4 RAIN 6
LIGHT RAIN 10 FREEZING RAIN 0
LT FREEZING RAIN 0 HAIL 0
HEAVY SNOW 0 SNOW 0
LIGHT SNOW 0 SLEET 0
FOG 17 FOG W/VIS <= 1/4 MILE 2
HAZE 15
- INDICATES NEGATIVE NUMBERS.
R INDICATES RECORD WAS SET OR TIED.
MM INDICATES DATA IS MISSING.
T INDICATES TRACE AMOUNT.
$$