000
CXUS51 KCLE 031749
CLSERI
CLIMATE REPORT
NATIONAL WEATHER SERVICE CLEVELAND, OH
149 PM EDT SAT JUN 03 2023
...................................
...THE ERIE PA CLIMATE SUMMARY FOR THE SEASON, FROM
3/1/2023 TO 5/31/2023...
CLIMATE NORMAL PERIOD 1991 TO 2020
CLIMATE RECORD PERIOD 1873 TO 2023
WEATHER OBSERVED NORMAL DEPART
VALUE DATE(S) VALUE FROM
NORMAL
................................................
TEMPERATURE (F)
RECORD
HIGH 91 05/30/1879
LOW -9 03/02/1980
HIGHEST 82 04/16
05/30
05/31
LOWEST 20 03/30
AVG. MAXIMUM 55.8 56.5 -0.7
AVG. MINIMUM 39.0 38.4 0.6
MEAN 47.4 47.4 0.0
DAYS MAX >= 90 0 0.2
DAYS MAX <= 32 3 6.3
DAYS MIN <= 32 28 30.3
DAYS MIN <= 0 0 0.1
PRECIPITATION (INCHES)
RECORD
MAXIMUM 19.76 2011
MINIMUM 4.46 1962
TOTALS 9.21 10.05 -0.84
DAYS >= .01 34 41.8
DAYS >= .10 19 24.8
DAYS >= .50 9 6.1
DAYS >= 1.00 0 1.0
SNOWFALL (INCHES)
RECORDS
TOTAL 42.0 2018
TOTALS 9.8 17.1
DAYS >= TRACE 14
DAYS >= 1.0 2 4.5
DEGREE DAYS
HEATING TOTAL 1615 1668 -53
COOLING TOTAL 21 52 -31
................................................
WIND (MPH)
HIGHEST GUST SPEED/DIRECTION 55/170 DATE 03/25
SKY COVER
POSSIBLE SUNSHINE (PERCENT) MM
NUMBER OF DAYS FAIR 46
NUMBER OF DAYS PC 19
NUMBER OF DAYS CLOUDY 27
WEATHER CONDITIONS. NUMBER OF DAYS WITH
THUNDERSTORM 6 MIXED PRECIP 0
HEAVY RAIN 6 RAIN 14
LIGHT RAIN 37 FREEZING RAIN 0
LT FREEZING RAIN 0 HAIL 0
HEAVY SNOW 2 SNOW 5
LIGHT SNOW 13 SLEET 0
FOG 39 FOG W/VIS <= 1/4 MILE 4
HAZE 15
- INDICATES NEGATIVE NUMBERS.
R INDICATES RECORD WAS SET OR TIED.
MM INDICATES DATA IS MISSING.
T INDICATES TRACE AMOUNT.
$$