000
CXUS53 KPAH 010730
CF6EVV
PRELIMINARY LOCAL CLIMATOLOGICAL DATA (WS FORM: F-6)
STATION: EVANSVILLE IN
MONTH: JUNE
YEAR: 2023
LATITUDE: 38 2 N
LONGITUDE: 87 32 W
TEMPERATURE IN F: :PCPN: SNOW: WIND :SUNSHINE: SKY :PK WND
================================================================================
1 2 3 4 5 6A 6B 7 8 9 10 11 12 13 14 15 16 17 18
12Z AVG MX 2MIN
DY MAX MIN AVG DEP HDD CDD WTR SNW DPTH SPD SPD DIR MIN PSBL S-S WX SPD DR
================================================================================
1 92 64 78 6 0 13 0.00 0.0 0 3.2 13 110 M M 1 1 19 110
2 93 63 78 6 0 13 0.00 0.0 0 4.2 14 40 M M 0 21 30
3 93 59 76 4 0 11 0.00 0.0 0 3.5 15 60 M M 1 8 20 60
4 93 65 79 6 0 14 0.00 0.0 0 6.8 17 30 M M 0 22 40
5 89 60 75 2 0 10 0.00 0.0 0 5.0 14 20 M M 0 19 30
6 89 56 73 0 0 8 0.00 0.0 0 2.7 10 330 M M 0 8 17 340
7 77 59 68 -6 0 3 0.02 0.0 0 4.1 17 40 M M 6 8 21 40
8 82 54 68 -6 0 3 0.00 0.0 0 4.3 9 20 M M 0 17 360
9 84 52 68 -6 0 3 0.00 0.0 0 3.1 10 30 M M 0 18 17 30
10 87 52 70 -4 0 5 0.00 0.0 0 3.7 14 190 M M 0 23 100
11 81 62 72 -3 0 7 0.52 0.0 0 9.2 23 340 M M 8 13 34 330
12 72 54 63 -12 2 0 0.00 0.0 0 6.1 15 350 M M 6 22 250
13 82 52 67 -8 0 2 0.00 0.0 0 12.0 25 220 M M 0 34 250
14 86 59 73 -2 0 8 0.00 0.0 0 6.5 17 230 M M 0 22 280
15 91 63 77 1 0 12 0.00 0.0 0 4.3 14 260 M M 0 19 260
16 82 62 72 -4 0 7 0.00 0.0 0 7.5 14 360 M M 0 8 20 50
17 84 56 70 -6 0 5 0.00 0.0 0 2.0 9 160 M M 1 18 14 70
18 85 59 72 -4 0 7 T 0.0 0 4.9 15 170 M M 2 18 21 130
19 85 69 77 0 0 12 0.03 0.0 0 8.2 18 40 M M 6 1 23 50
20 89 69 79 2 0 14 0.03 0.0 0 9.9 17 30 M M 5 24 30
21 83 66 75 -2 0 10 T 0.0 0 9.5 18 80 M M 4 27 80
22 82 64 73 -4 0 8 0.00 0.0 0 6.0 16 30 M M 4 24 30
23 86 61 74 -3 0 9 0.00 0.0 0 2.7 15 330 M M 6 22 310
24 94 64 79 1 0 14 0.00 0.0 0 4.0 15 240 M M 1 1 20 240
25 99 73 86 8 0 21 0.07 0.0 0 10.8 28 230 M M 2 38 46 220
26 89 66 78 0 0 13 0.00 0.0 0 8.8 22 240 M M 2 32 240
27 88 67 78 0 0 13 0.00 0.0 0 6.5 16 300 M M 1 8 28 300
28 89 63 76 -2 0 11 T 0.0 0 4.1 14 220 M M 0 18 20 220
29 76 67 72 -6 0 7 2.38 0.0 0 8.4 43 50 M M 6 138 55 50
30 94 68 81 3 0 16 0.04 0.0 0 4.4 15 160 M M 2 38 24 160
================================================================================
SM 2596 1848 2 279 3.09 0.0 176.4 M 64
================================================================================
AV 86.5 61.6 5.9 FASTST M M 2 MAX(MPH)
MISC ----> 43 50 55 50
================================================================================
NOTES:
# LAST OF SEVERAL OCCURRENCES
COLUMN 17 PEAK WIND IN M.P.H.
PRELIMINARY LOCAL CLIMATOLOGICAL DATA (WS FORM: F-6) , PAGE 2
STATION: EVANSVILLE IN
MONTH: JUNE
YEAR: 2023
LATITUDE: 38 2 N
LONGITUDE: 87 32 W
[TEMPERATURE DATA] [PRECIPITATION DATA] SYMBOLS USED IN COLUMN 16
AVERAGE MONTHLY: 74.1 TOTAL FOR MONTH: 3.09 1 = FOG OR MIST
DPTR FM NORMAL: -1.4 DPTR FM NORMAL: -1.35 2 = FOG REDUCING VISIBILITY
HIGHEST: 99 ON 25 GRTST 24HR 2.38 ON 29-29 TO 1/4 MILE OR LESS
LOWEST: 52 ON 13,10 3 = THUNDER
SNOW, ICE PELLETS, HAIL 4 = ICE PELLETS
TOTAL MONTH: 0.0 INCH 5 = HAIL
GRTST 24HR 0.0 6 = FREEZING RAIN OR DRIZZLE
GRTST DEPTH: 0 7 = DUSTSTORM OR SANDSTORM:
VSBY 1/2 MILE OR LESS
8 = SMOKE OR HAZE
[NO. OF DAYS WITH] [WEATHER - DAYS WITH] 9 = BLOWING SNOW
X = TORNADO
MAX 32 OR BELOW: 0 0.01 INCH OR MORE: 7
MAX 90 OR ABOVE: 8 0.10 INCH OR MORE: 2
MIN 32 OR BELOW: 0 0.50 INCH OR MORE: 2
MIN 0 OR BELOW: 0 1.00 INCH OR MORE: 1
[HDD (BASE 65) ]
TOTAL THIS MO. 2 CLEAR (SCALE 0-3) 21
DPTR FM NORMAL -2 PTCLDY (SCALE 4-7) 9
TOTAL FM JUL 1 3888 CLOUDY (SCALE 8-10) 0
DPTR FM NORMAL -447
[CDD (BASE 65) ]
TOTAL THIS MO. 279
DPTR FM NORMAL -40 [PRESSURE DATA]
TOTAL FM JAN 1 422 HIGHEST SLP M ON M
DPTR FM NORMAL -64 LOWEST SLP 29.57 ON 11
[REMARKS]
#FINAL-06-23#