000
CXUS56 KSLC 010810
CF6EVW
PRELIMINARY LOCAL CLIMATOLOGICAL DATA (WS FORM: F-6)
STATION: EVANSTON WY
MONTH: AUGUST
YEAR: 2023
LATITUDE: 41 16 N
LONGITUDE: 111 2 W
TEMPERATURE IN F: :PCPN: SNOW: WIND :SUNSHINE: SKY :PK WND
================================================================================
1 2 3 4 5 6A 6B 7 8 9 10 11 12 13 14 15 16 17 18
12Z AVG MX 2MIN
DY MAX MIN AVG DEP HDD CDD WTR SNW DPTH SPD SPD DIR MIN PSBL S-S WX SPD DR
================================================================================
1 81 57 69 0 0 4 0.15 M M 6.4 30 330 M M 6 3 41 330
2 76 54 65 -3 0 0 0.18 M M 5.2 39 210 M M 7 13 55 210
3 69 53 61 -7 4 0 0.05 M M 11.6 31 220 M M 7 1 42 220
4 77 48 63 -5 2 0 0.00 M M 11.9 24 240 M M 1 33 240
5 81 47 64 -4 1 0 0.00 M M 8.0 18 240 M M 0 24 260
6 77 52 65 -3 0 0 0.05 M M 9.6 25 60 M M 1 32 80
7 77 47 62 -6 3 0 0.00 M M 9.1 26 250 M M 2 38 250
8 72 51 62 -6 3 0 0.04 M M 10.4 28 270 M M 3 3 39 270
9 77 43 60 -7 5 0 0.00 M M 7.7 23 270 M M 0 34 280
10 82 55 69 2 0 4 0.00 M M 11.7 26 270 M M 1 36 270
11 84 51 68 1 0 3 T M M 8.8 22 240 M M 1 3 30 250
12 80 53 67 0 0 2 0.15 M M 7.8 21 300 M M 4 3 29 300
13 83 54 69 3 0 4 0.00 M M 9.1 23 80 M M 0 33 70
14 84 51 68 2 0 3 0.00 M M 8.8 21 70 M M 0 30 70
15 89 53 71 5 0 6 T M M 7.2 20 180 M M 2 3 29 190
16 89 57 73 7 0 8 0.00 M M 7.5 25 230 M M 0 3 31 240
17 88 60 74 8 0 9 0.00 M M 9.8 24 210 M M 2 3 34 210
18 84 57 71 6 0 6 T M M 11.3 25 270 M M 4 8 34 290
19 79 58 69 4 0 4 0.33 M M 5.1 35 200 M M 3 38 50 200
20 81 55 68 3 0 3 0.00 M M 6.0 16 250 M M 3 3 21 250
21 80 58 69 5 0 4 T M M 15.3 44 210 M M 2 65 200
22 69 55 62 -2 3 0 0.42 M M 7.1 29 240 M M 7 13 47 230
23 77 52 65 1 0 0 0.28 M M 8.9 33 260 M M 2 13 41 250
24 75 51 63 -1 2 0 0.14 M M 3.8 14 150 M M 6 13 19 160
25 78 52 65 1 0 0 0.00 M M 8.2 17 70 M M 0 26 80
26 82 53 68 5 0 3 0.01 M M 6.4 18 300 M M 1 3 25 310
27 80 55 68 5 0 3 0.95 M M 7.1 23 250 M M 4 13 27 290
28 80 50 65 2 0 0 0.00 M M 4.4 12 210 M M 0 17 240
29 85 54 70 8 0 5 T M M 10.5 24 220 M M 1 3 33 230
30 78 52 65 3 0 0 0.00 M M 11.8 30 250 M M 0 40 240
31 83 50 67 5 0 2 0.00 M M 9.9 31 220 M M 0 45 230
================================================================================
SM 2477 1638 23 73 2.75 M 266.4 M 70
================================================================================
AV 79.9 52.8 8.6 FASTST M M 2 MAX(MPH)
MISC ----> 44 210 65 200
================================================================================
NOTES:
# LAST OF SEVERAL OCCURRENCES
COLUMN 17 PEAK WIND IN M.P.H.
PRELIMINARY LOCAL CLIMATOLOGICAL DATA (WS FORM: F-6) , PAGE 2
STATION: EVANSTON WY
MONTH: AUGUST
YEAR: 2023
LATITUDE: 41 16 N
LONGITUDE: 111 2 W
[TEMPERATURE DATA] [PRECIPITATION DATA] SYMBOLS USED IN COLUMN 16
AVERAGE MONTHLY: 66.4 TOTAL FOR MONTH: 2.75 1 = FOG OR MIST
DPTR FM NORMAL: 0.8 DPTR FM NORMAL: 1.92 2 = FOG REDUCING VISIBILITY
HIGHEST: 89 ON 16,15 GRTST 24HR 0.95 ON 27-27 TO 1/4 MILE OR LESS
LOWEST: 43 ON 9 3 = THUNDER
SNOW, ICE PELLETS, HAIL 4 = ICE PELLETS
TOTAL MONTH: M 5 = HAIL
GRTST 24HR M ON M 6 = FREEZING RAIN OR DRIZZLE
GRTST DEPTH: M ON M 7 = DUSTSTORM OR SANDSTORM:
VSBY 1/2 MILE OR LESS
8 = SMOKE OR HAZE
[NO. OF DAYS WITH] [WEATHER - DAYS WITH] 9 = BLOWING SNOW
X = TORNADO
MAX 32 OR BELOW: 0 0.01 INCH OR MORE: 12
MAX 90 OR ABOVE: 0 0.10 INCH OR MORE: 8
MIN 32 OR BELOW: 0 0.50 INCH OR MORE: 1
MIN 0 OR BELOW: 0 1.00 INCH OR MORE: 0
[HDD (BASE 65) ]
TOTAL THIS MO. 23 CLEAR (SCALE 0-3) 21
DPTR FM NORMAL -31 PTCLDY (SCALE 4-7) 10
TOTAL FM JUL 1 32 CLOUDY (SCALE 8-10) 0
DPTR FM NORMAL -53
[CDD (BASE 65) ]
TOTAL THIS MO. 73
DPTR FM NORMAL 0 [PRESSURE DATA]
TOTAL FM JAN 1 233 HIGHEST SLP M ON M
DPTR FM NORMAL 36 LOWEST SLP 29.72 ON 31
[REMARKS]
#FINAL-08-23#