000
CXUS52 KMHX 010958
CF6EWN
PRELIMINARY LOCAL CLIMATOLOGICAL DATA (WS FORM: F-6)
STATION: NEW BERN NC
MONTH: MARCH
YEAR: 2023
LATITUDE: 35 4 N
LONGITUDE: 77 3 W
TEMPERATURE IN F: :PCPN: SNOW: WIND :SUNSHINE: SKY :PK WND
================================================================================
1 2 3 4 5 6A 6B 7 8 9 10 11 12 13 14 15 16 17 18
12Z AVG MX 2MIN
DY MAX MIN AVG DEP HDD CDD WTR SNW DPTH SPD SPD DIR MIN PSBL S-S WX SPD DR
================================================================================
1 77 54 66 16 0 1 0.00 0.0 0 9.9 24 180 M M 1 18 29 180
2 74 60 67 17 0 2 0.04 0.0 0 6.6 16 250 M M 4 18 22 270
3 76 59 68 18 0 3 T 0.0 0 9.0 30 220 M M 6 1 48 220
4 75 52 64 14 1 0 0.01 0.0 0 11.6 32 210 M M 3 43 210
5 68 43 56 6 9 0 0.00 0.0 0 5.2 13 180 M M 0 17 10
6 75 40 58 7 7 0 0.00 0.0 0 3.7 15 180 M M 0 17 180
7 78 51 65 14 0 0 0.00 0.0 0 12.4 23 360 M M 0 31 340
8 56 39 48 -3 17 0 0.00 0.0 0 9.7 25 10 M M 0 32 10
9 62 35 49 -2 16 0 0.00 0.0 0 5.3 15 310 M M 0 19 320
10 57 39 48 -4 17 0 0.09 0.0 0 5.0 15 300 M M 8 1 18 290
11 57 38 48 -4 17 0 0.00 0.0 0 9.4 22 350 M M 1 29 300
12 46 36 41 -11 24 0 0.58 0.0 0 6.1 14 70 M M 7 1 22 70
13 55 41 48 -4 17 0 0.12 0.0 0 8.1 15 320 M M 9 1 22 340
14 53 36 45 -8 20 0 0.00 0.0 0 12.5 25 330 M M 0 34 330
15 55 32 44 -9 21 0 0.00 0.0 0 10.8 20 330 M M 0 26 320
16 65 29 47 -6 18 0 0.00 0.0 0 4.6 14 210 M M 0 19 180
17 77 46 62 9 3 0 0.00 0.0 0 12.7 26 210 M M 3 38 230
18 68 47 58 4 7 0 0.09 0.0 0 5.7 20 350 M M 9 1 27 340
19 57 40 49 -5 16 0 0.00 0.0 0 8.7 16 20 M M 3 22 340
20 48 33 41 -13 24 0 0.00 0.0 0 7.6 16 30 M M 5 22 40
21 61 25 43 -11 22 0 0.00 0.0 0 4.1 12 120 M M 0 1 16 120
22 66 43 55 0 10 0 T 0.0 0 2.8 12 240 M M 6 1 15 230
23 82 52 67 12 0 2 T 0.0 0 9.7 23 250 M M 5 1 32 280
24 87 60 74 19 0 9 0.00 0.0 0 10.6 21 250 M M 0 29 250
25 86 55 71 15 0 6 0.07 0.0 0 9.5 25 270 M M 4 1 38 280
26 76 57 67 11 0 2 0.49 0.0 0 4.3 13 240 M M 5 13 16 210
27 77 59 68 12 0 3 0.46 0.0 0 8.4 22 260 M M 4 13 27 250
28 68 50 59 3 6 0 0.02 0.0 0 9.5 22 350 M M 2 1 29 360
29 59 43 51 -6 14 0 0.16 0.0 0 8.3 20 30 M M 7 1 27 20
30 66 39 53 -4 12 0 0.00 0.0 0 5.7 16 130 M M 0 22 110
31 76 45 61 4 4 0 0.01 0.0 0 9.2 23 210 M M 3 1 36 200
================================================================================
SM 2083 1378 302 28 2.14 0.0 246.7 M 95
================================================================================
AV 67.2 44.5 8.0 FASTST M M 3 MAX(MPH)
MISC ----> 32 210 48 220
================================================================================
NOTES:
# LAST OF SEVERAL OCCURRENCES
COLUMN 17 PEAK WIND IN M.P.H.
PRELIMINARY LOCAL CLIMATOLOGICAL DATA (WS FORM: F-6) , PAGE 2
STATION: NEW BERN NC
MONTH: MARCH
YEAR: 2023
LATITUDE: 35 4 N
LONGITUDE: 77 3 W
[TEMPERATURE DATA] [PRECIPITATION DATA] SYMBOLS USED IN COLUMN 16
AVERAGE MONTHLY: 55.8 TOTAL FOR MONTH: 2.14 1 = FOG OR MIST
DPTR FM NORMAL: 2.6 DPTR FM NORMAL: -1.71 2 = FOG REDUCING VISIBILITY
HIGHEST: 87 ON 24 GRTST 24HR 0.95 ON 26-27 TO 1/4 MILE OR LESS
LOWEST: 25 ON 21 3 = THUNDER
SNOW, ICE PELLETS, HAIL 4 = ICE PELLETS
TOTAL MONTH: 0.0 INCH 5 = HAIL
GRTST 24HR 0.0 6 = FREEZING RAIN OR DRIZZLE
GRTST DEPTH: 0 7 = DUSTSTORM OR SANDSTORM:
VSBY 1/2 MILE OR LESS
8 = SMOKE OR HAZE
[NO. OF DAYS WITH] [WEATHER - DAYS WITH] 9 = BLOWING SNOW
X = TORNADO
MAX 32 OR BELOW: 0 0.01 INCH OR MORE: 12
MAX 90 OR ABOVE: 0 0.10 INCH OR MORE: 5
MIN 32 OR BELOW: 3 0.50 INCH OR MORE: 1
MIN 0 OR BELOW: 0 1.00 INCH OR MORE: 0
[HDD (BASE 65) ]
TOTAL THIS MO. 302 CLEAR (SCALE 0-3) 17
DPTR FM NORMAL -77 PTCLDY (SCALE 4-7) 12
TOTAL FM JUL 1 1955 CLOUDY (SCALE 8-10) 2
DPTR FM NORMAL -557
[CDD (BASE 65) ]
TOTAL THIS MO. 28
DPTR FM NORMAL 15 [PRESSURE DATA]
TOTAL FM JAN 1 52 HIGHEST SLP 30.50 ON 21
DPTR FM NORMAL 33 LOWEST SLP 29.53 ON 4
[REMARKS]
#FINAL-03-23#