000
CXUS53 KIND 010700
CF6EYE
PRELIMINARY LOCAL CLIMATOLOGICAL DATA (WS FORM: F-6)
STATION: INDIANAPOLIS EAGLE CREEK IN
MONTH: FEBRUARY
YEAR: 2023
LATITUDE: 39 49 N
LONGITUDE: 86 18 W
TEMPERATURE IN F: :PCPN: SNOW: WIND :SUNSHINE: SKY :PK WND
================================================================================
1 2 3 4 5 6A 6B 7 8 9 10 11 12 13 14 15 16 17 18
12Z AVG MX 2MIN
DY MAX MIN AVG DEP HDD CDD WTR SNW DPTH SPD SPD DIR MIN PSBL S-S WX SPD DR
================================================================================
1 30 10 20 -9 45 0 0.00 M M 2.7 10 320 M M 0 14 340
2 40 19 30 1 35 0 0.00 M M 7.3 22 330 M M 0 32 320
3 25 13 19 -11 46 0 0.00 M M 9.1 22 330 M M 1 31 320
4 44 15 30 0 35 0 0.00 M M 10.5 20 210 M M 0 34 250
5 51 34 43 13 22 0 0.00 M M 10.6 18 220 M M 3 32 200
6 46 26 36 6 29 0 0.00 M M 7.2 14 150 M M 2 18 22 140
7 58 35 47 17 18 0 T M M 7.0 18 270 M M 4 31 280
8 51 26 39 8 26 0 0.40 M M 3.8 12 120 M M 3 18 15 130
9 60 37 49 18 16 0 0.82 M M 12.1 26 210 M M 10 18 48 250
10 43 30 37 6 28 0 0.00 M M 7.6 17 300 M M 7 18 24 300
11 46 21 34 3 31 0 0.00 M M 2.8 8 170 M M 0 13 180
12 54 23 39 7 26 0 0.00 M M 2.7 8 300 M M 0 12 250
13 56 31 44 12 21 0 0.00 M M 6.5 18 290 M M 0 27 290
14 58 29 44 12 21 0 0.06 M M 7.4 22 180 M M 4 34 150
15 64 41 53 21 12 0 T M M 11.4 23 220 M M 2 47 220
16 45 38 42 9 23 0 0.44 M M 9.1 26 290 M M 6 1 38 280
17 35 23 29 -4 36 0 T M M 12.2 25 330 M M M 1 33 340
18 47 22 35 2 30 0 0.00 M M 8.3 18 220 M M M 26 190
19 57 39 48 14 17 0 0.00 M M 8.4 21 200 M M M 31 200
20 57 34 46 12 19 0 T M M 4.2 13 270 M M M 19 270
21 48 39 44 10 21 0 0.00 M M 9.5 25 290 M M M 39 280
22 71 39 55 20 10 0 0.41 M M 9.0 25 200 M M M 13 42 210
23 66 29 48 13 17 0 0.00 M M 11.8 25 300 M M 4 35 290
24 39 23 31 -4 34 0 0.00 M M 8.7 18 300 M M 3 27 300
25 48 31 40 4 25 0 T M M 6.4 15 320 M M 4 21 340
26 56 28 42 6 23 0 0.00 M M 1.9 9 270 M M 1 1 13 300
27 66 46 56 20 9 0 0.40 M M 13.0 28 280 M M 10 138 51 270
28 52 40 46 9 19 0 0.00 M M 9.5 23 280 M M 6 36 280
================================================================================
SM 1413 821 694 0 2.53 M 220.7 M 70
================================================================================
AV 50.5 29.3 7.9 FASTST M M 3 MAX(MPH)
MISC ----> 28 280 51 270
================================================================================
NOTES:
# LAST OF SEVERAL OCCURRENCES
COLUMN 17 PEAK WIND IN M.P.H.
PRELIMINARY LOCAL CLIMATOLOGICAL DATA (WS FORM: F-6) , PAGE 2
STATION: INDIANAPOLIS EAGLE CREEK IN
MONTH: FEBRUARY
YEAR: 2023
LATITUDE: 39 49 N
LONGITUDE: 86 18 W
[TEMPERATURE DATA] [PRECIPITATION DATA] SYMBOLS USED IN COLUMN 16
AVERAGE MONTHLY: 39.9 TOTAL FOR MONTH: 2.53 1 = FOG OR MIST
DPTR FM NORMAL: 7.4 DPTR FM NORMAL: 0.46 2 = FOG REDUCING VISIBILITY
HIGHEST: 71 ON 22 GRTST 24HR 1.21 ON 8- 9 TO 1/4 MILE OR LESS
LOWEST: 10 ON 1 3 = THUNDER
SNOW, ICE PELLETS, HAIL 4 = ICE PELLETS
TOTAL MONTH: M 5 = HAIL
GRTST 24HR M ON M 6 = FREEZING RAIN OR DRIZZLE
GRTST DEPTH: M ON M 7 = DUSTSTORM OR SANDSTORM:
VSBY 1/2 MILE OR LESS
8 = SMOKE OR HAZE
[NO. OF DAYS WITH] [WEATHER - DAYS WITH] 9 = BLOWING SNOW
X = TORNADO
MAX 32 OR BELOW: 2 0.01 INCH OR MORE: 6
MAX 90 OR ABOVE: 0 0.10 INCH OR MORE: 5
MIN 32 OR BELOW: 17 0.50 INCH OR MORE: 1
MIN 0 OR BELOW: 0 1.00 INCH OR MORE: 0
[HDD (BASE 65) ]
TOTAL THIS MO. 694 CLEAR (SCALE 0-3) 12
DPTR FM NORMAL -216 PTCLDY (SCALE 4-7) 8
TOTAL FM JUL 1 3540 CLOUDY (SCALE 8-10) 8
DPTR FM NORMAL -488
[CDD (BASE 65) ]
TOTAL THIS MO. 0
DPTR FM NORMAL 0 [PRESSURE DATA]
TOTAL FM JAN 1 0 HIGHEST SLP M ON M
DPTR FM NORMAL 0 LOWEST SLP 29.08 ON 27
[REMARKS]
#FINAL-02-23#