000
CXUS52 KKEY 052000 CCA
CF6EYW
PRELIMINARY LOCAL CLIMATOLOGICAL DATA (WS FORM: F-6)...CORRECTED
STATION: KEY WEST
MONTH: JUNE
YEAR: 2023
LATITUDE: 24 32 N
LONGITUDE: 81 45 W
TEMPERATURE IN F: :PCPN: SNOW: WIND :SUNSHINE: SKY :PK WND
================================================================================
1 2 3 4 5 6A 6B 7 8 9 10 11 12 13 14 15 16 17 18
12Z AVG MX 2MIN
DY MAX MIN AVG DEP HDD CDD WTR SNW DPTH SPD SPD DIR MIN PSBL S-S WX SPD DR
================================================================================
1 87 75 81 -2 0 16 0.25 0.0 0 8.0 28 230 M M 4 3 35 160
2 86 78 82 -1 0 17 0.00 0.0 0 6.7 13 160 M M 3 17 130
3 86 77 82 -1 0 17 0.05 0.0 0 8.2 30 170 M M 3 3 38 170
4 90 78 84 1 0 19 T 0.0 0 9.5 18 330 M M 4 25 330
5 89 78 84 1 0 19 0.00 0.0 0 6.7 16 320 M M 1 24 310
6 85 78 82 -1 0 17 0.00 0.0 0 3.1 8 200 M M 0 15 160
7 87 82 85 2 0 20 0.00 0.0 0 8.5 17 230 M M 2 24 240
8 88 82 85 1 0 20 0.00 0.0 0 9.4 16 180 M M 3 3 22 180
9 89 82 86 2 0 21 0.00 0.0 0 8.5 14 240 M M 3 21 160
10 89 79 84 0 0 19 0.00 0.0 0 4.8 12 160 M M 2 15 160
11 88 83 86 2 0 21 0.00 0.0 0 7.5 13 160 M M 1 22 170
12 88 83 86 2 0 21 0.00 0.0 0 9.1 16 180 M M 2 3 21 180
13 89 84 87 3 0 22 0.00 0.0 0 8.0 14 170 M M M 27 170
14 89 84 87 3 0 22 0.00 0.0 0 8.2 13 160 M M 2 22 160
15 90 84 87 3 0 22 0.00 0.0 0 8.6 15 160 M M 2 26 190
16 94 83 89 5 0 24 0.00 0.0 0 7.4 13 150 M M 1 21 150
17 91 84 88 4 0 23 0.02 0.0 0 8.5 15 170 M M 2 3 19 230
18 91 78 85 1 0 20 0.01 0.0 0 8.6 29 220 M M 3 3 46 210
19 93 84 89 5 0 24 0.00 0.0 0 6.9 10 290 M M 1 8 16 230
20 90 84 87 3 0 22 0.00 0.0 0 6.4 13 160 M M 1 21 190
21 91 83 87 2 0 22 0.01 0.0 0 9.7 17 150 M M 1 23 170
22 91 81 86 1 0 21 0.08 0.0 0 7.6 21 100 M M 1 3 26 100
23 92 85 89 4 0 24 0.00 0.0 0 9.7 14 120 M M 1 3 24 130
24 92 80 86 1 0 21 0.04 0.0 0 8.3 17 20 M M 2 13 27 30
25 88 77 83 -2 0 18 0.75 0.0 0 5.0 16 30 M M 2 138 24 30
26 90 77 84 -1 0 19 0.96 0.0 0 5.4 21 160 M M 3 13 27 160
27 94 81 88 3 0 23 0.00 0.0 0 4.0 10 320 M M 1 16 360
28 95 83 89 4 0 24 0.00 0.0 0 4.6 13 360 M M 1 19 320
29 94 81 88 3 0 23 0.00 0.0 0 4.9 14 80 M M 1 3 20 70
30 90 79 85 0 0 20 0.68 0.0 0 4.6 21 310 M M 4 138 26 300
================================================================================
SM 2696 2427 0 621 2.85 0.0 216.4 M 57
================================================================================
AV 89.9 80.9 7.2 FASTST M M 2 MAX(MPH)
MISC ----> 30 170 46 210
================================================================================
NOTES:
# LAST OF SEVERAL OCCURRENCES
COLUMN 17 PEAK WIND IN M.P.H.
PRELIMINARY LOCAL CLIMATOLOGICAL DATA (WS FORM: F-6) , PAGE 2
STATION: KEY WEST
MONTH: JUNE
YEAR: 2023
LATITUDE: 24 32 N
LONGITUDE: 81 45 W
[TEMPERATURE DATA] [PRECIPITATION DATA] SYMBOLS USED IN COLUMN 16
AVERAGE MONTHLY: 85.4 TOTAL FOR MONTH: 2.85 1 = FOG OR MIST
DPTR FM NORMAL: 1.3 DPTR FM NORMAL: -1.38 2 = FOG REDUCING VISIBILITY
HIGHEST: 95 ON 28 GRTST 24HR 0.96 ON 26-26 TO 1/4 MILE OR LESS
LOWEST: 75 ON 1 3 = THUNDER
SNOW, ICE PELLETS, HAIL 4 = ICE PELLETS
TOTAL MONTH: 0.0 INCH 5 = HAIL
GRTST 24HR 0.0 6 = FREEZING RAIN OR DRIZZLE
GRTST DEPTH: 0 7 = DUSTSTORM OR SANDSTORM:
VSBY 1/2 MILE OR LESS
8 = SMOKE OR HAZE
[NO. OF DAYS WITH] [WEATHER - DAYS WITH] 9 = BLOWING SNOW
X = TORNADO
MAX 32 OR BELOW: 0 0.01 INCH OR MORE: 10
MAX 90 OR ABOVE: 16 0.10 INCH OR MORE: 4
MIN 32 OR BELOW: 0 0.50 INCH OR MORE: 3
MIN 0 OR BELOW: 0 1.00 INCH OR MORE: 0
[HDD (BASE 65) ]
TOTAL THIS MO. 0 CLEAR (SCALE 0-3) 26
DPTR FM NORMAL 0 PTCLDY (SCALE 4-7) 3
TOTAL FM JUL 1 29 CLOUDY (SCALE 8-10) 0
DPTR FM NORMAL -17
[CDD (BASE 65) ]
TOTAL THIS MO. 621
DPTR FM NORMAL 49 [PRESSURE DATA]
TOTAL FM JAN 1 2585 HIGHEST SLP M ON M
DPTR FM NORMAL 418 LOWEST SLP 29.62 ON 4
[REMARKS]
CORRECTED ALIGNMENT OF SNOW, ICE PELLETS, HAIL TABLE
CORRECTED SKY COVER TABLE
#FINAL-06-23#
ROSS