000
CXUS52 KKEY 011830 CCA
CF6EYW
PRELIMINARY LOCAL CLIMATOLOGICAL DATA (WS FORM: F-6)...CORRECTED
STATION: KEY WEST
MONTH: AUGUST
YEAR: 2022
LATITUDE: 24 32 N
LONGITUDE: 81 45 W
TEMPERATURE IN F: :PCPN: SNOW: WIND :SUNSHINE: SKY :PK WND
================================================================================
1 2 3 4 5 6A 6B 7 8 9 10 11 12 13 14 15 16 17 18
12Z AVG MX 2MIN
DY MAX MIN AVG DEP HDD CDD WTR SNW DPTH SPD SPD DIR MIN PSBL S-S WX SPD DR
================================================================================
1 88 79 84 -2 0 19 0.16 0.0 0 13.4 21 110 M M 4 38 33 90
2 88 82 85 -1 0 20 T 0.0 0 9.6 16 30 M M 2 23 130
3 88 82 85 -1 0 20 0.00 0.0 0 8.2 15 120 M M 1 3 24 140
4 89 78 84 -2 0 19 0.06 0.0 0 10.1 16 110 M M 1 25 160
5 88 78 83 -3 0 18 0.05 0.0 0 11.1 20 110 M M 2 13 28 140
6 90 81 86 0 0 21 0.03 0.0 0 14.7 23 80 M M 2 8 34 70
7 89 80 85 -1 0 20 0.04 0.0 0 12.7 22 90 M M 3 138 30 110
8 89 81 85 -1 0 20 0.04 0.0 0 11.6 21 90 M M 2 18 30 120
9 87 77 82 -4 0 17 0.12 0.0 0 10.0 30 120 M M 6 138 40 120
10 87 80 84 -2 0 19 0.00 0.0 0 12.4 21 110 M M 5 28 100
11 88 81 85 -1 0 20 0.00 0.0 0 11.2 15 100 M M 1 22 130
12 88 78 83 -3 0 18 0.11 0.0 0 8.7 17 120 M M 3 13 26 80
13 88 82 85 -1 0 20 0.00 0.0 0 6.2 14 120 M M 2 3 19 150
14 92 81 87 1 0 22 0.00 0.0 0 3.4 10 340 M M 1 3 18 170
15 89 80 85 -1 0 20 0.23 0.0 0 2.4 13 200 M M 2 13 17 200
16 89 80 85 -1 0 20 0.00 0.0 0 4.9 13 310 M M 2 16 250
17 91 82 87 1 0 22 0.00 0.0 0 5.3 13 310 M M 2 18 290
18 89 81 85 -1 0 20 T 0.0 0 3.7 10 200 M M 1 3 14 210
19 91 84 88 2 0 23 0.00 0.0 0 8.2 17 100 M M 1 3 24 140
20 92 85 89 3 0 24 T 0.0 0 12.6 18 100 M M 1 3 27 110
21 91 82 87 1 0 22 T 0.0 0 13.3 17 80 M M 2 28 150
22 91 83 87 2 0 22 0.00 0.0 0 9.8 20 120 M M 2 25 120
23 89 84 87 2 0 22 0.00 0.0 0 7.5 15 150 M M 1 23 160
24 90 81 86 1 0 21 0.10 0.0 0 7.2 18 90 M M 1 1 24 100
25 90 82 86 1 0 21 0.17 0.0 0 8.7 18 120 M M 1 1 25 180
26 89 84 87 2 0 22 0.18 0.0 0 6.6 15 120 M M 1 1 22 130
27 91 84 88 3 0 23 0.00 0.0 0 6.7 14 140 M M 2 3 19 160
28 89 78 84 -1 0 19 0.20 0.0 0 8.2 21 90 M M 3 13 29 90
29 86 75 81 -4 0 16 0.81 0.0 0 8.5 30 210 M M 3 13 39 190
30 89 75 82 -3 0 17 0.03 0.0 0 6.6 13 160 M M 2 13 22 190
31 89 82 86 1 0 21 0.00 0.0 0 6.8 14 140 M M 2 20 170
================================================================================
SM 2764 2502 0 628 2.33 0.0 270.3 M 64
================================================================================
AV 89.2 80.7 8.7 FASTST M M 2 MAX(MPH)
MISC ----> # 30 120 40 120
================================================================================
NOTES:
# LAST OF SEVERAL OCCURRENCES
COLUMN 17 PEAK WIND IN M.P.H.
PRELIMINARY LOCAL CLIMATOLOGICAL DATA (WS FORM: F-6) , PAGE 2
STATION: KEY WEST
MONTH: AUGUST
YEAR: 2022
LATITUDE: 24 32 N
LONGITUDE: 81 45 W
[TEMPERATURE DATA] [PRECIPITATION DATA] SYMBOLS USED IN COLUMN 16
AVERAGE MONTHLY: 84.9 TOTAL FOR MONTH: 2.33 1 = FOG OR MIST
DPTR FM NORMAL: -0.6 DPTR FM NORMAL: -3.04 2 = FOG REDUCING VISIBILITY
HIGHEST: 92 ON 20,14 GRTST 24HR 0.84 ON 29-30 TO 1/4 MILE OR LESS
LOWEST: 75 ON 30,29 3 = THUNDER
SNOW, ICE PELLETS, HAIL 4 = ICE PELLETS
TOTAL MONTH: 0.0 INCH 5 = HAIL
GRTST 24HR 0.0 6 = FREEZING RAIN OR DRIZZLE
GRTST DEPTH: 0 7 = DUSTSTORM OR SANDSTORM:
VSBY 1/2 MILE OR LESS
8 = SMOKE OR HAZE
[NO. OF DAYS WITH] [WEATHER - DAYS WITH] 9 = BLOWING SNOW
X = TORNADO
MAX 32 OR BELOW: 0 0.01 INCH OR MORE: 15
MAX 90 OR ABOVE: 10 0.10 INCH OR MORE: 9
MIN 32 OR BELOW: 0 0.50 INCH OR MORE: 1
MIN 0 OR BELOW: 0 1.00 INCH OR MORE: 0
[HDD (BASE 65) ]
TOTAL THIS MO. 0 CLEAR (SCALE 0-3) 28
DPTR FM NORMAL 0 PTCLDY (SCALE 4-7) 3
TOTAL FM JUL 1 0 CLOUDY (SCALE 8-10) 0
DPTR FM NORMAL 0
[CDD (BASE 65) ]
TOTAL THIS MO. 628
DPTR FM NORMAL -9 [PRESSURE DATA]
TOTAL FM JAN 1 3495 HIGHEST SLP M ON M
DPTR FM NORMAL 59 LOWEST SLP 29.88 ON 23
[REMARKS]
#FINAL-08-22#
CORRECTED ALIGNMENT OF SNOW, ICE PELLETS, HAIL TABLE
CORRECTED SKY COVER TABLE
ROSS