000
CXUS52 KKEY 012025 CCA
CF6EYW
PRELIMINARY LOCAL CLIMATOLOGICAL DATA (WS FORM: F-6)...CORRECTED
STATION: KEY WEST
MONTH: FEBRUARY
YEAR: 2022
LATITUDE: 24 32 N
LONGITUDE: 81 45 W
TEMPERATURE IN F: :PCPN: SNOW: WIND :SUNSHINE: SKY :PK WND
================================================================================
1 2 3 4 5 6A 6B 7 8 9 10 11 12 13 14 15 16 17 18
12Z AVG MX 2MIN
DY MAX MIN AVG DEP HDD CDD WTR SNW DPTH SPD SPD DIR MIN PSBL S-S WX SPD DR
================================================================================
1 72 61 67 -4 0 2 0.00 0.0 0 10.8 16 80 M M 5 26 70
2 75 67 71 0 0 6 0.00 0.0 0 14.4 20 100 M M 4 32 110
3 77 71 74 3 0 9 0.00 0.0 0 15.5 20 120 M M 2 32 140
4 77 73 75 4 0 10 0.00 0.0 0 11.3 20 120 M M 6 26 110
5 78 70 74 2 0 9 0.00 0.0 0 6.5 12 360 M M 2 17 120
6 79 66 73 1 0 8 0.00 0.0 0 9.2 15 350 M M 5 18 20 340
7 75 67 71 -1 0 6 0.00 0.0 0 9.9 15 360 M M 5 1 21 10
8 79 67 73 1 0 8 T 0.0 0 8.7 18 20 M M 3 28 40
9 71 64 68 -4 0 3 T 0.0 0 12.0 18 360 M M 8 1 27 360
10 72 62 67 -5 0 2 0.00 0.0 0 9.9 17 20 M M 1 25 350
11 77 64 71 -1 0 6 0.00 0.0 0 7.6 12 360 M M 3 16 360
12 80 68 74 2 0 9 T 0.0 0 6.8 13 20 M M 1 17 40
13 73 62 68 -4 0 3 0.97 0.0 0 13.6 29 340 M M 6 13 41 340
14 67 60 64 -8 1 0 0.00 0.0 0 14.2 22 360 M M 1 34 360
15 74 62 68 -4 0 3 0.00 0.0 0 12.9 20 80 M M 3 32 80
16 78 68 73 1 0 8 T 0.0 0 12.0 21 100 M M 8 29 100
17 78 73 76 3 0 11 0.00 0.0 0 13.7 20 110 M M 4 33 130
18 80 74 77 4 0 12 0.00 0.0 0 5.7 13 120 M M M 19 180
19 79 69 74 1 0 9 0.00 0.0 0 6.0 15 360 M M 7 18 23 340
20 79 68 74 1 0 9 0.00 0.0 0 11.5 20 20 M M 6 26 10
21 79 71 75 2 0 10 0.00 0.0 0 10.5 20 100 M M 3 26 110
22 79 72 76 3 0 11 0.00 0.0 0 10.8 18 100 M M 2 27 90
23 80 73 77 4 0 12 0.00 0.0 0 12.7 18 100 M M 1 26 110
24 80 72 76 3 0 11 0.01 0.0 0 11.4 18 100 M M 1 27 120
25 81 72 77 4 0 12 T 0.0 0 11.2 18 100 M M 2 24 130
26 81 71 76 3 0 11 0.00 0.0 0 9.8 16 100 M M 0 25 120
27 77 70 74 1 0 9 0.37 0.0 0 6.8 13 210 M M 7 1 17 40
28 79 69 74 1 0 9 0.00 0.0 0 7.6 15 320 M M 3 20 330
================================================================================
SM 2156 1906 1 218 1.35 0.0 293.0 M 99
================================================================================
AV 77.0 68.1 10.5 FASTST M M 4 MAX(MPH)
MISC ----> 29 340 41 340
================================================================================
NOTES:
# LAST OF SEVERAL OCCURRENCES
COLUMN 17 PEAK WIND IN M.P.H.
PRELIMINARY LOCAL CLIMATOLOGICAL DATA (WS FORM: F-6) , PAGE 2
STATION: KEY WEST
MONTH: FEBRUARY
YEAR: 2022
LATITUDE: 24 32 N
LONGITUDE: 81 45 W
[TEMPERATURE DATA] [PRECIPITATION DATA] SYMBOLS USED IN COLUMN 16
AVERAGE MONTHLY: 72.5 TOTAL FOR MONTH: 1.35 1 = FOG OR MIST
DPTR FM NORMAL: 0.2 DPTR FM NORMAL: -0.19 2 = FOG REDUCING VISIBILITY
HIGHEST: 81 ON 26,25 GRTST 24HR 0.97 ON 13-13 TO 1/4 MILE OR LESS
LOWEST: 60 ON 14 3 = THUNDER
SNOW, ICE PELLETS, HAIL 4 = ICE PELLETS
TOTAL MONTH: 0.0 INCH 5 = HAIL
GRTST 24HR 0.0 6 = FREEZING RAIN OR DRIZZLE
GRTST DEPTH: 0 7 = DUSTSTORM OR SANDSTORM:
VSBY 1/2 MILE OR LESS
8 = SMOKE OR HAZE
[NO. OF DAYS WITH] [WEATHER - DAYS WITH] 9 = BLOWING SNOW
X = TORNADO
MAX 32 OR BELOW: 0 0.01 INCH OR MORE: 3
MAX 90 OR ABOVE: 0 0.10 INCH OR MORE: 2
MIN 32 OR BELOW: 0 0.50 INCH OR MORE: 1
MIN 0 OR BELOW: 0 1.00 INCH OR MORE: 0
[HDD (BASE 65) ]
TOTAL THIS MO. 1 CLEAR (SCALE 0-3) 15
DPTR FM NORMAL -9 PTCLDY (SCALE 4-7) 10
TOTAL FM JUL 1 23 CLOUDY (SCALE 8-10) 2
DPTR FM NORMAL -19
[CDD (BASE 65) ]
TOTAL THIS MO. 218
DPTR FM NORMAL 4 [PRESSURE DATA]
TOTAL FM JAN 1 422 HIGHEST SLP M ON M
DPTR FM NORMAL 11 LOWEST SLP 29.94 ON 9
[REMARKS]
#FINAL-02-22#
CORRECTED ALIGNMENT OF SNOW, ICE PELLETS, HAIL TABLE.
CORRECTED SKY COVER TABLE.
CORRECTED HDD DEPARTURE FROM NORMAL SINCE JUL 1.
CORRECTED CDD DEPARTURE FROM NORMAL SINCE JAN 1.
ROSS