000
CXUS52 KKEY 010600
CF6EYW
PRELIMINARY LOCAL CLIMATOLOGICAL DATA (WS FORM: F-6)
STATION: KEY WEST
MONTH: MAY
YEAR: 2020
LATITUDE: 24 32 N
LONGITUDE: 81 45 W
TEMPERATURE IN F: :PCPN: SNOW: WIND :SUNSHINE: SKY :PK WND
================================================================================
1 2 3 4 5 6A 6B 7 8 9 10 11 12 13 14 15 16 17 18
12Z AVG MX 2MIN
DY MAX MIN AVG DEP HDD CDD WTR SNW DPTH SPD SPD DIR MIN PSBL S-S WX SPD DR
================================================================================
1 79 72 76 -2 0 11 0.00 0.0 0 10.2 16 340 M M 2 22 350
2 82 71 77 -1 0 12 0.00 0.0 0 9.2 16 100 M M 2 20 100
3 83 73 78 -1 0 13 0.00 0.0 0 10.3 16 100 M M 0 20 110
4 85 72 79 0 0 14 0.00 0.0 0 5.6 13 110 M M 2 19 90
5 85 76 81 2 0 16 0.00 0.0 0 6.6 10 150 M M 1 13 190
6 86 76 81 2 0 16 T 0.0 0 7.7 17 320 M M 2 22 320
7 83 74 79 0 0 14 0.00 0.0 0 12.8 20 350 M M 1 26 330
8 84 74 79 0 0 14 0.00 0.0 0 12.4 21 130 M M 2 27 100
9 86 74 80 0 0 15 T 0.0 0 8.6 23 130 M M 1 8 27 130
10 79 67 73 -7 0 8 0.64 M 0 10.4 21 110 M M 10 1 26 120
11 82 72 77 -3 0 12 0.06 0.0 0 10.6 17 20 M M 6 1 23 10
12 83 74 79 -1 0 14 0.00 0.0 0 13.4 24 90 M M 1 33 90
13 82 74 78 -2 0 13 0.01 0.0 0 15.2 24 90 M M 6 1 32 90
14 75 71 73 -7 0 8 1.20 0.0 0 14.8 24 80 M M 7 1 36 80
15 87 72 80 0 0 15 0.11 0.0 0 9.8 18 30 M M 5 138 24 70
16 88 76 82 2 0 17 T 0.0 0 5.0 12 330 M M 2 14 330
17 90 78 84 4 0 19 0.00 0.0 0 4.8 17 180 M M 1 8 22 180
18 86 74 80 -1 0 15 0.29 0.0 0 6.9 28 330 M M 4 138 35 340
19 87 79 83 2 0 18 0.00 0.0 0 10.1 18 220 M M 3 24 220
20 89 82 86 5 0 21 0.00 0.0 0 8.5 16 160 M M 2 8 20 150
21 89 82 86 5 0 21 0.00 0.0 0 10.3 17 100 M M 1 21 100
22 89 78 84 3 0 19 0.01 0.0 0 12.9 28 140 M M 1 3 33 130
23 86 77 82 1 0 17 0.36 0.0 0 10.8 29 110 M M 3 8 35 110
24 85 75 80 -1 0 15 1.49 0.0 0 10.4 28 170 M M 6 13 35 170
25 85 79 82 0 0 17 0.01 0.0 0 13.5 24 170 M M 7 32 170
26 87 81 84 2 0 19 0.00 0.0 0 9.4 18 180 M M 3 22 180
27 87 82 85 3 0 20 0.00 0.0 0 8.9 17 160 M M 5 8 19 160
28 89 83 86 4 0 21 0.00 0.0 0 11.6 17 110 M M 2 22 100
29 88 80 84 2 0 19 0.00 0.0 0 11.0 17 110 M M 3 21 110
30 89 83 86 4 0 21 0.00 0.0 0 12.2 17 120 M M 3 24 110
31 89 81 85 3 0 20 0.00 0.0 0 9.9 16 120 M M 1 20 120
================================================================================
SM 2644 2362 0 494 4.18 0.0 313.8 M 95
================================================================================
AV 85.3 76.2 10.1 FASTST M M 3 MAX(MPH)
MISC ----> # 29 110 # 36 80
================================================================================
NOTES:
# LAST OF SEVERAL OCCURRENCES
COLUMN 17 PEAK WIND IN M.P.H.
PRELIMINARY LOCAL CLIMATOLOGICAL DATA (WS FORM: F-6) , PAGE 2
STATION: KEY WEST
MONTH: MAY
YEAR: 2020
LATITUDE: 24 32 N
LONGITUDE: 81 45 W
[TEMPERATURE DATA] [PRECIPITATION DATA] SYMBOLS USED IN COLUMN 16
AVERAGE MONTHLY: 80.7 TOTAL FOR MONTH: 4.18 1 = FOG OR MIST
DPTR FM NORMAL: 0.4 DPTR FM NORMAL: 1.18 2 = FOG REDUCING VISIBILITY
HIGHEST: 90 ON 17 GRTST 24HR 1.49 ON 24-24 TO 1/4 MILE OR LESS
LOWEST: 67 ON 10 3 = THUNDER
SNOW, ICE PELLETS, HAIL 4 = ICE PELLETS
TOTAL MONTH: 0.0 INCH 5 = HAIL
GRTST 24HR 0.0 6 = FREEZING RAIN OR DRIZZLE
GRTST DEPTH: 0 7 = DUSTSTORM OR SANDSTORM:
VSBY 1/2 MILE OR LESS
8 = SMOKE OR HAZE
[NO. OF DAYS WITH] [WEATHER - DAYS WITH] 9 = BLOWING SNOW
X = TORNADO
MAX 32 OR BELOW: 0 0.01 INCH OR MORE: 10
MAX 90 OR ABOVE: 1 0.10 INCH OR MORE: 6
MIN 32 OR BELOW: 0 0.50 INCH OR MORE: 3
MIN 0 OR BELOW: 0 1.00 INCH OR MORE: 2
[HDD (BASE 65) ]
TOTAL THIS MO. 0 CLEAR (SCALE 0-3) 22
DPTR FM NORMAL 0 PTCLDY (SCALE 4-7) 8
TOTAL FM JUL 1 11 CLOUDY (SCALE 8-10) 1
DPTR FM NORMAL -62
[CDD (BASE 65) ]
TOTAL THIS MO. 494
DPTR FM NORMAL 18 [PRESSURE DATA]
TOTAL FM JAN 1 1918 HIGHEST SLP M ON M
DPTR FM NORMAL 488 LOWEST SLP 29.80 ON 25
[REMARKS]
#FINAL-05-20#