000
CXUS52 KKEY 011943
CF6EYW
PRELIMINARY LOCAL CLIMATOLOGICAL DATA (WS FORM: F-6)
STATION: KEY WEST
MONTH: MARCH
YEAR: 2020
LATITUDE: 24 32 N
LONGITUDE: 81 45 W
TEMPERATURE IN F: :PCPN: SNOW: WIND :SUNSHINE: SKY :PK WND
================================================================================
1 2 3 4 5 6A 6B 7 8 9 10 11 12 13 14 15 16 17 18
12Z AVG MX 2MIN
DY MAX MIN AVG DEP HDD CDD WTR SNW DPTH SPD SPD DIR MIN PSBL S-S WX SPD DR
================================================================================
1 74 61 68 -4 0 3 0.00 0.0 0 13.5 22 110 M M 3 29 90
2 79 72 76 4 0 11 T 0.0 0 15.8 22 120 M M 6 29 130
3 81 74 78 6 0 13 T 0.0 0 10.8 20 160 M M 2 23 160
4 82 76 79 7 0 14 0.00 0.0 0 9.2 17 160 M M 2 24 160
5 82 77 80 8 0 15 0.00 0.0 0 7.2 13 130 M M 2 17 130
6 79 67 73 1 0 8 0.01 0.0 0 13.4 24 340 M M 4 1 31 350
7 75 64 70 -2 0 5 0.00 0.0 0 15.0 25 30 M M 3 35 30
8 75 65 70 -3 0 5 0.00 0.0 0 14.1 25 80 M M 7 35 90
9 78 68 73 0 0 8 0.01 0.0 0 14.5 26 90 M M 7 36 90
10 79 70 75 2 0 10 T 0.0 0 12.4 22 100 M M 5 29 90
11 81 70 76 3 0 11 0.00 0.0 0 9.0 17 110 M M 2 22 110
12 81 71 76 3 0 11 0.00 0.0 0 9.3 17 110 M M 0 20 110
13 83 73 78 5 0 13 0.00 0.0 0 9.9 17 110 M M 1 22 120
14 83 75 79 6 0 14 0.00 0.0 0 10.9 17 100 M M 2 22 110
15 83 75 79 6 0 14 0.00 0.0 0 9.3 16 110 M M 2 22 120
16 83 74 79 6 0 14 0.00 0.0 0 10.1 18 100 M M 1 23 110
17 83 75 79 6 0 14 0.00 0.0 0 13.6 20 100 M M 2 8 26 130
18 83 75 79 6 0 14 T 0.0 0 13.1 20 100 M M 2 25 130
19 83 76 80 6 0 15 0.00 0.0 0 15.5 23 110 M M 4 29 130
20 83 76 80 6 0 15 0.00 0.0 0 15.9 21 100 M M 3 25 100
21 84 76 80 6 0 15 0.00 0.0 0 13.4 18 110 M M 2 23 110
22 83 75 79 5 0 14 0.00 0.0 0 11.7 17 100 M M 1 20 80
23 83 76 80 6 0 15 0.00 0.0 0 11.0 16 110 M M 2 20 110
24 82 76 79 5 0 14 0.00 0.0 0 8.9 14 110 M M 2 20 170
25 83 77 80 6 0 15 0.00 0.0 0 7.9 13 170 M M 1 18 180
26 85 71 78 4 0 13 0.00 0.0 0 3.5 10 330 M M 1 1 14 330
27 84 75 80 6 0 15 0.00 0.0 0 10.3 17 110 M M 1 22 140
28 83 76 80 6 0 15 0.00 0.0 0 16.3 23 110 M M 2 28 120
29 85 78 82 8 0 17 0.00 0.0 0 14.1 20 110 M M 3 24 110
30 85 77 81 6 0 16 0.00 0.0 0 10.7 17 110 M M 2 21 110
31 84 79 82 7 0 17 0.00 0.0 0 8.7 15 300 M M 1 8 18 300
================================================================================
SM 2531 2270 0 393 0.02 0.0 359.0 M 78
================================================================================
AV 81.6 73.2 11.6 FASTST M M 3 MAX(MPH)
MISC ----> # 26 90 # 36 90
================================================================================
NOTES:
# LAST OF SEVERAL OCCURRENCES
COLUMN 17 PEAK WIND IN M.P.H.
PRELIMINARY LOCAL CLIMATOLOGICAL DATA (WS FORM: F-6) , PAGE 2
STATION: KEY WEST
MONTH: MARCH
YEAR: 2020
LATITUDE: 24 32 N
LONGITUDE: 81 45 W
[TEMPERATURE DATA] [PRECIPITATION DATA] SYMBOLS USED IN COLUMN 16
AVERAGE MONTHLY: 77.4 TOTAL FOR MONTH: 0.02 1 = FOG OR MIST
DPTR FM NORMAL: 4.2 DPTR FM NORMAL: -2.03 2 = FOG REDUCING VISIBILITY
HIGHEST: 85 ON 30,29 GRTST 24HR 0.01 ON 9- 9 TO 1/4 MILE OR LESS
LOWEST: 61 ON 1 3 = THUNDER
SNOW, ICE PELLETS, HAIL 4 = ICE PELLETS
TOTAL MONTH: 0.0 INCH 5 = HAIL
GRTST 24HR 0.0 6 = FREEZING RAIN OR DRIZZLE
GRTST DEPTH: 0 7 = DUSTSTORM OR SANDSTORM:
VSBY 1/2 MILE OR LESS
8 = SMOKE OR HAZE
[NO. OF DAYS WITH] [WEATHER - DAYS WITH] 9 = BLOWING SNOW
X = TORNADO
MAX 32 OR BELOW: 0 0.01 INCH OR MORE: 2
MAX 90 OR ABOVE: 0 0.10 INCH OR MORE: 0
MIN 32 OR BELOW: 0 0.50 INCH OR MORE: 0
MIN 0 OR BELOW: 0 1.00 INCH OR MORE: 0
[HDD (BASE 65) ]
TOTAL THIS MO. 0 CLEAR (SCALE 0-3) 25
DPTR FM NORMAL -7 PTCLDY (SCALE 4-7) 6
TOTAL FM JUL 1 11 CLOUDY (SCALE 8-10) 0
DPTR FM NORMAL -62
[CDD (BASE 65) ]
TOTAL THIS MO. 393
DPTR FM NORMAL 131 [PRESSURE DATA]
TOTAL FM JAN 1 939 HIGHEST SLP M ON M
DPTR FM NORMAL 329 LOWEST SLP 29.84 ON 31
[REMARKS]
#FINAL-03-20#
CORRECTED DEPARTURE FROM NORMAL 3/30 AND THE AVERAGE MAX TEMP