000
CXUS52 KKEY 012102 CCA
CF6EYW
PRELIMINARY LOCAL CLIMATOLOGICAL DATA (WS FORM: F-6)...CORRECTED
STATION: KEY WEST
MONTH: OCTOBER
YEAR: 2023
LATITUDE: 24 32 N
LONGITUDE: 81 45 W
TEMPERATURE IN F: :PCPN: SNOW: WIND :SUNSHINE: SKY :PK WND
================================================================================
1 2 3 4 5 6A 6B 7 8 9 10 11 12 13 14 15 16 17 18
12Z AVG MX 2MIN
DY MAX MIN AVG DEP HDD CDD WTR SNW DPTH SPD SPD DIR MIN PSBL S-S WX SPD DR
================================================================================
1 91 78 85 2 0 20 0.94 0.0 0 6.2 13 150 M M 3 13 21 20
2 89 79 84 1 0 19 0.08 0.0 0 10.6 22 30 M M 5 13 35 40
3 89 81 85 2 0 20 0.00 0.0 0 13.0 20 80 M M 2 8 30 50
4 90 81 86 3 0 21 0.00 0.0 0 10.0 16 100 M M 3 8 24 20
5 90 80 85 2 0 20 0.00 0.0 0 6.4 12 20 M M 1 22 170
6 89 82 86 3 0 21 T 0.0 0 5.4 10 350 M M 1 18 130
7 90 81 86 3 0 21 0.00 0.0 0 2.3 7 310 M M 2 14 150
8 88 81 85 3 0 20 0.00 0.0 0 4.6 14 330 M M 2 18 340
9 89 78 84 2 0 19 0.25 0.0 0 5.8 14 30 M M 6 1 20 20
10 90 79 85 3 0 20 0.00 0.0 0 4.5 13 120 M M 2 17 120
11 88 81 85 3 0 20 0.06 0.0 0 13.1 25 170 M M 3 13 39 160
12 89 85 87 5 0 22 0.00 0.0 0 14.6 24 180 M M 2 32 210
13 88 84 86 4 0 21 0.00 0.0 0 9.3 18 210 M M 0 24 210
14 89 78 84 2 0 19 1.18 0.0 0 9.2 17 240 M M 3 1 24 280
15 90 79 85 3 0 20 1.23 0.0 0 8.2 17 320 M M 8 13 25 330
16 85 74 80 -1 0 15 0.01 0.0 0 15.1 21 320 M M 5 29 330
17 78 70 74 -7 0 9 0.00 0.0 0 12.5 18 20 M M 4 27 10
18 81 70 76 -5 0 11 0.00 0.0 0 10.4 18 20 M M 0 25 360
19 85 75 80 -1 0 15 T 0.0 0 10.1 16 70 M M 5 25 40
20 85 74 80 -1 0 15 0.01 0.0 0 5.8 10 70 M M 5 17 50
21 86 76 81 0 0 16 0.00 0.0 0 3.7 10 120 M M 1 17 110
22 86 73 80 0 0 15 0.00 0.0 0 4.5 13 30 M M 0 17 50
23 86 75 81 1 0 16 0.00 0.0 0 8.5 16 90 M M 0 24 100
24 86 77 82 2 0 17 T 0.0 0 11.4 18 90 M M 2 30 100
25 85 75 80 0 0 15 0.04 0.0 0 13.9 22 90 M M 2 1 33 100
26 84 75 80 0 0 15 0.15 0.0 0 12.1 22 70 M M 6 1 34 70
27 85 75 80 0 0 15 0.20 0.0 0 10.7 18 40 M M 4 1 29 60
28 85 76 81 1 0 16 0.00 0.0 0 11.1 18 70 M M 2 30 70
29 86 77 82 3 0 17 T 0.0 0 10.3 18 40 M M 4 1 29 40
30 87 78 83 4 0 18 0.04 0.0 0 6.9 14 30 M M 6 19 30
31 87 77 82 3 0 17 0.00 0.0 0 6.9 14 350 M M 2 22 360
================================================================================
SM 2696 2404 0 545 4.19 0.0 277.1 M 91
================================================================================
AV 87.0 77.5 8.9 FASTST M M 3 MAX(MPH)
MISC ----> 25 170 39 160
================================================================================
NOTES:
# LAST OF SEVERAL OCCURRENCES
COLUMN 17 PEAK WIND IN M.P.H.
PRELIMINARY LOCAL CLIMATOLOGICAL DATA (WS FORM: F-6) , PAGE 2
STATION: KEY WEST
MONTH: OCTOBER
YEAR: 2023
LATITUDE: 24 32 N
LONGITUDE: 81 45 W
[TEMPERATURE DATA] [PRECIPITATION DATA] SYMBOLS USED IN COLUMN 16
AVERAGE MONTHLY: 82.3 TOTAL FOR MONTH: 4.19 1 = FOG OR MIST
DPTR FM NORMAL: 1.0 DPTR FM NORMAL: -1.48 2 = FOG REDUCING VISIBILITY
HIGHEST: 91 ON 1 GRTST 24HR 2.41 ON 14-15 TO 1/4 MILE OR LESS
LOWEST: 70 ON 18,17 3 = THUNDER
SNOW, ICE PELLETS, HAIL 4 = ICE PELLETS
TOTAL MONTH: 0.0 INCH 5 = HAIL
GRTST 24HR 0.0 6 = FREEZING RAIN OR DRIZZLE
GRTST DEPTH: 0 7 = DUSTSTORM OR SANDSTORM:
VSBY 1/2 MILE OR LESS
8 = SMOKE OR HAZE
[NO. OF DAYS WITH] [WEATHER - DAYS WITH] 9 = BLOWING SNOW
X = TORNADO
MAX 32 OR BELOW: 0 0.01 INCH OR MORE: 12
MAX 90 OR ABOVE: 6 0.10 INCH OR MORE: 6
MIN 32 OR BELOW: 0 0.50 INCH OR MORE: 3
MIN 0 OR BELOW: 0 1.00 INCH OR MORE: 2
[HDD (BASE 65) ]
TOTAL THIS MO. 0 CLEAR (SCALE 0-3) 20
DPTR FM NORMAL 0 PTCLDY (SCALE 4-7) 10
TOTAL FM JUL 1 0 CLOUDY (SCALE 8-10) 1
DPTR FM NORMAL 0
[CDD (BASE 65) ]
TOTAL THIS MO. 545
DPTR FM NORMAL 40 [PRESSURE DATA]
TOTAL FM JAN 1 5164 HIGHEST SLP M ON M
DPTR FM NORMAL 650 LOWEST SLP 29.77 ON 12
[REMARKS]
#FINAL-10-23#
CORRECTED ALIGNMENT OF SNOW, ICE PELLETS, HAIL TABLE
CORRECTED SKY COVER TABLE
NB