000
CXAK56 PAFG 180948
CF6FAI
PRELIMINARY LOCAL CLIMATOLOGICAL DATA (WS FORM: F-6)
STATION: FAIRBANKS AK
MONTH: APRIL
YEAR: 2022
LATITUDE: 64 49 N
LONGITUDE: 147 52 W
TEMPERATURE IN F: :PCPN: SNOW: WIND :SUNSHINE: SKY :PK WND
================================================================================
1 2 3 4 5 6A 6B 7 8 9 10 11 12 13 14 15 16 17 18
12Z AVG MX 2MIN
DY MAX MIN AVG DEP HDD CDD WTR SNW DPTH SPD SPD DIR MIN PSBL S-S WX SPD DR
================================================================================
1 25 -6 10 -11 55 0 0.00 0.0 31 11.6 22 20 M M 3 24 20
2 23 12 18 -4 47 0 T 0.3 31 8.1 15 360 M M 9 1 17 350
3 23 3 13 -10 52 0 T T 30 5.1 12 360 M M 7 14 360
4 20 -2 9 -15 56 0 T T 30 2.4 10 190 M M 7 12 190
5 29 -2 14 -11 51 0 0.02 0.2 30 1.7 12 210 M M 7 1 15 200
6 45 1 23 -3 42 0 0.00 0.0 30 2.9 16 190 M M 7 21 200
7 46 8 27 0 38 0 0.00 0.0 30 2.5 24 250 M M 6 30 250
8 25 7 16 -12 49 0 T T 29 12.1 23 250 M M 8 1 33 250
9 20 -11 5 -24 60 0 0.00 0.0 29 3.2 10 110 M M 3 13 100
10 28 2 15 -15 50 0 T T 29 1.8 6 80 M M 9 1 7 100
11 41 5 23 -7 42 0 0.00 0.0 29 4.5 12 60 M M 3 16 70
12 45 15 30 -1 35 0 0.00 0.0 29 6.5 14 60 M M 2 17 70
13 46 13 30 -2 35 0 0.00 0.0 28 0.7 9 50 M M 6 9 50
14 50 13 32 -1 33 0 0.00 0.0 28 4.2 17 20 M M 2 22 350
15 36 23 30 -4 35 0 0.00 0.0 27 13.9 22 50 M M 4 28 50
16 35 19 27 -8 38 0 0.00 0.0 27 11.2 17 50 M M 3 26 350
17 41 9 25 -11 40 0 0.00 0.0 27 7.7 16 70 M M 1 20 70
18 43 11 27 -9 38 0 0.00 0.0 26 8.1 13 80 M M 0 16 70
19 45 20 33 -4 32 0 0.00 0.0 25 7.6 17 90 M M 0 22 70
20 47 20 34 -4 31 0 0.00 0.0 25 2.0 8 170 M M 2 10 210
21 51 16 34 -4 31 0 0.00 0.0 25 2.3 8 20 M M 1 9 110
22 56 22 39 0 26 0 0.00 0.0 23 3.1 9 80 M M 6 11 70
23 56 25 41 1 24 0 0.00 0.0 21 1.5 7 250 M M 7 8 250
24 52 25 39 -1 26 0 0.00 0.0 21 2.4 8 200 M M 5 10 190
25 54 31 43 2 22 0 0.00 0.0 17 1.9 7 180 M M 8 10 340
26 53 30 42 0 23 0 T 0.0 15 4.5 14 260 M M 8 17 270
27 55 35 45 3 20 0 T 0.0 11 5.3 14 70 M M 5 17 70
28 55 33 44 1 21 0 0.00 0.0 9 4.2 10 340 M M 5 12 330
29 59 32 46 2 19 0 0.00 0.0 6 1.9 22 140 M M 3 26 150
30 54 30 42 -2 23 0 0.00 0.0 5 4.9 15 120 M M 5 19 130
================================================================================
SM 1258 439 1094 0 0.02 0.5 149.8 M 142
================================================================================
AV 41.9 14.6 5.0 FASTST M M 5 MAX(MPH)
MISC ----> 24 250 33 250
================================================================================
NOTES:
# LAST OF SEVERAL OCCURRENCES
COLUMN 17 PEAK WIND IN M.P.H.
PRELIMINARY LOCAL CLIMATOLOGICAL DATA (WS FORM: F-6) , PAGE 2
STATION: FAIRBANKS AK
MONTH: APRIL
YEAR: 2022
LATITUDE: 64 49 N
LONGITUDE: 147 52 W
[TEMPERATURE DATA] [PRECIPITATION DATA] SYMBOLS USED IN COLUMN 16
AVERAGE MONTHLY: 28.3 TOTAL FOR MONTH: 0.02 1 = FOG OR MIST
DPTR FM NORMAL: -5.4 DPTR FM NORMAL: -0.32 2 = FOG REDUCING VISIBILITY
HIGHEST: 59 ON 29 GRTST 24HR 0.02 ON 5- 5 TO 1/4 MILE OR LESS
LOWEST: -11 ON 9 3 = THUNDER
SNOW, ICE PELLETS, HAIL 4 = ICE PELLETS
TOTAL MONTH: 0.5 INCH 5 = HAIL
GRTST 24HR 0.3 ON 2- 2 6 = FREEZING RAIN OR DRIZZLE
GRTST DEPTH: 31 ON 2, 1 7 = DUSTSTORM OR SANDSTORM:
VSBY 1/2 MILE OR LESS
8 = SMOKE OR HAZE
[NO. OF DAYS WITH] [WEATHER - DAYS WITH] 9 = BLOWING SNOW
X = TORNADO
MAX 32 OR BELOW: 8 0.01 INCH OR MORE: 1
MAX 90 OR ABOVE: 0 0.10 INCH OR MORE: 0
MIN 32 OR BELOW: 28 0.50 INCH OR MORE: 0
MIN 0 OR BELOW: 4 1.00 INCH OR MORE: 0
[HDD (BASE 65) ]
TOTAL THIS MO. 1094 CLEAR (SCALE 0-3) 10
DPTR FM NORMAL 154 PTCLDY (SCALE 4-7) 18
TOTAL FM JUL 1 12652 CLOUDY (SCALE 8-10) 2
DPTR FM NORMAL -166
[CDD (BASE 65) ]
TOTAL THIS MO. 0
DPTR FM NORMAL 0 [PRESSURE DATA]
TOTAL FM JAN 1 0 HIGHEST SLP 30.79 ON 10
DPTR FM NORMAL 0 LOWEST SLP 29.15 ON 3
[REMARKS]
#FINAL-04-22#