000
CXAK59 PAFG 051215
CLMFAI
CLIMATE REPORT
NATIONAL WEATHER SERVICE FAIRBANKS AK
315 AM AKST TUE DEC 05 2023
...................................
...THE FAIRBANKS AK CLIMATE SUMMARY FOR THE MONTH OF NOVEMBER 2023...
CLIMATE NORMAL PERIOD 1991 TO 2020
CLIMATE RECORD PERIOD 1904 TO 2023
WEATHER OBSERVED NORMAL DEPART LAST YEAR`S
VALUE DATE(S) VALUE FROM VALUE DATE(S)
NORMAL
................................................................
TEMPERATURE (F)
RECORD
HIGH 54 11/25/1936
LOW -54 11/29/1909
HIGHEST 39 11/09 34 5 37 11/13
LOWEST -10 11/18 -28 18 -26 11/29
AVG. MAXIMUM 23.2 12.3 10.9 16.8
AVG. MINIMUM 8.2 -4.1 12.3 1.5
MEAN 15.7 4.1 11.6 9.1
DAYS MAX >= 90 0 0.0 0.0 0
DAYS MAX <= 32 28 27.9 0.1 28
DAYS MIN <= 32 30 30.0 0.0 30
DAYS MIN <= 0 5 18.2 -13.2 10
PRECIPITATION (INCHES)
RECORD
MAXIMUM 4.65 1906
MINIMUM T
TOTALS 0.57 0.74 -0.17 0.64
DAILY AVG. 0.02 0.02 -0.00 0.02
DAYS >= .01 9 9.5 -0.5 11
DAYS >= .10 1 2.4 -1.4 1
DAYS >= .50 0 0.1 -0.1 0
DAYS >= 1.00 0 0.0 0.0 0
GREATEST
24 HR. TOTAL 0.32 11/13 TO 11/14 0.19
SNOWFALL (INCHES)
RECORDS
TOTAL 54.0 1970
24 HR TOTAL 14.6 11/20/1970 TO 11/20/1970
SNOW DEPTH 42 11/29/1970
TOTALS 11.0 12.5 -1.5 9.8
SINCE 7/1 25.9 23.0 2.9 MM
SNOWDEPTH AVG. 10 6
DAYS >= TRACE 21 11.2 9.8 18
DAYS >= 1.0 5 4.4 0.6 3
GREATEST
SNOW DEPTH 14 11/20 10
24 HR TOTAL MM MM
DEGREE DAYS
HEATING TOTAL 1469 1827 -358 1666
SINCE 7/1 3399 3959 -560 MM
COOLING TOTAL 0 0 0 0
SINCE 1/1 140 68 72 MM
................................................................
WIND (MPH)
AVERAGE WIND SPEED 3.4
HIGHEST WIND SPEED/DIRECTION 20/020 DATE 11/03
HIGHEST GUST SPEED/DIRECTION 40/007 DATE 11/13
SKY COVER
AVERAGE SKY COVER 0.77
NUMBER OF DAYS FAIR 2
WEATHER CONDITIONS. NUMBER OF DAYS WITH
THUNDERSTORM 0 MIXED PRECIP 0
HEAVY RAIN 0 RAIN 0
LIGHT RAIN 0 FREEZING RAIN 0
LT FREEZING RAIN 0 HAIL 0
HEAVY SNOW 0 SNOW 0
LIGHT SNOW 20 SLEET 0
FOG 17 FOG W/VIS <= 1/4 MILE 1
HAZE 4
- INDICATES NEGATIVE NUMBERS.
R INDICATES RECORD WAS SET OR TIED.
MM INDICATES DATA IS MISSING.
T INDICATES TRACE AMOUNT.
$$