000
CXUS53 KFGF 010815
CF6FAR
PRELIMINARY LOCAL CLIMATOLOGICAL DATA (WS FORM: F-6)
STATION: FARGO HECTOR INTL AP ND
MONTH: APRIL
YEAR: 2021
LATITUDE: 46 54 N
LONGITUDE: 96 48 W
TEMPERATURE IN F: :PCPN: SNOW: WIND :SUNSHINE: SKY :PK WND
================================================================================
1 2 3 4 5 6A 6B 7 8 9 10 11 12 13 14 15 16 17 18
12Z AVG MX 2MIN
DY MAX MIN AVG DEP HDD CDD WTR SNW DPTH SPD SPD DIR MIN PSBL S-S WX SPD DR
================================================================================
1 53 17 35 -1 30 0 0.00 0.0 0 17.5 29 150 M M 0 43 140
2 67 37 52 15 13 0 0.00 0.0 0 17.9 31 170 M M 0 45 140
3 72 23 48 10 17 0 0.00 0.0 0 9.3 23 150 M M 0 31 140
4 71 35 53 15 12 0 0.00 0.0 0 8.9 21 170 M M 0 27 170
5 72 43 58 19 7 0 0.00 0.0 0 12.9 28 360 M M 0 8 36 360
6 56 30 43 4 22 0 0.06 0.0 0 12.3 23 30 M M 3 30 40
7 50 43 47 7 18 0 0.30 0.0 0 16.1 26 30 M M 10 1 39 20
8 44 40 42 2 23 0 0.73 0.0 0 14.5 21 360 M M 10 1 26 360
9 52 37 45 4 20 0 0.12 0.0 0 15.2 29 340 M M 7 1 36 330
10 58 30 44 3 21 0 0.00 0.0 0 5.7 15 340 M M 0 20 340
11 59 30 45 3 20 0 0.00 0.0 0 6.0 15 30 M M 3 1 20 20
12 42 27 35 -7 30 0 0.06 0.3 0 16.9 25 310 M M 10 1 33 320
13 31 25 28 -15 37 0 0.17 1.3 T 18.4 24 290 M M 10 12 30 290
14 35 28 32 -12 33 0 0.01 0.2 1 18.7 24 340 M M 10 16 32 340
15 42 30 36 -8 29 0 0.00 0.0 0 10.4 16 340 M M 9 20 340
16 54 34 44 -1 21 0 T 0.0 0 12.9 26 340 M M 10 32 340
17 60 30 45 0 20 0 0.00 0.0 0 8.1 17 300 M M 2 24 340
18 53 27 40 -6 25 0 0.04 0.2 0 20.0 35 340 M M 7 1 44 340
19 41 22 32 -14 33 0 T T 0 17.5 30 340 M M 6 38 340
20 38 17 28 -19 37 0 0.00 0.0 0 10.6 25 360 M M 5 33 330
21 56 18 37 -10 28 0 T T 0 9.9 21 290 M M 7 26 290
22 65 30 48 0 17 0 0.00 0.0 0 14.8 26 230 M M 1 36 220
23 46 28 37 -11 28 0 0.01 0.0 0 15.1 24 360 M M 9 1 30 10
24 48 18 33 -16 32 0 0.00 0.0 0 9.2 18 10 M M 1 35 20
25 44 33 39 -10 26 0 0.11 T 0 14.1 29 150 M M 8 1 40 130
26 52 35 44 -6 21 0 0.01 0.0 0 7.8 15 120 M M 8 22 130
27 65 37 51 1 14 0 0.00 0.0 0 6.9 15 30 M M 5 20 30
28 73 40 57 6 8 0 0.02 0.0 0 9.0 26 290 M M 3 36 290
29 70 31 51 0 14 0 T 0.0 0 14.7 32 320 M M 2 45 320
30 63 34 49 -2 16 0 0.00 0.0 0 12.1 25 160 M M 5 38 150
================================================================================
SM 1632 909 672 0 1.64 2.0 383.4 M 151
================================================================================
AV 54.4 30.3 12.8 FASTST M M 5 MAX(MPH)
MISC ----> 35 340 # 45 140
================================================================================
NOTES:
# LAST OF SEVERAL OCCURRENCES
COLUMN 17 PEAK WIND IN M.P.H.
PRELIMINARY LOCAL CLIMATOLOGICAL DATA (WS FORM: F-6) , PAGE 2
STATION: FARGO HECTOR INTL AP ND
MONTH: APRIL
YEAR: 2021
LATITUDE: 46 54 N
LONGITUDE: 96 48 W
[TEMPERATURE DATA] [PRECIPITATION DATA] SYMBOLS USED IN COLUMN 16
AVERAGE MONTHLY: 42.4 TOTAL FOR MONTH: 1.64 1 = FOG OR MIST
DPTR FM NORMAL: -1.9 DPTR FM NORMAL: 0.28 2 = FOG REDUCING VISIBILITY
HIGHEST: 73 ON 28 GRTST 24HR 0.78 ON 8- 9 TO 1/4 MILE OR LESS
LOWEST: 17 ON 20, 1 3 = THUNDER
SNOW, ICE PELLETS, HAIL 4 = ICE PELLETS
TOTAL MONTH: 2.0 INCHES 5 = HAIL
GRTST 24HR 1.3 ON 13-13 6 = FREEZING RAIN OR DRIZZLE
GRTST DEPTH: 1 ON 14 7 = DUSTSTORM OR SANDSTORM:
VSBY 1/2 MILE OR LESS
8 = SMOKE OR HAZE
[NO. OF DAYS WITH] [WEATHER - DAYS WITH] 9 = BLOWING SNOW
X = TORNADO
MAX 32 OR BELOW: 1 0.01 INCH OR MORE: 12
MAX 90 OR ABOVE: 0 0.10 INCH OR MORE: 5
MIN 32 OR BELOW: 18 0.50 INCH OR MORE: 1
MIN 0 OR BELOW: 0 1.00 INCH OR MORE: 0
[HDD (BASE 65) ]
TOTAL THIS MO. 672 CLEAR (SCALE 0-3) 12
DPTR FM NORMAL 46 PTCLDY (SCALE 4-7) 10
TOTAL FM JUL 1 7889 CLOUDY (SCALE 8-10) 8
DPTR FM NORMAL -567
[CDD (BASE 65) ]
TOTAL THIS MO. 0
DPTR FM NORMAL -3 [PRESSURE DATA]
TOTAL FM JAN 1 0 HIGHEST SLP M ON M
DPTR FM NORMAL -3 LOWEST SLP 29.55 ON 8
[REMARKS]
#FINAL-04-21#