000
CXUS56 KHNX 021643
CLMFAT
CLIMATE REPORT
NATIONAL WEATHER SERVICE
943 AM PDT SUN JUL 02 2023
...................................
...THE FRESNO CA CLIMATE SUMMARY FOR THE MONTH OF JUNE 2023...
CLIMATE NORMAL PERIOD 1991 TO 2020
CLIMATE RECORD PERIOD 1887 TO 2023
WEATHER OBSERVED NORMAL DEPART LAST YEAR`S
VALUE DATE(S) VALUE FROM VALUE DATE(S)
NORMAL
................................................................
TEMPERATURE (F)
RECORD
HIGH 112 06/25/1925
06/30/1891
LOW 42 06/14/1907
HIGHEST 104 06/30 MM 107 06/25
06/26
06/27
LOWEST 55 06/20 MM 55 06/18
MEAN 75.1 77.6 -2.5 81.3
DAYS MAX >= 90 10 20.0 -10.0 25
DAYS MIN <= 32 0 0.0 0.0 0
PRECIPITATION (INCHES)
RECORD
MAXIMUM 1.93 1998
MINIMUM 0.00 2021
TOTALS T 0.24 -0.24
DAYS >= .01 0 0.7 -0.7 0
DAYS >= .10 0 0.4 -0.4 0
DAYS >= .50 0 0.2 -0.2 0
DAYS >= 1.00 0 0.1 -0.1 0
SNOWFALL (INCHES)
RECORDS
TOTAL T 1995
TOTALS 0.0 0.0
DEGREE DAYS
HEATING TOTAL 0 3 -3 0
SINCE 7/1 2378 2184 194 MM
COOLING TOTAL 309 382 -73 494
SINCE 1/1 619 627 -8 MM
................................................................
WIND (MPH)
AVERAGE WIND SPEED 8.1
HIGHEST WIND SPEED/DIRECTION 23/300 DATE 06/18
HIGHEST GUST SPEED/DIRECTION 27/310 DATE 06/18
AVERAGE RH (PERCENT) 47
WEATHER CONDITIONS. NUMBER OF DAYS WITH
THUNDERSTORM 1 RAIN 0
HAIL 0 FOG 0
FOG W/VIS <= 1/4 MILE 0 HAZE 2
- INDICATES NEGATIVE NUMBERS.
R INDICATES RECORD WAS SET OR TIED.
MM INDICATES DATA IS MISSING.
T INDICATES TRACE AMOUNT.
$$