000
CXUS52 KRAH 010945
CF6FAY
PRELIMINARY LOCAL CLIMATOLOGICAL DATA (WS FORM: F-6)
STATION: FAYETTEVILLE NC
MONTH: JANUARY
YEAR: 2024
LATITUDE: 35 0 N
LONGITUDE: 78 53 W
TEMPERATURE IN F: :PCPN: SNOW: WIND :SUNSHINE: SKY :PK WND
================================================================================
1 2 3 4 5 6A 6B 7 8 9 10 11 12 13 14 15 16 17 18
12Z AVG MX 2MIN
DY MAX MIN AVG DEP HDD CDD WTR SNW DPTH SPD SPD DIR MIN PSBL S-S WX SPD DR
================================================================================
1 55 38 47 3 18 0 0.00 M M 8.0 17 340 M M 2 25 340
2 52 30 41 -3 24 0 0.00 M M 7.2 17 340 M M 0 24 10
3 54 26 40 -4 25 0 T M M 5.4 14 220 M M 1 19 210
4 53 35 44 0 21 0 T M M 9.0 23 360 M M 1 32 10
5 48 27 38 -6 27 0 0.00 M M 4.5 14 20 M M 1 16 30
6 67 35 51 7 14 0 0.58 0.0 0 9.3 26 150 M M 9 1 39 130
7 59 43 51 7 14 0 0.00 M M 10.3 23 250 M M 4 30 250
8 51 32 42 -2 23 0 0.00 M M 6.8 15 20 M M 1 20 90
9 69 41 55 11 10 0 1.74 M M 15.9 41 210 M M 9 1 62 220
10 54 35 45 1 20 0 0.00 M M 14.2 36 250 M M 2 50 260
11 58 33 46 2 19 0 0.00 M M 5.5 13 250 M M 0 16 250
12 69 29 49 5 16 0 0.41 M M 10.8 26 150 M M 4 13 41 150
13 69 37 53 9 12 0 T M M 15.0 31 250 M M 2 44 250
14 59 32 46 2 19 0 0.00 M M 9.7 26 220 M M 0 36 210
15 62 39 51 7 14 0 0.00 M M 3.5 14 190 M M 2 20 230
16 49 30 40 -4 25 0 0.04 M M 8.3 21 360 M M 7 12 28 360
17 40 21 31 -13 34 0 0.00 M M 5.7 16 340 M M 0 21 350
18 55 21 38 -6 27 0 0.00 M M 5.0 15 190 M M 2 21 190
19 57 33 45 1 20 0 0.00 M M 11.8 29 300 M M 4 39 300
20 37 25 31 -13 34 0 0.00 M M 11.0 21 340 M M 0 33 350
21 42 18 30 -14 35 0 0.00 M M 5.1 20 350 M M 0 8 29 360
22 50 19 35 -9 30 0 0.00 M M 2.3 9 220 M M 0 18 14 170
23 56 31 44 0 21 0 T M M 3.4 8 10 M M 8 10 20
24 73 49 61 17 4 0 0.01 M M 7.9 20 170 M M 7 18 26 150
25 71 64 68 24 0 3 0.09 M M 7.1 12 190 M M 10 1 16 170
26 80 60 70 26 0 5 T M M 8.1 16 240 M M 5 25 190
27 74 56 65 21 0 0 0.04 M M 5.6 15 160 M M 5 1 23 170
28 70 49 60 16 5 0 T M M 15.9 33 230 M M 6 45 230
29 61 41 51 6 14 0 0.00 M M 9.8 22 330 M M 1 28 330
30 56 32 44 -1 21 0 0.00 M M 6.0 12 150 M M 1 15 130
31 49 38 44 -1 21 0 0.14 M M 7.0 14 350 M M 8 1 20 350
================================================================================
SM 1799 1099 567 8 3.05 0.0 255.1 M 102
================================================================================
AV 58.0 35.5 8.2 FASTST M M 3 MAX(MPH)
MISC ----> 41 210 62 220
================================================================================
NOTES:
# LAST OF SEVERAL OCCURRENCES
COLUMN 17 PEAK WIND IN M.P.H.
PRELIMINARY LOCAL CLIMATOLOGICAL DATA (WS FORM: F-6) , PAGE 2
STATION: FAYETTEVILLE NC
MONTH: JANUARY
YEAR: 2024
LATITUDE: 35 0 N
LONGITUDE: 78 53 W
[TEMPERATURE DATA] [PRECIPITATION DATA] SYMBOLS USED IN COLUMN 16
AVERAGE MONTHLY: 46.7 TOTAL FOR MONTH: 3.05 1 = FOG OR MIST
DPTR FM NORMAL: 2.7 DPTR FM NORMAL: -0.10 2 = FOG REDUCING VISIBILITY
HIGHEST: 80 ON 26 GRTST 24HR 2.53 ON 9-10 TO 1/4 MILE OR LESS
LOWEST: 18 ON 21 3 = THUNDER
SNOW, ICE PELLETS, HAIL 4 = ICE PELLETS
TOTAL MONTH: 0.0 INCH 5 = HAIL
GRTST 24HR 0.0 6 = FREEZING RAIN OR DRIZZLE
GRTST DEPTH: 0 7 = DUSTSTORM OR SANDSTORM:
VSBY 1/2 MILE OR LESS
8 = SMOKE OR HAZE
[NO. OF DAYS WITH] [WEATHER - DAYS WITH] 9 = BLOWING SNOW
X = TORNADO
MAX 32 OR BELOW: 0 0.01 INCH OR MORE: 8
MAX 90 OR ABOVE: 0 0.10 INCH OR MORE: 4
MIN 32 OR BELOW: 14 0.50 INCH OR MORE: 2
MIN 0 OR BELOW: 0 1.00 INCH OR MORE: 1
[HDD (BASE 65) ]
TOTAL THIS MO. 567 CLEAR (SCALE 0-3) 18
DPTR FM NORMAL -85 PTCLDY (SCALE 4-7) 9
TOTAL FM JUL 1 1448 CLOUDY (SCALE 8-10) 4
DPTR FM NORMAL -250
[CDD (BASE 65) ]
TOTAL THIS MO. 8
DPTR FM NORMAL 6 [PRESSURE DATA]
TOTAL FM JAN 1 8 HIGHEST SLP 30.68 ON 22
DPTR FM NORMAL 6 LOWEST SLP 29.30 ON 9
[REMARKS]
#FINAL-01-24#